000
CXUS54 KAMA 011551
CLMBGD
CLIMATE REPORT
NATIONAL WEATHER SERVICE AMARILLO
951 AM CST MON JAN 01 2024
...................................
...THE BORGER CLIMATE SUMMARY FOR THE MONTH OF DECEMBER 2023...
CLIMATE NORMAL PERIOD: 1991 TO 2020
CLIMATE RECORD PERIOD: 1949 TO 2023
WEATHER OBSERVED NORMAL DEPART LAST YEAR`S
VALUE DATE(S) VALUE FROM VALUE DATE(S)
NORMAL
................................................................
TEMPERATURE (F)
HIGHEST 77 12/07 76 12/02
12/05
LOWEST 24 12/26 0 12/22
AVG. MAXIMUM 57.8 52.2 5.6 55.2
AVG. MINIMUM 34.2 28.4 5.8 28.8
MEAN 46.0 40.3 5.7 42.0
DAYS MAX >= 90 0 0.0 0.0 0
DAYS MAX <= 32 0 2.8 -2.8 2
DAYS MIN <= 32 15 22.1 -7.1 20
DAYS MIN <= 0 0 0.1 -0.1 1
PRECIPITATION (INCHES)
TOTALS 3.01 0.71 2.30 0.05
DAILY AVG. 0.10 0.02 0.08 0.00
DAYS >= .01 4 3.4 0.6 1
DAYS >= .10 3 1.5 1.5 0
DAYS >= .50 2 0.3 1.7 0
DAYS >= 1.00 2 0.0 2.0 0
GREATEST
24 HR. TOTAL 1.82 12/13 TO 12/14
SNOWFALL (INCHES)
TOTALS MM MM MM MM
SINCE 7/1 MM MM MM MM
DAYS >= TRACE 0 MM MM 0
DAYS >= 1.0 0 MM MM 0
GREATEST
SNOW DEPTH MM
24 HR TOTAL MM
DEGREE DAYS
HEATING TOTAL 582 766 -184 705
SINCE 7/1 1122 1442 -320 MM
COOLING TOTAL 0 0 0 0
SINCE 1/1 2421 2049 372 MM
................................................................
WIND (MPH)
AVERAGE WIND SPEED 9.1
HIGHEST WIND SPEED/DIRECTION 30/340 DATE 12/24
HIGHEST GUST SPEED/DIRECTION 45/310 DATE 12/24
SKY COVER
POSSIBLE SUNSHINE (PERCENT) MM
NUMBER OF DAYS FAIR 23
NUMBER OF DAYS PC 5
NUMBER OF DAYS CLOUDY 3
AVERAGE RH (PERCENT) 55
WEATHER CONDITIONS. NUMBER OF DAYS WITH
THUNDERSTORM 2 MIXED PRECIP 0
HEAVY RAIN 1 RAIN 3
LIGHT RAIN 5 FREEZING RAIN 0
LT FREEZING RAIN 0 HEAVY SNOW 0
SNOW 0 LIGHT SNOW 1
SLEET 0 FOG 7
FOG W/VIS <= 1/4 MILE 1 HAZE 1
- INDICATES NEGATIVE NUMBERS.
R INDICATES RECORD WAS SET OR TIED.
MM INDICATES DATA IS MISSING.
T INDICATES TRACE AMOUNT.
$$