000
CXUS51 KCAR 010700
CF6BGR
PRELIMINARY LOCAL CLIMATOLOGICAL DATA (WS FORM: F-6)
STATION: BANGOR ME
MONTH: MAY
YEAR: 2023
LATITUDE: 44 47 N
LONGITUDE: 68 49 W
TEMPERATURE IN F: :PCPN: SNOW: WIND :SUNSHINE: SKY :PK WND
================================================================================
1 2 3 4 5 6A 6B 7 8 9 10 11 12 13 14 15 16 17 18
12Z AVG MX 2MIN
DY MAX MIN AVG DEP HDD CDD WTR SNW DPTH SPD SPD DIR MIN PSBL S-S WX SPD DR
================================================================================
1 62 44 53 4 12 0 1.12 0.0 0 16.4 33 120 M M 7 1 53 130
2 60 43 52 2 13 0 T 0.0 0 10.4 22 100 M M 7 30 120
3 50 41 46 -4 19 0 0.14 0.0 0 11.0 20 60 M M 10 1 27 60
4 52 39 46 -4 19 0 0.04 0.0 0 12.1 24 20 M M 10 1 32 20
5 66 43 55 4 10 0 T 0.0 0 10.7 21 350 M M 5 26 10
6 77 39 58 7 7 0 0.00 0.0 0 7.0 22 310 M M 4 32 320
7 76 44 60 8 5 0 0.00 0.0 0 5.8 20 300 M M 6 29 320
8 65 43 54 2 11 0 0.00 0.0 0 12.7 31 330 M M 4 42 330
9 61 33 47 -5 18 0 0.00 0.0 0 8.8 21 340 M M 2 29 320
10 72 34 53 0 12 0 0.00 0.0 0 7.5 18 320 M M 2 28 320
11 80 47 64 11 1 0 0.00 0.0 0 5.3 17 320 M M 3 23 290
12 78 45 62 9 3 0 0.00 0.0 M 4.4 15 180 M M 7 20 200
13 68 38 53 -1 12 0 0.02 0.0 0 11.7 32 330 M M 4 45 330
14 64 39 52 -2 13 0 0.00 0.0 0 12.4 29 320 M M 1 40 320
15 71 37 54 0 11 0 0.00 0.0 0 8.3 18 280 M M 7 32 290
16 64 44 54 -1 11 0 0.02 0.0 0 7.5 20 10 M M 9 26 10
17 51 34 43 -12 22 0 T 0.0 0 13.6 33 320 M M 6 46 320
18 61 32 47 -8 18 0 0.00 0.0 0 8.1 22 320 M M 0 33 310
19 64 37 51 -5 14 0 0.00 0.0 0 12.6 24 170 M M 3 35 170
20 67 50 59 3 6 0 0.70 0.0 0 11.3 21 170 M M 9 1 29 160
21 72 53 63 7 2 0 0.58 0.0 0 10.6 29 180 M M 6 1 43 200
22 66 41 54 -2 11 0 0.00 0.0 0 8.7 20 10 M M 2 27 10
23 67 37 52 -5 13 0 0.00 0.0 0 7.8 23 190 M M 1 1 31 170
24 62 42 52 -5 13 0 0.30 0.0 0 7.7 17 190 M M 6 1 24 180
25 62 41 52 -5 13 0 0.03 0.0 0 12.4 25 360 M M 6 1 33 340
26 63 43 53 -5 12 0 T 0.0 0 7.9 20 330 M M 7 25 350
27 80 40 60 2 5 0 0.00 0.0 0 4.9 20 330 M M 2 8 26 310
28 91 50 71 13 0 6 0.00 0.0 M 9.2 23 360 M M 2 33 360
29 70 46 58 0 7 0 0.00 0.0 0 10.4 21 30 M M 2 29 20
30 74 42 58 -1 7 0 0.00 0.0 0 9.3 20 180 M M 3 28 180
31 82 49 66 7 0 1 0.00 0.0 0 8.6 16 180 M M 2 23 190
================================================================================
SM 2098 1290 320 7 2.95 0.0 295.1 M 145
================================================================================
AV 67.7 41.6 9.5 FASTST M M 5 MAX(MPH)
MISC ----> # 33 120 53 130
================================================================================
NOTES:
# LAST OF SEVERAL OCCURRENCES
COLUMN 17 PEAK WIND IN M.P.H.
PRELIMINARY LOCAL CLIMATOLOGICAL DATA (WS FORM: F-6) , PAGE 2
STATION: BANGOR ME
MONTH: MAY
YEAR: 2023
LATITUDE: 44 47 N
LONGITUDE: 68 49 W
[TEMPERATURE DATA] [PRECIPITATION DATA] SYMBOLS USED IN COLUMN 16
AVERAGE MONTHLY: 54.6 TOTAL FOR MONTH: 2.95 1 = FOG OR MIST
DPTR FM NORMAL: 0.1 DPTR FM NORMAL: -0.39 2 = FOG REDUCING VISIBILITY
HIGHEST: 91 ON 28 GRTST 24HR 1.37 ON 30- 1 TO 1/4 MILE OR LESS
LOWEST: 32 ON 18 3 = THUNDER
SNOW, ICE PELLETS, HAIL 4 = ICE PELLETS
TOTAL MONTH: 0.0 INCH 5 = HAIL
GRTST 24HR 0.0 6 = FREEZING RAIN OR DRIZZLE
GRTST DEPTH: 0 7 = DUSTSTORM OR SANDSTORM:
VSBY 1/2 MILE OR LESS
8 = SMOKE OR HAZE
[NO. OF DAYS WITH] [WEATHER - DAYS WITH] 9 = BLOWING SNOW
X = TORNADO
MAX 32 OR BELOW: 0 0.01 INCH OR MORE: 9
MAX 90 OR ABOVE: 1 0.10 INCH OR MORE: 5
MIN 32 OR BELOW: 1 0.50 INCH OR MORE: 3
MIN 0 OR BELOW: 0 1.00 INCH OR MORE: 1
[HDD (BASE 65) ]
TOTAL THIS MO. 320 CLEAR (SCALE 0-3) 13
DPTR FM NORMAL -13 PTCLDY (SCALE 4-7) 14
TOTAL FM JUL 1 6601 CLOUDY (SCALE 8-10) 4
DPTR FM NORMAL -926
[CDD (BASE 65) ]
TOTAL THIS MO. 7
DPTR FM NORMAL 0 [PRESSURE DATA]
TOTAL FM JAN 1 7 HIGHEST SLP 30.40 ON 23
DPTR FM NORMAL 0 LOWEST SLP 29.23 ON 1
[REMARKS]
#FINAL-05-23#