000
CXUS54 KBMX 011010
CF6BHM
PRELIMINARY LOCAL CLIMATOLOGICAL DATA (WS FORM: F-6)
STATION: BIRMINGHAM
MONTH: SEPTEMBER
YEAR: 2022
LATITUDE: 33 34 N
LONGITUDE: 86 45 W
TEMPERATURE IN F: :PCPN: SNOW: WIND :SUNSHINE: SKY :PK WND
================================================================================
1 2 3 4 5 6A 6B 7 8 9 10 11 12 13 14 15 16 17 18
12Z AVG MX 2MIN
DY MAX MIN AVG DEP HDD CDD WTR SNW DPTH SPD SPD DIR MIN PSBL S-S WX SPD DR
================================================================================
1 91 65 78 -1 0 13 0.00 0.0 0 2.3 8 350 M M 1 M M
2 89 71 80 1 0 15 0.00 0.0 0 4.9 10 150 M M 7 17 150
3 87 74 81 2 0 16 0.00 0.0 0 5.0 14 180 M M 8 17 140
4 82 71 77 -2 0 12 1.55 0.0 0 3.5 17 150 M M 9 13 24 150
5 84 71 78 0 0 13 0.39 0.0 0 3.2 7 280 M M 9 1 M M
6 85 69 77 -1 0 12 0.03 0.0 0 3.0 17 360 M M 8 13 21 310
7 85 67 76 -2 0 11 T 0.0 0 4.2 16 340 M M 5 21 350
8 86 64 75 -3 0 10 0.09 0.0 0 4.5 13 10 M M 5 19 70
9 82 69 76 -2 0 11 0.06 0.0 0 8.5 15 90 M M 9 1 23 90
10 82 68 75 -2 0 10 0.01 0.0 0 5.5 13 80 M M 8 1 18 80
11 87 71 79 2 0 14 T 0.0 0 6.2 15 310 M M 7 3 20 250
12 81 58 70 -7 0 5 0.00 0.0 0 5.1 14 300 M M 4 1 18 300
13 82 53 68 -8 0 3 0.00 0.0 0 3.0 14 330 M M 1 18 330
14 85 58 72 -4 0 7 0.00 0.0 0 4.0 14 10 M M 1 20 70
15 85 62 74 -2 0 9 0.00 0.0 0 3.7 12 110 M M 2 16 100
16 84 63 74 -2 0 9 0.00 0.0 0 3.6 13 90 M M 2 16 90
17 86 66 76 1 0 11 0.00 0.0 0 3.9 12 140 M M 3 17 150
18 86 65 76 1 0 11 0.00 0.0 0 2.2 9 130 M M 3 12 110
19 89 62 76 1 0 11 0.00 0.0 0 2.7 13 360 M M 1 18 360
20 94 66 80 6 0 15 0.00 0.0 0 2.9 14 340 M M 1 8 17 320
21 95 70 83 9 0 18 0.00 0.0 0 2.9 12 50 M M 1 17 30
22 96 67 82 8 0 17 0.00 0.0 0 6.9 21 340 M M 1 30 320
23 82 57 70 -4 0 5 0.00 0.0 0 3.9 13 60 M M 0 17 60
24 87 57 72 -1 0 7 0.00 0.0 0 3.4 12 190 M M 0 13 180
25 84 68 76 3 0 11 0.03 0.0 0 4.1 17 330 M M 6 1 21 310
26 83 55 69 -4 0 4 0.00 0.0 0 4.9 18 330 M M 1 24 320
27 77 47 62 -10 3 0 0.00 0.0 0 5.8 21 340 M M 0 28 330
28 75 52 64 -8 1 0 0.00 0.0 0 10.3 22 10 M M 0 8 29 30
29 75 46 61 -11 4 0 0.00 0.0 0 7.4 21 360 M M 0 8 26 10
30 80 49 65 -6 0 0 0.00 0.0 0 5.5 17 360 M M 1 8 24 360
================================================================================
SM 2546 1881 8 280 2.16 0.0 137.0 M 104
================================================================================
AV 84.9 62.7 4.6 FASTST M M 3 MAX(MPH)
MISC ----> 22 10 30 320
================================================================================
NOTES:
# LAST OF SEVERAL OCCURRENCES
COLUMN 17 PEAK WIND IN M.P.H.
PRELIMINARY LOCAL CLIMATOLOGICAL DATA (WS FORM: F-6) , PAGE 2
STATION: BIRMINGHAM
MONTH: SEPTEMBER
YEAR: 2022
LATITUDE: 33 34 N
LONGITUDE: 86 45 W
[TEMPERATURE DATA] [PRECIPITATION DATA] SYMBOLS USED IN COLUMN 16
AVERAGE MONTHLY: 73.8 TOTAL FOR MONTH: 2.16 1 = FOG OR MIST
DPTR FM NORMAL: -1.8 DPTR FM NORMAL: -1.84 2 = FOG REDUCING VISIBILITY
HIGHEST: 96 ON 22 GRTST 24HR 1.55 ON 4- 4 TO 1/4 MILE OR LESS
LOWEST: 46 ON 29 3 = THUNDER
SNOW, ICE PELLETS, HAIL 4 = ICE PELLETS
TOTAL MONTH: 0.0 INCH 5 = HAIL
GRTST 24HR 0.0 6 = FREEZING RAIN OR DRIZZLE
GRTST DEPTH: 0 7 = DUSTSTORM OR SANDSTORM:
VSBY 1/2 MILE OR LESS
8 = SMOKE OR HAZE
[NO. OF DAYS WITH] [WEATHER - DAYS WITH] 9 = BLOWING SNOW
X = TORNADO
MAX 32 OR BELOW: 0 0.01 INCH OR MORE: 7
MAX 90 OR ABOVE: 4 0.10 INCH OR MORE: 2
MIN 32 OR BELOW: 0 0.50 INCH OR MORE: 1
MIN 0 OR BELOW: 0 1.00 INCH OR MORE: 1
[HDD (BASE 65) ]
TOTAL THIS MO. 8 CLEAR (SCALE 0-3) 18
DPTR FM NORMAL 2 PTCLDY (SCALE 4-7) 9
TOTAL FM JUL 1 8 CLOUDY (SCALE 8-10) 3
DPTR FM NORMAL 5
[CDD (BASE 65) ]
TOTAL THIS MO. 280
DPTR FM NORMAL -44 [PRESSURE DATA]
TOTAL FM JAN 1 2253 HIGHEST SLP 30.26 ON 28
DPTR FM NORMAL 197 LOWEST SLP 29.75 ON 8
[REMARKS]
#FINAL-09-22#