908
CXUS54 KBMX 011110
CF6BHM
PRELIMINARY LOCAL CLIMATOLOGICAL DATA (WS FORM: F-6)
STATION: BIRMINGHAM
MONTH: JUNE
YEAR: 2020
LATITUDE: 33 34 N
LONGITUDE: 86 45 W
TEMPERATURE IN F: :PCPN: SNOW: WIND :SUNSHINE: SKY :PK WND
================================================================================
1 2 3 4 5 6A 6B 7 8 9 10 11 12 13 14 15 16 17 18
12Z AVG MX 2MIN
DY MAX MIN AVG DEP HDD CDD WTR SNW DPTH SPD SPD DIR MIN PSBL S-S WX SPD DR
================================================================================
1 88 58 73 -2 0 8 0.00 0.0 0 5.8 14 130 M M 5 18 140
2 89 73 81 6 0 16 0.00 0.0 0 7.5 13 210 M M 6 16 170
3 89 72 81 6 0 16 0.35 0.0 0 5.8 33 320 M M 7 138 48 310
4 88 69 79 4 0 14 0.00 0.0 0 5.7 15 200 M M 6 20 210
5 89 70 80 4 0 15 0.40 0.0 0 5.4 29 350 M M 6 13 39 340
6 89 69 79 3 0 14 0.00 0.0 0 3.9 10 100 M M 7 15 130
7 88 71 80 4 0 15 0.00 0.0 0 7.9 16 110 M M 7 22 100
8 86 76 81 5 0 16 0.15 0.0 0 10.9 21 130 M M 8 13 32 130
9 87 76 82 6 0 17 0.10 0.0 0 10.8 23 190 M M 9 138 34 210
10 91 69 80 3 0 15 0.04 0.0 0 12.7 23 220 M M 6 1 32 210
11 83 63 73 -4 0 8 0.00 0.0 0 6.7 16 350 M M 1 22 340
12 86 59 73 -4 0 8 0.00 0.0 0 7.1 21 20 M M 1 26 10
13 89 63 76 -1 0 11 0.00 0.0 0 4.6 13 40 M M 2 16 30
14 90 66 78 0 0 13 0.00 0.0 0 5.1 16 350 M M 2 18 350
15 87 63 75 -3 0 10 0.00 0.0 0 5.9 18 10 M M 2 23 340
16 83 63 73 -5 0 8 0.00 0.0 0 5.7 14 50 M M 3 19 70
17 81 65 73 -5 0 8 0.00 0.0 0 4.6 14 10 M M 6 16 50
18 87 61 74 -4 0 9 T 0.0 0 2.1 12 40 M M 4 14 30
19 90 65 78 0 0 13 0.00 0.0 0 2.0 10 40 M M 4 14 160
20 94 69 82 3 0 17 0.00 0.0 0 3.0 12 200 M M 4 18 170
21 91 71 81 2 0 16 0.81 0.0 0 4.7 33 240 M M 6 13 43 260
22 90 69 80 1 0 15 0.45 0.0 0 4.9 31 250 M M 7 13 42 250
23 88 70 79 0 0 14 0.92 0.0 0 9.2 25 300 M M 9 138 42 300
24 78 69 74 -5 0 9 0.57 0.0 0 3.8 14 180 M M 9 18 18 260
25 86 69 78 -2 0 13 0.25 0.0 0 6.0 32 250 M M 9 138 39 250
26 79 67 73 -7 0 8 T 0.0 0 5.1 23 260 M M 9 8 32 250
27 87 70 79 -1 0 14 T 0.0 0 7.3 17 250 M M 8 38 22 240
28 91 76 84 4 0 19 0.00 0.0 0 8.6 16 210 M M 6 8 19 210
29 94 75 85 5 0 20 T 0.0 0 5.9 20 130 M M 6 3 26 120
30 92 73 83 3 0 18 T 0.0 0 5.1 25 350 M M 7 3 32 360
================================================================================
SM 2630 2049 0 397 4.04 0.0 183.8 M 172
================================================================================
AV 87.7 68.3 6.1 FASTST M M 6 MAX(MPH)
MISC ----> # 33 320 # 48 310
================================================================================
NOTES:
# LAST OF SEVERAL OCCURRENCES
COLUMN 17 PEAK WIND IN M.P.H.
PRELIMINARY LOCAL CLIMATOLOGICAL DATA (WS FORM: F-6) , PAGE 2
STATION: BIRMINGHAM
MONTH: JUNE
YEAR: 2020
LATITUDE: 33 34 N
LONGITUDE: 86 45 W
[TEMPERATURE DATA] [PRECIPITATION DATA] SYMBOLS USED IN COLUMN 16
AVERAGE MONTHLY: 78.0 TOTAL FOR MONTH: 4.04 1 = FOG OR MIST
DPTR FM NORMAL: 0.3 DPTR FM NORMAL: -0.34 2 = FOG REDUCING VISIBILITY
HIGHEST: 94 ON 29,20 GRTST 24HR 0.92 ON 23-23 TO 1/4 MILE OR LESS
LOWEST: 58 ON 1 3 = THUNDER
SNOW, ICE PELLETS, HAIL 4 = ICE PELLETS
TOTAL MONTH: 0.0 INCH 5 = HAIL
GRTST 24HR 0.0 6 = FREEZING RAIN OR DRIZZLE
GRTST DEPTH: 0 7 = DUSTSTORM OR SANDSTORM:
VSBY 1/2 MILE OR LESS
8 = SMOKE OR HAZE
[NO. OF DAYS WITH] [WEATHER - DAYS WITH] 9 = BLOWING SNOW
X = TORNADO
MAX 32 OR BELOW: 0 0.01 INCH OR MORE: 10
MAX 90 OR ABOVE: 9 0.10 INCH OR MORE: 9
MIN 32 OR BELOW: 0 0.50 INCH OR MORE: 3
MIN 0 OR BELOW: 0 1.00 INCH OR MORE: 0
[HDD (BASE 65) ]
TOTAL THIS MO. 0 CLEAR (SCALE 0-3) 6
DPTR FM NORMAL -1 PTCLDY (SCALE 4-7) 18
TOTAL FM JUL 1 2122 CLOUDY (SCALE 8-10) 6
DPTR FM NORMAL -555
[CDD (BASE 65) ]
TOTAL THIS MO. 397
DPTR FM NORMAL 15 [PRESSURE DATA]
TOTAL FM JAN 1 706 HIGHEST SLP 30.26 ON 26
DPTR FM NORMAL 42 LOWEST SLP 29.78 ON 8
[REMARKS]
#FINAL-06-20#