000
CXUS55 KVEF 112214
CF6BIH
PRELIMINARY LOCAL CLIMATOLOGICAL DATA (WS FORM: F-6)
STATION: BISHOP CA
MONTH: MARCH
YEAR: 2021
LATITUDE: 37 22 N
LONGITUDE: 118 22 W
TEMPERATURE IN F: :PCPN: SNOW: WIND :SUNSHINE: SKY :PK WND
================================================================================
1 2 3 4 5 6A 6B 7 8 9 10 11 12 13 14 15 16 17 18
12Z AVG MX 2MIN
DY MAX MIN AVG DEP HDD CDD WTR SNW DPTH SPD SPD DIR MIN PSBL S-S WX SPD DR
================================================================================
1 60 15 38 -7 27 0 0.00 0.0 0 10.1 23 160 M M 0 30 150
2 63 22 43 -3 22 0 0.00 0.0 0 7.7 22 180 M M 0 26 160
3 58 20 39 -7 26 0 0.00 0.0 0 5.8 16 160 M M 3 24 140
4 66 23 45 -1 20 0 0.00 0.0 0 6.2 18 170 M M 0 22 170
5 69 24 47 1 18 0 0.00 0.0 0 14.0 30 160 M M 0 37 170
6 73 35 54 8 11 0 0.00 0.0 0 8.6 30 160 M M 0 36 160
7 71 26 49 2 16 0 0.00 0.0 0 9.9 25 160 M M 0 32 150
8 70 28 49 2 16 0 0.00 0.0 0 11.5 33 280 M M 0 8 48 290
9 56 22 39 -8 26 0 0.00 0.0 0 8.5 24 250 M M 1 31 220
10 52 23 38 -9 27 0 0.00 0.0 0 9.5 25 160 M M 3 33 150
11 44 25 35 -13 30 0 0.01 0.1 0 6.0 20 150 M M 8 12 25 160
12 52 27 40 -8 25 0 T 0.0 0 8.8 28 10 M M 7 12 36 360
13 63 25 44 -4 21 0 0.00 0.0 0 13.0 25 10 M M 0 33 350
14 66 26 46 -2 19 0 0.00 0.0 0 7.5 18 150 M M 0 30 160
15 56 34 45 -3 20 0 0.00 0.0 0 17.5 30 360 M M 6 8 48 270
16 64 32 48 0 17 0 0.00 0.0 0 13.0 20 10 M M 2 31 20
17 63 23 43 -6 22 0 0.00 0.0 0 9.7 24 170 M M 0 32 170
18 69 33 51 2 14 0 0.00 0.0 0 10.2 23 150 M M 3 30 150
19 73 34 54 5 11 0 0.00 0.0 0 8.9 25 360 M M 4 32 360
20 61 36 49 0 16 0 0.00 0.0 0 12.1 32 350 M M 2 39 360
21 59 26 43 -6 22 0 0.00 0.0 0 10.3 22 350 M M 0 27 350
22 64 24 44 -6 21 0 0.00 0.0 0 8.6 30 350 M M 4 40 360
23 51 33 42 -8 23 0 0.00 0.0 0 20.2 36 340 M M 2 45 340
24 61 25 43 -7 22 0 0.00 0.0 0 8.1 17 10 M M 1 23 10
25 67 30 49 -1 16 0 0.00 0.0 0 13.2 32 360 M M 3 40 360
26 63 32 48 -2 17 0 0.00 0.0 0 13.0 24 330 M M 1 32 320
27 73 30 52 2 13 0 0.00 0.0 0 7.1 15 280 M M 0 21 320
28 76 27 52 2 13 0 0.00 0.0 0 6.3 14 330 M M 0 22 200
29 81 25 53 2 12 0 0.00 0.0 0 10.6 32 350 M M 0 44 350
30 70 41 56 5 9 0 0.00 0.0 0 13.4 32 340 M M 0 42 340
31 75 25 50 -1 15 0 0.00 0.0 0 8.9 20 150 M M 0 26 140
================================================================================
SM 1989 851 587 0 0.01 0.1 318.2 M 50
================================================================================
AV 64.2 27.5 10.3 FASTST M M 2 MAX(MPH)
MISC ----> 36 340 48 270
================================================================================
NOTES:
# LAST OF SEVERAL OCCURRENCES
COLUMN 17 PEAK WIND IN M.P.H.
PRELIMINARY LOCAL CLIMATOLOGICAL DATA (WS FORM: F-6) , PAGE 2
STATION: BISHOP CA
MONTH: MARCH
YEAR: 2021
LATITUDE: 37 22 N
LONGITUDE: 118 22 W
[TEMPERATURE DATA] [PRECIPITATION DATA] SYMBOLS USED IN COLUMN 16
AVERAGE MONTHLY: 45.8 TOTAL FOR MONTH: 0.01 1 = FOG OR MIST
DPTR FM NORMAL: -2.5 DPTR FM NORMAL: -0.52 2 = FOG REDUCING VISIBILITY
HIGHEST: 81 ON 29 GRTST 24HR 0.01 ON 11-11 TO 1/4 MILE OR LESS
LOWEST: 15 ON 1 3 = THUNDER
SNOW, ICE PELLETS, HAIL 4 = ICE PELLETS
TOTAL MONTH: 0.1 INCH 5 = HAIL
GRTST 24HR 0.1 ON 11-11 6 = FREEZING RAIN OR DRIZZLE
GRTST DEPTH: 0 7 = DUSTSTORM OR SANDSTORM:
VSBY 1/2 MILE OR LESS
8 = SMOKE OR HAZE
[NO. OF DAYS WITH] [WEATHER - DAYS WITH] 9 = BLOWING SNOW
X = TORNADO
MAX 32 OR BELOW: 0 0.01 INCH OR MORE: 1
MAX 90 OR ABOVE: 0 0.10 INCH OR MORE: 0
MIN 32 OR BELOW: 24 0.50 INCH OR MORE: 0
MIN 0 OR BELOW: 0 1.00 INCH OR MORE: 0
[HDD (BASE 65) ]
TOTAL THIS MO. 587 CLEAR (SCALE 0-3) 25
DPTR FM NORMAL 71 PTCLDY (SCALE 4-7) 6
TOTAL FM JUL 1 3376 CLOUDY (SCALE 8-10) 0
DPTR FM NORMAL -347
[CDD (BASE 65) ]
TOTAL THIS MO. 0
DPTR FM NORMAL 0 [PRESSURE DATA]
TOTAL FM JAN 1 0 HIGHEST SLP 30.33 ON 31
DPTR FM NORMAL 0 LOWEST SLP 29.42 ON 25
[REMARKS]
#FINAL-03-21#