000
CXUS55 KVEF 011139
CF6BIH
PRELIMINARY LOCAL CLIMATOLOGICAL DATA (WS FORM: F-6)
STATION: BISHOP CA
MONTH: JANUARY
YEAR: 2021
LATITUDE: 37 22 N
LONGITUDE: 118 22 W
TEMPERATURE IN F: :PCPN: SNOW: WIND :SUNSHINE: SKY :PK WND
================================================================================
1 2 3 4 5 6A 6B 7 8 9 10 11 12 13 14 15 16 17 18
12Z AVG MX 2MIN
DY MAX MIN AVG DEP HDD CDD WTR SNW DPTH SPD SPD DIR MIN PSBL S-S WX SPD DR
================================================================================
1 55 18 37 0 28 0 0.00 0.0 0 6.5 13 150 M M 0 17 150
2 51 19 35 -3 30 0 0.00 0.0 0 4.7 10 170 M M 0 13 170
3 56 25 41 3 24 0 0.00 0.0 0 3.5 9 290 M M 1 13 170
4 60 26 43 5 22 0 0.00 0.0 0 6.1 29 250 M M 1 39 240
5 62 20 41 3 24 0 0.00 0.0 0 4.4 14 270 M M 0 16 280
6 59 21 40 2 25 0 0.00 0.0 0 5.0 10 340 M M 0 13 140
7 60 19 40 2 25 0 0.00 0.0 0 5.1 12 320 M M 0 13 320
8 60 23 42 4 23 0 0.00 0.0 0 6.0 14 280 M M 0 19 280
9 57 24 41 3 24 0 0.00 0.0 0 13.4 32 340 M M 0 42 340
10 55 16 36 -2 29 0 0.00 0.0 0 5.2 10 290 M M 0 12 310
11 59 17 38 0 27 0 0.00 0.0 0 4.7 12 160 M M 0 14 180
12 52 19 36 -2 29 0 0.00 0.0 0 4.4 10 330 M M 1 11 340
13 64 23 44 6 21 0 0.00 0.0 0 4.5 13 270 M M 0 14 270
14 76 30 53 15 12 0 0.00 0.0 0 8.5 18 350 M M 0 23 360
15 71 25 48 10 17 0 0.00 0.0 0 4.7 12 290 M M 0 12 310
16 72 40 56 18 9 0 0.00 0.0 0 7.0 16 350 M M 0 22 330
17 75 35 55 17 10 0 0.00 0.0 0 7.8 18 350 M M 0 26 350
18 63 36 50 11 15 0 0.00 0.0 0 17.0 30 350 M M 0 40 360
19 49 20 35 -4 30 0 0.00 0.0 0 4.5 16 90 M M 1 22 340
20 57 21 39 0 26 0 0.00 0.0 0 5.8 10 360 M M 2 12 310
21 58 18 38 -1 27 0 0.00 0.0 0 5.0 10 300 M M 0 14 190
22 57 17 37 -2 28 0 0.00 0.0 0 9.1 22 220 M M 1 29 20
23 50 12 31 -8 34 0 0.00 0.0 0 6.4 21 360 M M 4 26 360
24 50 16 33 -6 32 0 0.00 0.0 0 6.9 20 160 M M 2 24 160
25 44 21 33 -6 32 0 T 0.0 0 12.4 26 330 M M 6 33 330
26 47 22 35 -4 30 0 0.00 0.0 0 13.1 29 170 M M 2 37 150
27 35 29 32 -7 33 0 1.08 9.3 9 27.9 35 160 M M 9 128 45 160
28 45 34 40 1 25 0 0.01 T 9 24.9 37 150 M M 9 1 45 160
29 46 23 35 -5 30 0 T 0.0 3 8.3 28 160 M M 4 36 160
30 49 20 35 -5 30 0 0.00 0.0 2 4.6 10 270 M M 1 13 280
31 50 20 35 -5 30 0 0.00 0.0 M 4.6 9 300 M M 0 11 200
================================================================================
SM 1744 709 781 0 1.09 9.3 252.0 M 44
================================================================================
AV 56.3 22.9 8.1 FASTST M M 1 MAX(MPH)
MISC ----> 37 150 45 160
================================================================================
NOTES:
# LAST OF SEVERAL OCCURRENCES
COLUMN 17 PEAK WIND IN M.P.H.
PRELIMINARY LOCAL CLIMATOLOGICAL DATA (WS FORM: F-6) , PAGE 2
STATION: BISHOP CA
MONTH: JANUARY
YEAR: 2021
LATITUDE: 37 22 N
LONGITUDE: 118 22 W
[TEMPERATURE DATA] [PRECIPITATION DATA] SYMBOLS USED IN COLUMN 16
AVERAGE MONTHLY: 39.6 TOTAL FOR MONTH: 1.09 1 = FOG OR MIST
DPTR FM NORMAL: 1.1 DPTR FM NORMAL: 0.04 2 = FOG REDUCING VISIBILITY
HIGHEST: 76 ON 14 GRTST 24HR 1.08 ON 27-27 TO 1/4 MILE OR LESS
LOWEST: 12 ON 23 3 = THUNDER
SNOW, ICE PELLETS, HAIL 4 = ICE PELLETS
TOTAL MONTH: 9.3 INCHES 5 = HAIL
GRTST 24HR 9.3 ON 27-27 6 = FREEZING RAIN OR DRIZZLE
GRTST DEPTH: 9 ON 28,27 7 = DUSTSTORM OR SANDSTORM:
VSBY 1/2 MILE OR LESS
8 = SMOKE OR HAZE
[NO. OF DAYS WITH] [WEATHER - DAYS WITH] 9 = BLOWING SNOW
X = TORNADO
MAX 32 OR BELOW: 0 0.01 INCH OR MORE: 2
MAX 90 OR ABOVE: 0 0.10 INCH OR MORE: 1
MIN 32 OR BELOW: 27 0.50 INCH OR MORE: 1
MIN 0 OR BELOW: 0 1.00 INCH OR MORE: 1
[HDD (BASE 65) ]
TOTAL THIS MO. 781 CLEAR (SCALE 0-3) 26
DPTR FM NORMAL -41 PTCLDY (SCALE 4-7) 3
TOTAL FM JUL 1 2221 CLOUDY (SCALE 8-10) 2
DPTR FM NORMAL -347
[CDD (BASE 65) ]
TOTAL THIS MO. 0
DPTR FM NORMAL 0 [PRESSURE DATA]
TOTAL FM JAN 1 0 HIGHEST SLP 30.47 ON 13
DPTR FM NORMAL 0 LOWEST SLP 29.46 ON 25
[REMARKS]
#FINAL-01-21#