000
CXUS55 KBYZ 011000
CF6BIL
PRELIMINARY LOCAL CLIMATOLOGICAL DATA (WS FORM: F-6)
STATION: BILLINGS MT
MONTH: JUNE
YEAR: 2021
LATITUDE: 45 47 N
LONGITUDE: 108 32 W
TEMPERATURE IN F: :PCPN: SNOW: WIND :SUNSHINE: SKY :PK WND
================================================================================
1 2 3 4 5 6A 6B 7 8 9 10 11 12 13 14 15 16 17 18
12Z AVG MX 2MIN
DY MAX MIN AVG DEP HDD CDD WTR SNW DPTH SPD SPD DIR MIN PSBL S-S WX SPD DR
================================================================================
1 82 55 69 8 0 4 0.00 0.0 0 8.1 16 330 M M 5 23 20
2 88 56 72 11 0 7 0.00 0.0 0 7.0 13 230 M M 2 16 230
3 98 60 79 18 0 14 0.00 0.0 0 10.0 22 320 M M 2 8 26 310
4 98 67 83 22 0 18 0.04 0.0 0 11.3 38 340 M M 5 38 46 350
5 95 58 77 15 0 12 0.00 0.0 0 11.3 31 330 M M 5 3 37 330
6 76 54 65 3 0 0 0.03 0.0 0 8.4 21 10 M M 4 3 26 10
7 79 50 65 3 0 0 0.00 0.0 0 11.1 22 40 M M 2 29 40
8 82 58 70 8 0 5 T 0.0 0 9.3 33 210 M M 6 42 210
9 93 52 73 10 0 8 0.00 0.0 0 9.1 22 110 M M 2 27 110
10 89 52 71 8 0 6 0.08 T 0 14.2 41 330 M M 5 35 55 330
11 77 51 64 1 1 0 0.00 0.0 0 14.0 29 280 M M 3 41 260
12 90 48 69 5 0 4 0.00 0.0 0 6.9 21 30 M M 2 26 20
13 92 57 75 11 0 10 0.00 0.0 0 8.5 17 110 M M 1 23 120
14 103 60 82 18 0 17 0.00 0.0 0 7.7 22 110 M M 2 28 110
15 105 66 86 22 0 21 0.00 0.0 0 8.7 24 260 M M 4 29 260
16 87 63 75 10 0 10 0.00 0.0 0 9.8 21 340 M M 0 28 340
17 89 57 73 8 0 8 0.00 0.0 0 8.3 20 360 M M 1 24 350
18 85 57 71 6 0 6 0.00 0.0 0 8.7 16 60 M M 1 21 60
19 92 56 74 8 0 9 T 0.0 0 13.2 30 360 M M 5 39 340
20 71 56 64 -2 1 0 0.02 0.0 0 8.8 23 10 M M 8 26 10
21 81 52 67 1 0 2 0.00 0.0 0 7.1 13 250 M M 4 16 230
22 97 56 77 11 0 12 0.00 0.0 0 11.9 24 290 M M 2 34 290
23 94 67 81 14 0 16 T 0.0 0 9.6 32 10 M M 7 3 41 360
24 90 60 75 8 0 10 0.10 0.0 0 10.6 31 20 M M 6 3 40 20
25 79 56 68 0 0 3 T 0.0 0 6.7 16 20 M M 6 26 310
26 83 59 71 3 0 6 0.02 0.0 0 13.0 30 20 M M 7 39 360
27 89 64 77 9 0 12 T 0.0 0 12.4 26 20 M M 6 35 20
28 86 59 73 5 0 8 0.00 0.0 0 5.7 14 60 M M 2 19 70
29 92 58 75 6 0 10 0.00 0.0 0 6.2 16 50 M M 1 21 50
30 96 61 79 10 0 14 0.00 0.0 0 7.6 17 100 M M 0 21 90
================================================================================
SM 2658 1725 2 252 0.29 T 285.2 M 106
================================================================================
AV 88.6 57.5 9.5 FASTST M M 4 MAX(MPH)
MISC ----> 41 330 55 330
================================================================================
NOTES:
# LAST OF SEVERAL OCCURRENCES
COLUMN 17 PEAK WIND IN M.P.H.
PRELIMINARY LOCAL CLIMATOLOGICAL DATA (WS FORM: F-6) , PAGE 2
STATION: BILLINGS MT
MONTH: JUNE
YEAR: 2021
LATITUDE: 45 47 N
LONGITUDE: 108 32 W
[TEMPERATURE DATA] [PRECIPITATION DATA] SYMBOLS USED IN COLUMN 16
AVERAGE MONTHLY: 73.1 TOTAL FOR MONTH: 0.29 1 = FOG OR MIST
DPTR FM NORMAL: 8.4 DPTR FM NORMAL: -1.93 2 = FOG REDUCING VISIBILITY
HIGHEST: 105 ON 15 GRTST 24HR 0.10 ON 24-24 TO 1/4 MILE OR LESS
LOWEST: 48 ON 12 3 = THUNDER
SNOW, ICE PELLETS, HAIL 4 = ICE PELLETS
TOTAL MONTH: T 5 = HAIL
GRTST 24HR T ON 10-10 6 = FREEZING RAIN OR DRIZZLE
GRTST DEPTH: 0 7 = DUSTSTORM OR SANDSTORM:
VSBY 1/2 MILE OR LESS
8 = SMOKE OR HAZE
[NO. OF DAYS WITH] [WEATHER - DAYS WITH] 9 = BLOWING SNOW
X = TORNADO
MAX 32 OR BELOW: 0 0.01 INCH OR MORE: 6
MAX 90 OR ABOVE: 14 0.10 INCH OR MORE: 1
MIN 32 OR BELOW: 0 0.50 INCH OR MORE: 0
MIN 0 OR BELOW: 0 1.00 INCH OR MORE: 0
[HDD (BASE 65) ]
TOTAL THIS MO. 2 CLEAR (SCALE 0-3) 14
DPTR FM NORMAL -88 PTCLDY (SCALE 4-7) 16
TOTAL FM JUL 1 6503 CLOUDY (SCALE 8-10) 0
DPTR FM NORMAL -252
[CDD (BASE 65) ]
TOTAL THIS MO. 252
DPTR FM NORMAL 171 [PRESSURE DATA]
TOTAL FM JAN 1 262 HIGHEST SLP 30.17 ON 28
DPTR FM NORMAL 166 LOWEST SLP 29.40 ON 5
[REMARKS]
#FINAL-06-21#