000
CXUS53 KBIS 011322
CLSBIS
CLIMATE REPORT
NATIONAL WEATHER SERVICE BISMARCK, ND
815 AM CDT TUE JUN 01 2021
...................................
...THE BISMARCK ND CLIMATE SUMMARY FOR THE SEASON, FROM
3/1/2021 TO 5/31/2021...
CLIMATE NORMAL PERIOD: 1991 TO 2020
CLIMATE RECORD PERIOD: 1875 TO 2021
WEATHER OBSERVED NORMAL DEPART LAST YEAR`S
VALUE DATE(S) VALUE FROM VALUE DATE(S)
NORMAL
................................................................
TEMPERATURE (F)
RECORD
HIGH 102 05/30/1934
05/28/1934
LOW -36 03/15/1897
HIGHEST 87 05/19 MM MM 85 05/22
05/20
LOWEST 9 03/01 MM MM 8 04/04
04/03
03/20
AVG. MAXIMUM 60.5 55.1 5.4 55.6
AVG. MINIMUM 31.0 30.6 0.4 31.2
MEAN 45.8 42.9 2.9 43.4
DAYS MAX >= 90 0 0.6 -0.6 0
DAYS MAX <= 32 2 10.4 -8.4 9
DAYS MIN <= 32 57 50.1 6.9 54
DAYS MIN <= 0 0 3.1 -3.1 0
PRECIPITATION (INCHES)
RECORD
MAXIMUM MM MM
MINIMUM MM MM
TOTALS 2.03 4.68 -2.65 1.34
DAILY AVG. 0.02 0.05 -0.03 0.02
DAYS >= .01 19 26.0 -7.0 20
DAYS >= .10 8 11.5 -3.5 4
DAYS >= .50 0 2.5 -2.5 0
DAYS >= 1.00 0 0.5 -0.5 0
GREATEST
24 HR. TOTAL 0.40 MM 0.31
STORM TOTAL 0.40 MM
(MM/DD(HH)) MM
SNOWFALL (INCHES)
RECORDS
TOTAL MM MM
TOTALS 3.0 13.5
SINCE 7/1 16.7
DEGREE DAYS
HEATING TOTAL 1770
COOLING TOTAL 25
................................................................
WIND (MPH)
HIGHEST WIND SPEED/DIRECTION 44/290 DATE 03/30
HIGHEST GUST SPEED/DIRECTION 63/290 DATE 03/29
- INDICATES NEGATIVE NUMBERS.
R INDICATES RECORD WAS SET OR TIED.
MM INDICATES DATA IS MISSING.
T INDICATES TRACE AMOUNT.
...................................
$$