000
CXUS56 KBOI 050059
CF6BKE
PRELIMINARY LOCAL CLIMATOLOGICAL DATA (WS FORM: F-6)
STATION: BAKER OR
MONTH: OCTOBER
YEAR: 2021
LATITUDE: 44 50 N
LONGITUDE: 117 49 W
TEMPERATURE IN F: :PCPN: SNOW: WIND :SUNSHINE: SKY :PK WND
================================================================================
1 2 3 4 5 6A 6B 7 8 9 10 11 12 13 14 15 16 17 18
12Z AVG MX 2MIN
DY MAX MIN AVG DEP HDD CDD WTR SNW DPTH SPD SPD DIR MIN PSBL S-S WX SPD DR
================================================================================
1 71 40 56 3 9 0 0.00 M M 5.4 14 330 M M 3 8 18 320
2 77 27 52 -1 13 0 0.00 M M 3.6 15 120 M M 1 12 20 130
3 80 30 55 3 10 0 0.00 M M 3.5 17 110 M M 0 8 26 150
4 75 29 52 0 13 0 0.00 M M 5.2 18 110 M M 0 8 24 120
5 79 39 59 7 6 0 0.00 M M 10.1 25 330 M M 0 36 330
6 54 36 45 -6 20 0 T M M 7.8 17 320 M M 5 25 330
7 61 30 46 -5 19 0 0.00 M M 2.5 9 300 M M 5 11 300
8 54 32 43 -7 22 0 0.04 M M 5.2 16 330 M M 6 18 23 330
9 60 33 47 -3 18 0 0.00 M M 6.7 17 330 M M 0 8 25 320
10 62 36 49 0 16 0 T M M 10.7 26 340 M M 5 36 350
11 49 31 40 -9 25 0 T M M 18.1 30 320 M M 3 41 320
12 51 27 39 -10 26 0 0.00 M M 14.4 30 320 M M 1 40 300
13 49 26 38 -10 27 0 0.00 M M 5.3 23 330 M M 8 31 320
14 54 23 39 -9 26 0 0.00 M M 2.7 13 10 M M 6 16 10
15 63 20 42 -5 23 0 0.00 M M 8.0 23 100 M M 0 1 30 120
16 64 28 46 -1 19 0 0.00 M M 11.5 23 120 M M 0 29 110
17 68 39 54 8 11 0 0.00 M M 10.2 24 110 M M 0 30 140
18 60 30 45 -1 20 0 0.00 M M 11.8 33 330 M M 2 46 340
19 65 20 43 -3 22 0 0.00 M M 7.3 20 110 M M 0 12 29 130
20 62 46 54 9 11 0 T M M 11.1 24 190 M M 7 33 170
21 70 45 58 13 7 0 0.00 M M 13.7 28 100 M M 2 38 120
22 63 34 49 4 16 0 0.59 M M 7.6 30 340 M M 7 1 37 350
23 53 36 45 1 20 0 T M M 7.3 17 150 M M 7 12 21 150
24 52 43 48 4 17 0 0.11 M M 16.6 26 110 M M 8 37 120
25 53 34 44 1 21 0 T M M 7.9 20 170 M M M 29 160
26 52 32 42 -1 23 0 T M M 11.1 22 190 M M 6 28 200
27 55 39 47 4 18 0 T M M 5.1 20 180 M M 9 24 170
28 62 36 49 7 16 0 0.00 M M 8.7 22 110 M M 4 28 110
29 63 36 50 8 15 0 0.03 M M 10.4 20 170 M M 6 1 24 360
30 50 27 39 -3 26 0 0.00 M M 6.7 13 340 M M 0 18 320
31 48 25 37 -4 28 0 T M M 4.2 10 310 M M 5 1 15 280
================================================================================
SM 1879 1009 563 0 0.77 M 260.4 M 106
================================================================================
AV 60.6 32.5 8.4 FASTST M M 4 MAX(MPH)
MISC ----> 33 330 46 340
================================================================================
NOTES:
# LAST OF SEVERAL OCCURRENCES
COLUMN 17 PEAK WIND IN M.P.H.
PRELIMINARY LOCAL CLIMATOLOGICAL DATA (WS FORM: F-6) , PAGE 2
STATION: BAKER OR
MONTH: OCTOBER
YEAR: 2021
LATITUDE: 44 50 N
LONGITUDE: 117 49 W
[TEMPERATURE DATA] [PRECIPITATION DATA] SYMBOLS USED IN COLUMN 16
AVERAGE MONTHLY: 46.6 TOTAL FOR MONTH: 0.77 1 = FOG OR MIST
DPTR FM NORMAL: -0.5 DPTR FM NORMAL: 0.15 2 = FOG REDUCING VISIBILITY
HIGHEST: 80 ON 3 GRTST 24HR 0.59 ON 22-22 TO 1/4 MILE OR LESS
LOWEST: 20 ON 19,15 3 = THUNDER
SNOW, ICE PELLETS, HAIL 4 = ICE PELLETS
TOTAL MONTH: M 5 = HAIL
GRTST 24HR M ON M 6 = FREEZING RAIN OR DRIZZLE
GRTST DEPTH: M ON M 7 = DUSTSTORM OR SANDSTORM:
VSBY 1/2 MILE OR LESS
8 = SMOKE OR HAZE
[NO. OF DAYS WITH] [WEATHER - DAYS WITH] 9 = BLOWING SNOW
X = TORNADO
MAX 32 OR BELOW: 0 0.01 INCH OR MORE: 4
MAX 90 OR ABOVE: 0 0.10 INCH OR MORE: 2
MIN 32 OR BELOW: 16 0.50 INCH OR MORE: 1
MIN 0 OR BELOW: 0 1.00 INCH OR MORE: 0
[HDD (BASE 65) ]
TOTAL THIS MO. 563 CLEAR (SCALE 0-3) 15
DPTR FM NORMAL 6 PTCLDY (SCALE 4-7) 13
TOTAL FM JUL 1 949 CLOUDY (SCALE 8-10) 3
DPTR FM NORMAL 117
[CDD (BASE 65) ]
TOTAL THIS MO. 0
DPTR FM NORMAL 0 [PRESSURE DATA]
TOTAL FM JAN 1 415 HIGHEST SLP 30.37 ON 15
DPTR FM NORMAL 90 LOWEST SLP 29.36 ON 24
[REMARKS]
#FINAL-10-21#