000
CXUS56 KBOI 011002
CF6BKE
PRELIMINARY LOCAL CLIMATOLOGICAL DATA (WS FORM: F-6)
STATION: BAKER OR
MONTH: MAY
YEAR: 2021
LATITUDE: 44 50 N
LONGITUDE: 117 49 W
TEMPERATURE IN F: :PCPN: SNOW: WIND :SUNSHINE: SKY :PK WND
================================================================================
1 2 3 4 5 6A 6B 7 8 9 10 11 12 13 14 15 16 17 18
12Z AVG MX 2MIN
DY MAX MIN AVG DEP HDD CDD WTR SNW DPTH SPD SPD DIR MIN PSBL S-S WX SPD DR
================================================================================
1 65 42 54 4 11 0 0.03 M M 13.0 24 350 M M 4 1 32 320
2 58 34 46 -4 19 0 0.00 M M 14.5 26 340 M M 2 35 340
3 65 31 48 -2 17 0 0.00 M M 8.5 20 340 M M 1 26 350
4 64 35 50 -1 15 0 T M M 8.5 21 360 M M 4 28 10
5 73 27 50 -1 15 0 0.00 M M 5.8 17 110 M M 0 26 160
6 83 33 58 6 7 0 T M M 12.8 30 340 M M 1 41 340
7 58 36 47 -5 18 0 0.00 M M 18.4 29 330 M M 4 39 350
8 57 27 42 -10 23 0 0.00 M M 9.0 24 340 M M 0 31 350
9 58 29 44 -8 21 0 0.00 M M 9.4 22 310 M M 4 30 320
10 63 28 46 -7 19 0 0.00 M M 9.8 23 340 M M 1 8 33 350
11 68 27 48 -5 17 0 0.00 M M 3.4 9 190 M M 0 1 14 270
12 76 32 54 1 11 0 0.00 M M 4.3 14 190 M M 2 21 180
13 75 35 55 1 10 0 0.00 M M 7.3 18 350 M M 0 23 350
14 77 40 59 5 6 0 T M M 8.4 35 280 M M 0 53 280
15 69 43 56 2 9 0 0.00 M M 4.7 16 320 M M 0 M M
16 81 38 60 6 5 0 0.00 M M 6.0 14 330 M M 0 19 330
17 84 37 61 6 4 0 0.00 M M 7.7 23 330 M M 0 35 330
18 61 42 52 -3 13 0 0.00 M M 12.0 23 340 M M 3 29 340
19 53 34 44 -11 21 0 0.00 M M 11.6 25 310 M M 7 32 330
20 53 33 43 -13 22 0 T M M 19.3 29 330 M M 3 39 330
21 52 40 46 -10 19 0 T M M 22.3 32 300 M M 7 44 300
22 53 38 46 -10 19 0 0.14 M M 7.4 18 330 M M 7 1 25 320
23 64 36 50 -6 15 0 T M M 7.7 24 320 M M 5 34 330
24 64 36 50 -6 15 0 0.02 M M 5.7 16 340 M M 5 1 21 360
25 58 36 47 -9 18 0 0.38 M M 4.7 23 310 M M 8 13 29 310
26 69 39 54 -3 11 0 0.00 M M 6.1 16 130 M M 2 23 120
27 75 42 59 2 6 0 T M M 11.5 26 350 M M 2 39 250
28 64 36 50 -7 15 0 0.00 M M 6.2 14 330 M M 0 19 330
29 73 30 52 -5 13 0 0.00 M M 4.0 12 330 M M 0 15 330
30 79 35 57 0 8 0 0.00 M M 6.8 16 330 M M 0 23 310
31 82 38 60 2 5 0 0.00 M M 6.7 15 350 M M 0 22 330
================================================================================
SM 2074 1089 427 0 0.57 M 283.5 M 72
================================================================================
AV 66.9 35.1 9.1 FASTST M M 2 MAX(MPH)
MISC ----> 35 280 53 280
================================================================================
NOTES:
# LAST OF SEVERAL OCCURRENCES
COLUMN 17 PEAK WIND IN M.P.H.
PRELIMINARY LOCAL CLIMATOLOGICAL DATA (WS FORM: F-6) , PAGE 2
STATION: BAKER OR
MONTH: MAY
YEAR: 2021
LATITUDE: 44 50 N
LONGITUDE: 117 49 W
[TEMPERATURE DATA] [PRECIPITATION DATA] SYMBOLS USED IN COLUMN 16
AVERAGE MONTHLY: 51.0 TOTAL FOR MONTH: 0.57 1 = FOG OR MIST
DPTR FM NORMAL: -3.2 DPTR FM NORMAL: -0.89 2 = FOG REDUCING VISIBILITY
HIGHEST: 84 ON 17 GRTST 24HR 0.38 ON 25-25 TO 1/4 MILE OR LESS
LOWEST: 27 ON 11, 8 3 = THUNDER
SNOW, ICE PELLETS, HAIL 4 = ICE PELLETS
TOTAL MONTH: M 5 = HAIL
GRTST 24HR M ON M 6 = FREEZING RAIN OR DRIZZLE
GRTST DEPTH: M ON M 7 = DUSTSTORM OR SANDSTORM:
VSBY 1/2 MILE OR LESS
8 = SMOKE OR HAZE
[NO. OF DAYS WITH] [WEATHER - DAYS WITH] 9 = BLOWING SNOW
X = TORNADO
MAX 32 OR BELOW: 0 0.01 INCH OR MORE: 4
MAX 90 OR ABOVE: 0 0.10 INCH OR MORE: 2
MIN 32 OR BELOW: 8 0.50 INCH OR MORE: 0
MIN 0 OR BELOW: 0 1.00 INCH OR MORE: 0
[HDD (BASE 65) ]
TOTAL THIS MO. 427 CLEAR (SCALE 0-3) 20
DPTR FM NORMAL 87 PTCLDY (SCALE 4-7) 11
TOTAL FM JUL 1 6328 CLOUDY (SCALE 8-10) 0
DPTR FM NORMAL -166
[CDD (BASE 65) ]
TOTAL THIS MO. 0
DPTR FM NORMAL -5 [PRESSURE DATA]
TOTAL FM JAN 1 0 HIGHEST SLP 30.31 ON 8
DPTR FM NORMAL -5 LOWEST SLP 29.72 ON 17
[REMARKS]
#FINAL-05-21#