000
CXUS55 KBOI 011402
CF6BOI
PRELIMINARY LOCAL CLIMATOLOGICAL DATA (WS FORM: F-6)
STATION: BOISE ID
MONTH: MARCH
YEAR: 2024
LATITUDE: 43 34 N
LONGITUDE: 116 13 W
TEMPERATURE IN F: :PCPN: SNOW: WIND :SUNSHINE: SKY :PK WND
================================================================================
1 2 3 4 5 6A 6B 7 8 9 10 11 12 13 14 15 16 17 18
12Z AVG MX 2MIN
DY MAX MIN AVG DEP HDD CDD WTR SNW DPTH SPD SPD DIR MIN PSBL S-S WX SPD DR
================================================================================
1 51 36 44 2 21 0 0.07 T 0 11.0 26 270 M M 9 39 260
2 44 31 38 -4 27 0 0.05 T 0 9.2 30 150 M M 5 13 41 170
3 37 28 33 -9 32 0 0.12 1.5 T 6.1 14 100 M M 4 12 17 120
4 38 23 31 -11 34 0 0.12 2.1 T 9.2 22 120 M M 8 1 30 120
5 36 32 34 -9 31 0 0.48 3.8 3 9.9 23 110 M M 10 1 30 110
6 35 28 32 -11 33 0 T T 1 4.3 12 290 M M 9 1 16 270
7 41 25 33 -10 32 0 0.00 0.0 1 5.4 15 340 M M 6 12 20 350
8 44 24 34 -10 31 0 0.00 0.0 T 9.2 16 150 M M 0 22 140
9 51 27 39 -5 26 0 0.00 0.0 0 13.4 26 140 M M 3 37 150
10 55 35 45 1 20 0 0.00 0.0 0 10.3 22 140 M M 3 30 150
11 57 38 48 4 17 0 0.03 0.0 0 5.5 16 150 M M 6 25 190
12 56 40 48 3 17 0 0.07 0.0 0 8.1 22 300 M M 7 30 300
13 49 32 41 -4 24 0 T T 0 14.7 30 320 M M 5 41 320
14 57 26 42 -3 23 0 0.00 0.0 0 7.0 22 320 M M 0 27 320
15 59 29 44 -1 21 0 0.00 0.0 0 3.2 9 180 M M 0 14 220
16 63 34 49 3 16 0 0.00 0.0 0 4.3 12 300 M M 0 17 270
17 67 39 53 7 12 0 0.00 0.0 0 5.6 12 160 M M 0 15 150
18 70 39 55 9 10 0 0.00 0.0 0 3.7 10 120 M M 0 13 120
19 71 40 56 10 9 0 0.00 0.0 0 5.0 15 130 M M 0 18 130
20 72 41 57 11 8 0 0.00 0.0 0 5.6 14 130 M M 1 19 120
21 63 47 55 9 10 0 0.00 0.0 0 7.2 16 310 M M 3 24 310
22 67 45 56 9 9 0 0.00 0.0 0 10.2 17 120 M M 2 23 110
23 60 38 49 2 16 0 0.41 0.0 0 8.5 24 290 M M 8 1 34 270
24 55 40 48 1 17 0 T 0.0 0 7.6 28 290 M M 7 37 290
25 53 33 43 -4 22 0 0.00 0.0 0 6.2 17 290 M M 5 23 290
26 53 32 43 -4 22 0 0.05 T 0 4.7 24 330 M M 5 32 320
27 57 37 47 0 18 0 0.08 0.0 0 12.4 23 140 M M 8 31 150
28 52 37 45 -3 20 0 0.55 T 0 7.2 23 300 M M 8 13 30 320
29 58 35 47 -1 18 0 0.00 0.0 0 6.4 13 140 M M 3 18 130
30 60 41 51 3 14 0 0.00 0.0 0 5.0 16 300 M M 6 21 300
31 60 35 48 0 17 0 0.00 0.0 0 14.7 32 310 M M 0 43 310
================================================================================
SM 1691 1067 627 0 2.03 7.4 240.8 M 131
================================================================================
AV 54.5 34.4 7.8 FASTST M M 4 MAX(MPH)
MISC ----> 32 310 43 310
================================================================================
NOTES:
# LAST OF SEVERAL OCCURRENCES
COLUMN 17 PEAK WIND IN M.P.H.
PRELIMINARY LOCAL CLIMATOLOGICAL DATA (WS FORM: F-6) , PAGE 2
STATION: BOISE ID
MONTH: MARCH
YEAR: 2024
LATITUDE: 43 34 N
LONGITUDE: 116 13 W
[TEMPERATURE DATA] [PRECIPITATION DATA] SYMBOLS USED IN COLUMN 16
AVERAGE MONTHLY: 44.5 TOTAL FOR MONTH: 2.03 1 = FOG OR MIST
DPTR FM NORMAL: -0.7 DPTR FM NORMAL: 0.70 2 = FOG REDUCING VISIBILITY
HIGHEST: 72 ON 20 GRTST 24HR 0.60 ON 27-28 TO 1/4 MILE OR LESS
LOWEST: 23 ON 4 3 = THUNDER
SNOW, ICE PELLETS, HAIL 4 = ICE PELLETS
TOTAL MONTH: 7.4 INCHES 5 = HAIL
GRTST 24HR 3.8 ON 5- 5 6 = FREEZING RAIN OR DRIZZLE
GRTST DEPTH: 3 ON 5 7 = DUSTSTORM OR SANDSTORM:
VSBY 1/2 MILE OR LESS
8 = SMOKE OR HAZE
[NO. OF DAYS WITH] [WEATHER - DAYS WITH] 9 = BLOWING SNOW
X = TORNADO
MAX 32 OR BELOW: 0 0.01 INCH OR MORE: 11
MAX 90 OR ABOVE: 0 0.10 INCH OR MORE: 5
MIN 32 OR BELOW: 12 0.50 INCH OR MORE: 1
MIN 0 OR BELOW: 0 1.00 INCH OR MORE: 0
[HDD (BASE 65) ]
TOTAL THIS MO. 627 CLEAR (SCALE 0-3) 13
DPTR FM NORMAL 13 PTCLDY (SCALE 4-7) 15
TOTAL FM JUL 1 4137 CLOUDY (SCALE 8-10) 3
DPTR FM NORMAL -496
[CDD (BASE 65) ]
TOTAL THIS MO. 0
DPTR FM NORMAL 0 [PRESSURE DATA]
TOTAL FM JAN 1 0 HIGHEST SLP 30.45 ON 8
DPTR FM NORMAL 0 LOWEST SLP 29.30 ON 2
[REMARKS]
#FINAL-03-24#