587
CXUS54 KMAF 011210
CF6BPG
PRELIMINARY LOCAL CLIMATOLOGICAL DATA (WS FORM: F-6)
STATION: BIG SPRING MCMAHON-WRINKLE FI
MONTH: OCTOBER
YEAR: 2020
LATITUDE: 32 12 N
LONGITUDE: 101 31 W
TEMPERATURE IN F: :PCPN: SNOW: WIND :SUNSHINE: SKY :PK WND
================================================================================
1 2 3 4 5 6A 6B 7 8 9 10 11 12 13 14 15 16 17 18
12Z AVG MX 2MIN
DY MAX MIN AVG DEP HDD CDD WTR SNW DPTH SPD SPD DIR MIN PSBL S-S WX SPD DR
================================================================================
1 82 50 66 M 0 1 M M M 11.9 21 90 M M 0 25 90
2 85 54 70 M 0 5 M M M 12.7 18 200 M M 0 25 180
3 90 62 76 M 0 11 M M M 14.5 23 60 M M 0 28 50
4 81 58 70 M 0 5 M M M 12.5 21 50 M M 0 28 60
5 92 58 75 M 0 10 M M M 13.8 20 140 M M 0 24 220
6 92 62 77 M 0 12 M M M 9.6 16 170 M M 0 18 80
7 91 57 74 M 0 9 M M M 6.8 10 130 M M 0 17 210
8 89 57 73 M 0 8 M M M 9.1 15 130 M M 0 21 180
9 90 58 74 M 0 9 M M M 9.5 15 170 M M 0 20 170
10 98 55 77 M 0 12 M M M 6.6 10 140 M M 0 M M
11 98 60 79 M 0 14 M M M 9.8 18 250 M M 0 24 230
12 79 58 69 M 0 4 M M M 12.7 26 40 M M 1 8 32 40
13 90 48 69 M 0 4 M M M 7.3 16 180 M M 0 18 170
14 99 62 81 M 0 16 M M M 13.0 21 250 M M 0 28 240
15 74 57 66 M 0 1 M M M 16.6 24 30 M M 0 37 30
16 71 46 59 M 6 0 M M M 11.1 18 50 M M 0 26 50
17 89 53 71 M 0 6 M M M 16.7 21 180 M M 0 30 190
18 83 50 67 M 0 2 M M M 11.9 20 50 M M 0 26 40
19 76 44 60 M 5 0 M M M 8.5 14 60 M M 4 8 20 110
20 87 53 70 M 0 5 M M M 13.0 24 190 M M 3 31 190
21 88 65 77 M 0 12 M M M 17.0 24 160 M M 1 30 160
22 88 65 77 M 0 12 M M M 17.1 24 180 M M 0 28 180
23 69 47 58 M 7 0 M M M 15.3 28 20 M M 7 31 20
24 74 39 57 M 8 0 M M M 8.8 14 180 M M 2 20 200
25 86 43 65 M 0 0 M M M 16.0 25 40 M M 2 1 31 40
26 42 27 35 M 30 0 M M M 18.7 25 20 M M 10 1 33 30
27 31 26 29 M 36 0 0.22 M M 13.2 20 20 M M 10 13 25 20
28 47 30 39 M 26 0 0.01 M M 12.3 22 290 M M 8 1 33 290
29 61 40 51 M 14 0 M M M 11.6 25 300 M M 3 31 300
30 69 36 53 M 12 0 M M M 6.0 13 160 M M 0 M M
31 82 44 63 M 2 0 M M M 9.8 21 50 M M 0 21 190
================================================================================
SM 2473 1564 146 158 0.23 M 373.3 M 51
================================================================================
AV 79.8 50.5 12.0 FASTST M M 2 MAX(MPH)
MISC ----> 28 20 37 30
================================================================================
NOTES:
# LAST OF SEVERAL OCCURRENCES
COLUMN 17 PEAK WIND IN M.P.H.
PRELIMINARY LOCAL CLIMATOLOGICAL DATA (WS FORM: F-6) , PAGE 2
STATION: BIG SPRING MCMAHON-WRINKLE FI
MONTH: OCTOBER
YEAR: 2020
LATITUDE: 32 12 N
LONGITUDE: 101 31 W
[TEMPERATURE DATA] [PRECIPITATION DATA] SYMBOLS USED IN COLUMN 16
AVERAGE MONTHLY: 65.1 TOTAL FOR MONTH: 0.23 1 = FOG OR MIST
DPTR FM NORMAL: 0.0 DPTR FM NORMAL: M 2 = FOG REDUCING VISIBILITY
HIGHEST: 99 ON 14 GRTST 24HR 0.22 ON 27-27 TO 1/4 MILE OR LESS
LOWEST: 26 ON 27 3 = THUNDER
SNOW, ICE PELLETS, HAIL 4 = ICE PELLETS
TOTAL MONTH: M 5 = HAIL
GRTST 24HR M ON M 6 = FREEZING RAIN OR DRIZZLE
GRTST DEPTH: M ON M 7 = DUSTSTORM OR SANDSTORM:
VSBY 1/2 MILE OR LESS
8 = SMOKE OR HAZE
[NO. OF DAYS WITH] [WEATHER - DAYS WITH] 9 = BLOWING SNOW
X = TORNADO
MAX 32 OR BELOW: 1 0.01 INCH OR MORE: 2
MAX 90 OR ABOVE: 9 0.10 INCH OR MORE: 1
MIN 32 OR BELOW: 3 0.50 INCH OR MORE: 0
MIN 0 OR BELOW: 0 1.00 INCH OR MORE: 0
[HDD (BASE 65) ]
TOTAL THIS MO. 146 CLEAR (SCALE 0-3) 26
DPTR FM NORMAL M PTCLDY (SCALE 4-7) 2
TOTAL FM JUL 1 183 CLOUDY (SCALE 8-10) 3
DPTR FM NORMAL M
[CDD (BASE 65) ]
TOTAL THIS MO. 158
DPTR FM NORMAL M [PRESSURE DATA]
TOTAL FM JAN 1 2797 HIGHEST SLP M ON M
DPTR FM NORMAL M LOWEST SLP M ON M
[REMARKS]
#FINAL-10-20#