000
CXUS55 KRIW 011010
CF6BPI
PRELIMINARY LOCAL CLIMATOLOGICAL DATA (WS FORM: F-6)
STATION: BIG PINEY WY
MONTH: MAY
YEAR: 2022
LATITUDE: 42 34 N
LONGITUDE: 110 6 W
TEMPERATURE IN F: :PCPN: SNOW: WIND :SUNSHINE: SKY :PK WND
================================================================================
1 2 3 4 5 6A 6B 7 8 9 10 11 12 13 14 15 16 17 18
12Z AVG MX 2MIN
DY MAX MIN AVG DEP HDD CDD WTR SNW DPTH SPD SPD DIR MIN PSBL S-S WX SPD DR
================================================================================
1 61 33 47 7 18 0 0.51 M M 9.1 24 170 M M 6 1 33 140
2 58 35 47 6 18 0 T M M 8.0 21 200 M M 7 28 170
3 43 32 38 -3 27 0 0.03 M M 11.5 21 340 M M 9 12 29 340
4 54 33 44 3 21 0 0.02 M M 5.5 16 260 M M 8 1 23 270
5 66 28 47 5 18 0 0.00 M M 7.0 25 280 M M 0 32 270
6 63 38 51 9 14 0 T M M 10.2 30 270 M M 2 41 280
7 54 29 42 0 23 0 0.02 M M 18.8 41 270 M M 1 1 55 270
8 51 22 37 -6 28 0 0.00 M M 12.8 35 240 M M 5 47 260
9 39 21 30 -13 35 0 T M M 14.5 40 270 M M 5 8 51 260
10 54 21 38 -5 27 0 0.00 M M 8.1 31 240 M M 8 40 240
11 62 24 43 -1 22 0 0.00 M M 11.4 28 350 M M 1 38 350
12 51 34 43 -1 22 0 0.04 M M 15.9 35 300 M M 6 8 45 290
13 54 25 40 -4 25 0 0.00 M M 11.9 32 280 M M 5 46 290
14 63 24 44 -1 21 0 0.00 M M 9.5 31 280 M M 2 39 290
15 73 27 50 5 15 0 0.00 M M 6.1 18 280 M M 0 27 290
16 78 31 55 9 10 0 0.01 M M 10.7 45 300 M M 2 3 59 290
17 69 36 53 7 12 0 0.00 M M 8.2 23 300 M M 1 32 320
18 71 31 51 5 14 0 0.00 M M 9.0 28 280 M M 2 39 290
19 54 23 39 -7 26 0 T M M 18.3 39 290 M M 6 53 280
20 44 20 32 -15 33 0 0.01 M M 9.0 28 90 M M 5 128 34 90
21 50 18 34 -13 31 0 0.00 M M 6.0 20 150 M M 6 12 32 150
22 53 21 37 -10 28 0 0.00 M M 9.2 33 320 M M 4 44 320
23 55 21 38 -10 27 0 T M M 7.4 21 350 M M 3 30 250
24 56 22 39 -9 26 0 T M M 9.0 28 340 M M 3 42 300
25 70 23 47 -1 18 0 0.00 M M 7.2 23 310 M M 1 31 290
26 78 31 55 6 10 0 0.00 M M 6.1 18 290 M M 0 28 280
27 73 42 58 9 7 0 T M M 10.3 30 320 M M 2 39 330
28 57 33 45 -4 20 0 0.05 M M 9.4 24 280 M M 7 1 33 350
29 54 27 41 -9 24 0 0.02 M M 11.0 35 280 M M 6 13 46 270
30 48 26 37 -13 28 0 T M M 7.5 20 20 M M 8 27 30
31 48 32 40 -10 25 0 0.25 M M 4.7 20 130 M M 10 1 26 130
================================================================================
SM 1804 863 673 0 0.96 M 303.3 M 131
================================================================================
AV 58.2 27.8 9.8 FASTST M M 4 MAX(MPH)
MISC ----> 45 300 59 290
================================================================================
NOTES:
# LAST OF SEVERAL OCCURRENCES
COLUMN 17 PEAK WIND IN M.P.H.
PRELIMINARY LOCAL CLIMATOLOGICAL DATA (WS FORM: F-6) , PAGE 2
STATION: BIG PINEY WY
MONTH: MAY
YEAR: 2022
LATITUDE: 42 34 N
LONGITUDE: 110 6 W
[TEMPERATURE DATA] [PRECIPITATION DATA] SYMBOLS USED IN COLUMN 16
AVERAGE MONTHLY: 43.0 TOTAL FOR MONTH: 0.96 1 = FOG OR MIST
DPTR FM NORMAL: -2.3 DPTR FM NORMAL: -0.26 2 = FOG REDUCING VISIBILITY
HIGHEST: 78 ON 26,16 GRTST 24HR 0.51 ON 1- 1 TO 1/4 MILE OR LESS
LOWEST: 18 ON 21 3 = THUNDER
SNOW, ICE PELLETS, HAIL 4 = ICE PELLETS
TOTAL MONTH: M 5 = HAIL
GRTST 24HR M ON M 6 = FREEZING RAIN OR DRIZZLE
GRTST DEPTH: M ON M 7 = DUSTSTORM OR SANDSTORM:
VSBY 1/2 MILE OR LESS
8 = SMOKE OR HAZE
[NO. OF DAYS WITH] [WEATHER - DAYS WITH] 9 = BLOWING SNOW
X = TORNADO
MAX 32 OR BELOW: 0 0.01 INCH OR MORE: 10
MAX 90 OR ABOVE: 0 0.10 INCH OR MORE: 2
MIN 32 OR BELOW: 23 0.50 INCH OR MORE: 1
MIN 0 OR BELOW: 0 1.00 INCH OR MORE: 0
[HDD (BASE 65) ]
TOTAL THIS MO. 673 CLEAR (SCALE 0-3) 14
DPTR FM NORMAL 64 PTCLDY (SCALE 4-7) 14
TOTAL FM JUL 1 9532 CLOUDY (SCALE 8-10) 3
DPTR FM NORMAL -548
[CDD (BASE 65) ]
TOTAL THIS MO. 0
DPTR FM NORMAL 0 [PRESSURE DATA]
TOTAL FM JAN 1 0 HIGHEST SLP 30.26 ON 31
DPTR FM NORMAL 0 LOWEST SLP 29.38 ON 8
[REMARKS]
#FINAL-05-22#