000
CXUS54 KLCH 011407
CF6BPT
PRELIMINARY LOCAL CLIMATOLOGICAL DATA (WS FORM: F-6)
STATION: BEAUMONT PORT ARTHUR
MONTH: OCTOBER
YEAR: 2021
LATITUDE: 29 57 N
LONGITUDE: 94 1 W
TEMPERATURE IN F: :PCPN: SNOW: WIND :SUNSHINE: SKY :PK WND
================================================================================
1 2 3 4 5 6A 6B 7 8 9 10 11 12 13 14 15 16 17 18
12Z AVG MX 2MIN
DY MAX MIN AVG DEP HDD CDD WTR SNW DPTH SPD SPD DIR MIN PSBL S-S WX SPD DR
================================================================================
1 78 72 75 -1 0 10 0.82 0.0 M 6.3 24 90 M M 7 13 34 90
2 84 71 78 2 0 13 0.38 0.0 M 4.3 14 110 M M 5 13 17 110
3 88 70 79 3 0 14 0.00 0.0 M 3.5 9 340 M M 5 12 15 340
4 89 67 78 2 0 13 0.00 0.0 M 5.8 15 320 M M 1 1 21 340
5 87 64 76 1 0 11 0.00 0.0 0 6.0 15 10 M M 1 20 30
6 87 62 75 0 0 10 0.00 0.0 0 4.4 14 10 M M 1 1 18 360
7 88 59 74 -1 0 9 0.00 0.0 M 3.1 10 70 M M 0 1 13 40
8 87 61 74 0 0 9 0.00 0.0 0 2.8 9 110 M M 0 1 15 140
9 86 62 74 0 0 9 0.00 0.0 0 4.8 13 160 M M 1 12 17 160
10 87 70 79 5 0 14 0.00 0.0 M 11.7 18 160 M M 5 27 160
11 86 68 77 4 0 12 2.11 0.0 0 5.4 29 310 M M 3 13 43 300
12 89 71 80 7 0 15 T 0.0 M 9.2 16 140 M M 5 24 170
13 87 76 82 9 0 17 0.00 0.0 M 11.9 20 170 M M 4 27 160
14 86 74 80 8 0 15 0.00 0.0 M 8.9 20 170 M M 2 1 28 170
15 91 70 81 9 0 16 0.37 0.0 M 6.5 24 350 M M 3 123 36 360
16 75 54 65 -7 0 0 0.00 0.0 M 13.0 25 10 M M 0 8 35 20
17 74 48 61 -10 4 0 0.00 0.0 M 4.7 15 50 M M 0 20 50
18 76 51 64 -7 1 0 0.00 0.0 M 4.4 12 100 M M 0 16 120
19 80 52 66 -5 0 1 0.00 0.0 M 7.1 16 120 M M 1 8 21 100
20 85 67 76 6 0 11 0.00 0.0 M 6.0 12 90 M M 2 1 15 90
21 87 67 77 7 0 12 0.00 0.0 M 3.2 9 170 M M 6 12 13 130
22 86 66 76 6 0 11 0.00 0.0 M 2.9 10 130 M M 5 12 14 140
23 86 67 77 8 0 12 0.03 0.0 M 9.0 26 190 M M 7 128 37 170
24 85 69 77 8 0 12 0.01 0.0 M 7.6 22 130 M M 6 128 32 140
25 90 67 79 11 0 14 0.00 0.0 M 2.8 12 70 M M 7 128 15 80
26 86 69 78 10 0 13 0.00 0.0 M 6.9 17 180 M M 5 128 22 170
27 80 58 69 1 0 4 1.86 0.0 M 9.2 28 170 M M 4 1238 41 180
28 76 54 65 -2 0 0 0.00 0.0 M 12.8 30 310 M M 0 8 47 310
29 73 49 61 -6 4 0 0.00 0.0 0 11.0 24 310 M M 0 8 35 300
30 74 46 60 -7 5 0 0.00 0.0 0 5.2 14 300 M M 0 22 260
31 78 47 63 -3 2 0 0.00 0.0 M 1.7 9 170 M M 0 18 13 210
================================================================================
SM 2591 1948 16 277 5.58 0.0 202.1 M 86
================================================================================
AV 83.6 62.8 6.5 FASTST M M 3 MAX(MPH)
MISC ----> 30 310 47 310
================================================================================
NOTES:
# LAST OF SEVERAL OCCURRENCES
COLUMN 17 PEAK WIND IN M.P.H.
PRELIMINARY LOCAL CLIMATOLOGICAL DATA (WS FORM: F-6) , PAGE 2
STATION: BEAUMONT PORT ARTHUR
MONTH: OCTOBER
YEAR: 2021
LATITUDE: 29 57 N
LONGITUDE: 94 1 W
[TEMPERATURE DATA] [PRECIPITATION DATA] SYMBOLS USED IN COLUMN 16
AVERAGE MONTHLY: 73.2 TOTAL FOR MONTH: 5.58 1 = FOG OR MIST
DPTR FM NORMAL: 1.6 DPTR FM NORMAL: 0.11 2 = FOG REDUCING VISIBILITY
HIGHEST: 91 ON 15 GRTST 24HR 2.11 ON 11-11 TO 1/4 MILE OR LESS
LOWEST: 46 ON 30 3 = THUNDER
SNOW, ICE PELLETS, HAIL 4 = ICE PELLETS
TOTAL MONTH: 0.0 INCH 5 = HAIL
GRTST 24HR 0.0 6 = FREEZING RAIN OR DRIZZLE
GRTST DEPTH: 0 7 = DUSTSTORM OR SANDSTORM:
VSBY 1/2 MILE OR LESS
8 = SMOKE OR HAZE
[NO. OF DAYS WITH] [WEATHER - DAYS WITH] 9 = BLOWING SNOW
X = TORNADO
MAX 32 OR BELOW: 0 0.01 INCH OR MORE: 7
MAX 90 OR ABOVE: 2 0.10 INCH OR MORE: 5
MIN 32 OR BELOW: 0 0.50 INCH OR MORE: 3
MIN 0 OR BELOW: 0 1.00 INCH OR MORE: 2
[HDD (BASE 65) ]
TOTAL THIS MO. 16 CLEAR (SCALE 0-3) 18
DPTR FM NORMAL -10 PTCLDY (SCALE 4-7) 13
TOTAL FM JUL 1 16 CLOUDY (SCALE 8-10) 0
DPTR FM NORMAL -7
[CDD (BASE 65) ]
TOTAL THIS MO. 277
DPTR FM NORMAL 46 [PRESSURE DATA]
TOTAL FM JAN 1 2886 HIGHEST SLP 30.31 ON 17
DPTR FM NORMAL -98 LOWEST SLP 29.56 ON 27
[REMARKS]
#FINAL-10-21#