000
CXUS54 KLCH 011353
CF6BPT
PRELIMINARY LOCAL CLIMATOLOGICAL DATA (WS FORM: F-6)
STATION: BEAUMONT PORT ARTHUR
MONTH: APRIL
YEAR: 2020
LATITUDE: 29 57 N
LONGITUDE: 94 1 W
TEMPERATURE IN F: :PCPN: SNOW: WIND :SUNSHINE: SKY :PK WND
================================================================================
1 2 3 4 5 6A 6B 7 8 9 10 11 12 13 14 15 16 17 18
12Z AVG MX 2MIN
DY MAX MIN AVG DEP HDD CDD WTR SNW DPTH SPD SPD DIR MIN PSBL S-S WX SPD DR
================================================================================
1 73 49 61 -4 4 0 0.00 M 0 8.5 20 120 M M 0 26 140
2 76 58 67 1 0 2 T 0.0 0 11.9 22 120 M M 5 30 110
3 80 64 72 6 0 7 0.01 0.0 0 9.4 18 120 M M 6 25 120
4 76 61 69 3 0 4 0.26 0.0 0 8.7 17 120 M M 7 1 23 360
5 79 60 70 4 0 5 0.00 0.0 0 7.0 16 30 M M 6 1 22 70
6 75 64 70 4 0 5 0.07 0.0 0 8.8 16 110 M M 7 1 20 120
7 85 71 78 11 0 13 0.00 0.0 0 8.4 16 190 M M 8 1 23 190
8 85 72 79 12 0 14 T 0.0 0 7.1 14 190 M M 8 18 18 230
9 90 67 79 12 0 14 0.06 0.0 0 6.8 25 350 M M 5 1238 42 340
10 73 61 67 0 0 2 0.37 0.0 0 9.8 21 60 M M 2 13 31 50
11 79 59 69 2 0 4 0.00 0.0 0 14.4 23 120 M M 5 31 110
12 89 59 74 6 0 9 T 0.0 0 14.6 26 260 M M 7 18 37 260
13 70 50 60 -8 5 0 0.00 0.0 0 13.6 22 350 M M 1 30 350
14 72 46 59 -9 6 0 0.00 0.0 0 12.7 21 360 M M 1 28 30
15 70 45 58 -10 7 0 0.00 0.0 0 10.3 22 40 M M 0 31 20
16 73 49 61 -8 4 0 0.00 0.0 0 10.7 18 100 M M 0 24 120
17 82 65 74 5 0 9 0.12 0.0 0 8.8 17 110 M M 7 12 24 110
18 77 64 71 2 0 6 0.99 0.0 0 8.8 16 70 M M 9 123 21 10
19 82 70 76 7 0 11 0.05 0.0 0 9.2 24 190 M M 9 123 36 190
20 83 62 73 3 0 8 0.00 0.0 0 5.9 13 50 M M 2 17 50
21 84 61 73 3 0 8 0.00 0.0 0 7.3 16 150 M M 0 1 22 110
22 80 68 74 4 0 9 0.08 0.0 0 16.0 29 150 M M 9 13 39 160
23 88 61 75 5 0 10 0.00 0.0 0 9.2 20 310 M M 4 1 28 310
24 83 56 70 0 0 5 0.00 0.0 0 9.8 22 160 M M 1 1 27 160
25 83 62 73 2 0 8 0.02 0.0 0 9.3 22 280 M M 3 123 34 270
26 84 54 69 -2 0 4 0.00 0.0 0 4.6 15 30 M M 0 18 21 60
27 83 57 70 -1 0 5 0.00 0.0 0 11.2 21 140 M M 2 30 120
28 79 65 72 0 0 7 1.24 M 0 14.5 24 160 M M 9 13 44 330
29 80 57 69 -3 0 4 1.36 0.0 0 10.5 41 360 M M 5 13 55 20
30 82 50 66 -6 0 1 0.00 0.0 0 5.0 14 360 M M 0 20 270
================================================================================
SM 2395 1787 26 174 4.63 0.0 292.8 M 128
================================================================================
AV 79.8 59.6 9.8 FASTST M M 4 MAX(MPH)
MISC ----> # 41 360 # 55 20
================================================================================
NOTES:
# LAST OF SEVERAL OCCURRENCES
COLUMN 17 PEAK WIND IN M.P.H.
PRELIMINARY LOCAL CLIMATOLOGICAL DATA (WS FORM: F-6) , PAGE 2
STATION: BEAUMONT PORT ARTHUR
MONTH: APRIL
YEAR: 2020
LATITUDE: 29 57 N
LONGITUDE: 94 1 W
[TEMPERATURE DATA] [PRECIPITATION DATA] SYMBOLS USED IN COLUMN 16
AVERAGE MONTHLY: 69.7 TOTAL FOR MONTH: 4.63 1 = FOG OR MIST
DPTR FM NORMAL: 1.1 DPTR FM NORMAL: 1.42 2 = FOG REDUCING VISIBILITY
HIGHEST: 90 ON 9 GRTST 24HR 1.36 ON 29-29 TO 1/4 MILE OR LESS
LOWEST: 45 ON 15 3 = THUNDER
SNOW, ICE PELLETS, HAIL 4 = ICE PELLETS
TOTAL MONTH: 0.0 INCH 5 = HAIL
GRTST 24HR 0.0 6 = FREEZING RAIN OR DRIZZLE
GRTST DEPTH: 0 7 = DUSTSTORM OR SANDSTORM:
VSBY 1/2 MILE OR LESS
8 = SMOKE OR HAZE
[NO. OF DAYS WITH] [WEATHER - DAYS WITH] 9 = BLOWING SNOW
X = TORNADO
MAX 32 OR BELOW: 0 0.01 INCH OR MORE: 12
MAX 90 OR ABOVE: 1 0.10 INCH OR MORE: 6
MIN 32 OR BELOW: 0 0.50 INCH OR MORE: 3
MIN 0 OR BELOW: 0 1.00 INCH OR MORE: 2
[HDD (BASE 65) ]
TOTAL THIS MO. 26 CLEAR (SCALE 0-3) 12
DPTR FM NORMAL -13 PTCLDY (SCALE 4-7) 14
TOTAL FM JUL 1 981 CLOUDY (SCALE 8-10) 4
DPTR FM NORMAL -419
[CDD (BASE 65) ]
TOTAL THIS MO. 174
DPTR FM NORMAL 28 [PRESSURE DATA]
TOTAL FM JAN 1 428 HIGHEST SLP 30.22 ON 16
DPTR FM NORMAL 201 LOWEST SLP 29.49 ON 12
[REMARKS]
#FINAL-04-20#