000
CXUS54 KBRO 020710
CF6BRO
PRELIMINARY LOCAL CLIMATOLOGICAL DATA (WS FORM: F-6)
STATION: BROWNSVILLE
MONTH: NOVEMBER
YEAR: 2022
LATITUDE: 25 53 N
LONGITUDE: 97 26 W
TEMPERATURE IN F: :PCPN: SNOW: WIND :SUNSHINE: SKY :PK WND
================================================================================
1 2 3 4 5 6A 6B 7 8 9 10 11 12 13 14 15 16 17 18
12Z AVG MX 2MIN
DY MAX MIN AVG DEP HDD CDD WTR SNW DPTH SPD SPD DIR MIN PSBL S-S WX SPD DR
================================================================================
1 84 72 78 4 0 13 0.33 0.0 0 7.0 17 150 M M 9 1 24 10
2 84 70 77 3 0 12 0.00 0.0 0 3.4 8 340 M M 6 18 12 340
3 88 68 78 4 0 13 0.01 0.0 0 9.2 21 130 M M 4 12 28 130
4 90 77 84 11 0 19 0.01 0.0 0 16.9 31 160 M M 4 44 180
5 82 72 77 4 0 12 0.01 0.0 0 8.0 17 360 M M 7 26 360
6 90 69 80 7 0 15 T 0.0 0 6.9 17 140 M M 6 23 140
7 88 72 80 7 0 15 0.05 0.0 0 8.2 18 90 M M 4 1 24 110
8 85 67 76 4 0 11 0.06 0.0 0 6.0 17 100 M M 2 1 23 90
9 86 67 77 5 0 12 0.00 0.0 0 6.0 17 130 M M 2 22 130
10 87 66 77 5 0 12 0.00 0.0 0 7.5 17 150 M M 1 24 150
11 87 68 78 6 0 13 0.00 0.0 0 10.0 23 360 M M 4 35 20
12 68 47 58 -13 7 0 0.44 0.0 0 13.8 23 330 M M 9 13 36 330
13 68 55 62 -9 3 0 T 0.0 0 7.2 15 340 M M 10 20 340
14 85 62 74 3 0 9 0.01 0.0 0 8.0 25 170 M M 8 1 34 170
15 66 53 60 -11 5 0 0.00 0.0 0 11.8 22 10 M M 9 32 360
16 56 47 52 -18 13 0 0.02 0.0 0 13.0 18 320 M M 10 1 28 320
17 59 47 53 -17 12 0 0.16 0.0 0 11.1 17 320 M M 10 1 27 320
18 66 52 59 -11 6 0 0.40 0.0 0 7.0 12 40 M M 10 1 18 40
19 66 46 56 -14 9 0 0.76 0.0 0 17.2 28 340 M M 10 1 46 330
20 48 43 46 -23 19 0 0.02 0.0 0 15.9 23 330 M M 10 1 37 310
21 50 45 48 -21 17 0 0.32 0.0 0 14.8 21 320 M M 10 1 31 330
22 53 48 51 -18 14 0 2.63 0.0 0 11.5 18 320 M M 10 1 26 320
23 68 53 61 -8 4 0 T 0.0 0 6.1 10 280 M M 10 18 14 300
24 83 60 72 4 0 7 0.00 0.0 0 5.9 22 190 M M 8 12 27 190
25 71 58 65 -3 0 0 0.20 0.0 0 8.8 17 270 M M 10 1 22 270
26 71 52 62 -6 3 0 0.01 0.0 0 10.7 23 300 M M 5 34 310
27 81 51 66 -2 0 1 0.00 0.0 0 6.9 21 180 M M 1 1 27 190
28 82 65 74 6 0 9 0.00 0.0 0 6.5 14 150 M M 8 1 18 150
29 86 72 79 11 0 14 0.00 0.0 0 13.4 30 190 M M 6 12 39 180
30 75 61 68 1 0 3 0.00 0.0 0 10.0 23 360 M M 10 12 34 10
================================================================================
SM 2253 1785 112 190 5.44 0.0 288.7 M 213
================================================================================
AV 75.1 59.5 9.6 FASTST M M 7 MAX(MPH)
MISC ----> 31 160 46 330
================================================================================
NOTES:
# LAST OF SEVERAL OCCURRENCES
COLUMN 17 PEAK WIND IN M.P.H.
PRELIMINARY LOCAL CLIMATOLOGICAL DATA (WS FORM: F-6) , PAGE 2
STATION: BROWNSVILLE
MONTH: NOVEMBER
YEAR: 2022
LATITUDE: 25 53 N
LONGITUDE: 97 26 W
[TEMPERATURE DATA] [PRECIPITATION DATA] SYMBOLS USED IN COLUMN 16
AVERAGE MONTHLY: 67.3 TOTAL FOR MONTH: 5.44 1 = FOG OR MIST
DPTR FM NORMAL: -3.2 DPTR FM NORMAL: 3.68 2 = FOG REDUCING VISIBILITY
HIGHEST: 90 ON 6, 4 GRTST 24HR 2.90 ON 21-22 TO 1/4 MILE OR LESS
LOWEST: 43 ON 20 3 = THUNDER
SNOW, ICE PELLETS, HAIL 4 = ICE PELLETS
TOTAL MONTH: 0.0 INCH 5 = HAIL
GRTST 24HR 0.0 6 = FREEZING RAIN OR DRIZZLE
GRTST DEPTH: 0 7 = DUSTSTORM OR SANDSTORM:
VSBY 1/2 MILE OR LESS
8 = SMOKE OR HAZE
[NO. OF DAYS WITH] [WEATHER - DAYS WITH] 9 = BLOWING SNOW
X = TORNADO
MAX 32 OR BELOW: 0 0.01 INCH OR MORE: 17
MAX 90 OR ABOVE: 2 0.10 INCH OR MORE: 8
MIN 32 OR BELOW: 0 0.50 INCH OR MORE: 2
MIN 0 OR BELOW: 0 1.00 INCH OR MORE: 1
[HDD (BASE 65) ]
TOTAL THIS MO. 112 CLEAR (SCALE 0-3) 4
DPTR FM NORMAL 69 PTCLDY (SCALE 4-7) 12
TOTAL FM JUL 1 112 CLOUDY (SCALE 8-10) 14
DPTR FM NORMAL 64
[CDD (BASE 65) ]
TOTAL THIS MO. 190
DPTR FM NORMAL -20 [PRESSURE DATA]
TOTAL FM JAN 1 4530 HIGHEST SLP 30.39 ON 17
DPTR FM NORMAL 92 LOWEST SLP 29.71 ON 11
[REMARKS]
#FINAL-11-22#