757
CXUS54 KBRO 010900
CF6BRO
PRELIMINARY LOCAL CLIMATOLOGICAL DATA (WS FORM: F-6)
STATION: BROWNSVILLE
MONTH: NOVEMBER
YEAR: 2020
LATITUDE: 25 53 N
LONGITUDE: 97 26 W
TEMPERATURE IN F: :PCPN: SNOW: WIND :SUNSHINE: SKY :PK WND
================================================================================
1 2 3 4 5 6A 6B 7 8 9 10 11 12 13 14 15 16 17 18
12Z AVG MX 2MIN
DY MAX MIN AVG DEP HDD CDD WTR SNW DPTH SPD SPD DIR MIN PSBL S-S WX SPD DR
================================================================================
1 84 56 70 -3 0 5 0.00 0.0 0 7.1 21 40 M M 1 26 40
2 82 60 71 -2 0 6 0.00 0.0 0 8.1 17 60 M M 3 25 40
3 82 54 68 -5 0 3 0.00 0.0 0 4.9 15 50 M M 1 19 40
4 85 55 70 -2 0 5 0.00 0.0 0 5.6 15 80 M M 1 20 80
5 87 62 75 3 0 10 0.00 0.0 0 4.8 15 70 M M 1 1 21 60
6 86 59 73 1 0 8 0.00 0.0 0 5.9 15 50 M M 1 20 60
7 86 58 72 0 0 7 0.00 0.0 0 5.5 15 80 M M 1 20 40
8 88 64 76 5 0 11 0.00 0.0 0 5.9 16 70 M M 2 1 21 70
9 88 68 78 7 0 13 0.00 0.0 0 7.8 17 150 M M 1 24 140
10 89 68 79 8 0 14 0.00 0.0 0 6.6 16 150 M M 2 23 140
11 87 66 77 6 0 12 0.00 0.0 0 4.6 14 80 M M 5 1 17 60
12 87 65 76 6 0 11 0.00 0.0 0 4.8 14 130 M M 5 1 18 130
13 90 73 82 12 0 17 0.00 0.0 0 8.4 18 140 M M 5 24 140
14 91 72 82 12 0 17 0.00 0.0 0 11.5 26 160 M M 2 18 32 160
15 87 73 80 10 0 15 0.22 0.0 0 7.5 22 360 M M 7 1 29 10
16 84 69 77 8 0 12 0.00 0.0 0 8.3 17 40 M M 7 21 30
17 83 62 73 4 0 8 0.00 0.0 0 7.3 18 50 M M 1 23 40
18 83 57 70 1 0 5 0.00 0.0 0 6.2 16 80 M M 2 20 90
19 86 58 72 4 0 7 0.00 0.0 0 5.3 16 160 M M 1 22 150
20 87 60 74 6 0 9 0.00 0.0 0 5.8 16 100 M M 2 1 20 80
21 86 63 75 7 0 10 0.00 0.0 0 6.2 14 80 M M 1 1 17 80
22 85 66 76 8 0 11 0.00 0.0 0 7.0 16 90 M M 1 20 80
23 83 61 72 5 0 7 T 0.0 0 7.0 15 50 M M 2 1 20 40
24 87 71 79 12 0 14 T 0.0 0 17.7 32 170 M M 2 40 160
25 89 72 81 14 0 16 0.00 0.0 0 8.4 17 170 M M 3 23 160
26 87 72 80 14 0 15 0.00 0.0 0 8.6 17 160 M M 6 1 25 160
27 88 74 81 15 0 16 0.00 0.0 0 12.6 24 150 M M 5 31 140
28 88 67 78 12 0 13 T 0.0 0 11.7 22 170 M M 6 27 150
29 71 58 65 -1 0 0 0.23 0.0 0 9.4 17 320 M M 7 1 24 320
30 65 42 54 -11 11 0 0.00 0.0 0 11.2 21 330 M M 3 27 320
================================================================================
SM 2551 1905 11 297 0.45 0.0 231.7 M 87
================================================================================
AV 85.0 63.5 7.7 FASTST M M 3 MAX(MPH)
MISC ----> # 32 170 # 40 160
================================================================================
NOTES:
# LAST OF SEVERAL OCCURRENCES
COLUMN 17 PEAK WIND IN M.P.H.
PRELIMINARY LOCAL CLIMATOLOGICAL DATA (WS FORM: F-6) , PAGE 2
STATION: BROWNSVILLE
MONTH: NOVEMBER
YEAR: 2020
LATITUDE: 25 53 N
LONGITUDE: 97 26 W
[TEMPERATURE DATA] [PRECIPITATION DATA] SYMBOLS USED IN COLUMN 16
AVERAGE MONTHLY: 74.3 TOTAL FOR MONTH: 0.45 1 = FOG OR MIST
DPTR FM NORMAL: 4.9 DPTR FM NORMAL: -1.37 2 = FOG REDUCING VISIBILITY
HIGHEST: 91 ON 14 GRTST 24HR 0.23 ON 29-29 TO 1/4 MILE OR LESS
LOWEST: 42 ON 30 3 = THUNDER
SNOW, ICE PELLETS, HAIL 4 = ICE PELLETS
TOTAL MONTH: 0.0 INCH 5 = HAIL
GRTST 24HR 0.0 6 = FREEZING RAIN OR DRIZZLE
GRTST DEPTH: 0 7 = DUSTSTORM OR SANDSTORM:
VSBY 1/2 MILE OR LESS
8 = SMOKE OR HAZE
[NO. OF DAYS WITH] [WEATHER - DAYS WITH] 9 = BLOWING SNOW
X = TORNADO
MAX 32 OR BELOW: 0 0.01 INCH OR MORE: 2
MAX 90 OR ABOVE: 2 0.10 INCH OR MORE: 2
MIN 32 OR BELOW: 0 0.50 INCH OR MORE: 0
MIN 0 OR BELOW: 0 1.00 INCH OR MORE: 0
[HDD (BASE 65) ]
TOTAL THIS MO. 11 CLEAR (SCALE 0-3) 20
DPTR FM NORMAL -39 PTCLDY (SCALE 4-7) 10
TOTAL FM JUL 1 16 CLOUDY (SCALE 8-10) 0
DPTR FM NORMAL -38
[CDD (BASE 65) ]
TOTAL THIS MO. 297
DPTR FM NORMAL 117 [PRESSURE DATA]
TOTAL FM JAN 1 4755 HIGHEST SLP 30.45 ON 30
DPTR FM NORMAL 810 LOWEST SLP 29.75 ON 10
[REMARKS]
#FINAL-11-20#