000
CXUS54 KBRO 011113
CLMBRO
CLIMATE REPORT
NATIONAL WEATHER SERVICE BROWNSVILLE, TX
613 AM CDT THU JUN 01 2023
...................................
...THE BROWNSVILLE CLIMATE SUMMARY FOR THE MONTH OF MAY 2023...
CLIMATE NORMAL PERIOD 1991 TO 2020
CLIMATE RECORD PERIOD 1878 TO 2023
WEATHER OBSERVED NORMAL DEPART LAST YEAR`S
VALUE DATE(S) VALUE FROM VALUE DATE(S)
NORMAL
................................................................
TEMPERATURE (F)
HIGHEST 93 05/07 94 -1 97 05/21
05/11
05/23
LOWEST 66 05/01 61 5 68 05/25
AVG. MAXIMUM 89.7 90.3 -0.6 91.7
AVG. MINIMUM 73.7 73.7 0.0 76.0
MEAN 81.7 82.0 -0.3 83.9
DAYS MAX >= 90 21 16.1 4.9 28
DAYS MAX <= 32 0 0.0 0.0 0
DAYS MIN <= 32 0 0.0 0.0 0
DAYS MIN <= 0 0 0.0 0.0 0
PRECIPITATION (INCHES)
TOTALS 5.52 2.22 3.30 5.14
DAILY AVG. 0.18 0.07 0.11 0.17
DAYS >= .01 8 4.8 3.2 3
DAYS >= .10 7 2.4 4.6 2
DAYS >= .50 5 1.3 3.7 1
DAYS >= 1.00 2 0.8 1.2 1
GREATEST
24 HR. TOTAL 2.47 05/13 TO 05/13
STORM TOTAL 2.47
(MM/DD(HH))
SNOWFALL (INCHES)
TOTALS 0.0 0.0 0.0 0.0
SINCE 7/1 0.0 0.0 0.0
DEGREE DAYS
HEATING TOTAL 0 0 0 0
SINCE 7/1 480 423 57 MM
COOLING TOTAL 527 527 0 592
SINCE 1/1 1418 1303 115 MM
................................................................
WIND (MPH)
AVERAGE WIND SPEED 8.6
HIGHEST WIND SPEED/DIRECTION 49/270 DATE 05/09
HIGHEST GUST SPEED/DIRECTION 64/230 DATE 05/09
SKY COVER
POSSIBLE SUNSHINE (PERCENT) MM
AVERAGE SKY COVER 0.40
NUMBER OF DAYS FAIR 18
NUMBER OF DAYS PC 7
NUMBER OF DAYS CLOUDY 6
AVERAGE RH (PERCENT) 77
WEATHER CONDITIONS. NUMBER OF DAYS WITH
THUNDERSTORM 6 MIXED PRECIP 0
HEAVY RAIN 6 RAIN 4
LIGHT RAIN 10 FREEZING RAIN 0
LT FREEZING RAIN 0 HAIL 0
HEAVY SNOW 0 SNOW 0
LIGHT SNOW 0 SLEET 0
FOG 19 FOG W/VIS <= 1/4 MILE 2
HAZE 10
- INDICATES NEGATIVE NUMBERS.
R INDICATES RECORD WAS SET OR TIED.
MM INDICATES DATA IS MISSING.
T INDICATES TRACE AMOUNT.
$$