000
CXAK56 PAFG 020200
CF6BRW
PRELIMINARY LOCAL CLIMATOLOGICAL DATA (WS FORM: F-6)
STATION: UTQIAGVIK (BARROW) AK
MONTH: MAY
YEAR: 2020
LATITUDE: 71 17 N
LONGITUDE: 156 47 W
TEMPERATURE IN F: :PCPN: SNOW: WIND :SUNSHINE: SKY :PK WND
================================================================================
1 2 3 4 5 6A 6B 7 8 9 10 11 12 13 14 15 16 17 18
12Z AVG MX 2MIN
DY MAX MIN AVG DEP HDD CDD WTR SNW DPTH SPD SPD DIR MIN PSBL S-S WX SPD DR
================================================================================
1 23 -2 11 -1 54 0 0.01 M M 6.0 14 290 M M 9 12 16 290
2 21 7 14 1 51 0 0.03 M M 5.9 13 160 M M 9 1 14 160
3 17 -6 6 -8 59 0 T M M 8.1 14 80 M M 6 12 16 80
4 17 -2 8 -6 57 0 0.00 M M 10.5 15 90 M M 5 128 17 100
5 18 5 12 -3 53 0 T M M 9.3 16 50 M M 3 128 18 50
6 14 1 8 -8 57 0 T M M 12.1 15 80 M M 5 128 17 80
7 15 -4 6 -10 59 0 T M M 14.0 18 100 M M 9 12 22 100
8 22 14 18 1 47 0 0.00 M M 11.8 16 90 M M 10 12 20 90
9 34 16 25 8 40 0 T M M 6.7 12 90 M M 3 1 13 90
10 37 16 27 9 38 0 0.00 M M 6.9 13 40 M M 0 12 16 40
11 31 21 26 7 39 0 T M M 19.0 31 80 M M 7 12 34 70
12 27 17 22 3 43 0 T M M 27.1 36 70 M M 2 1 42 70
13 23 15 19 -1 46 0 0.00 M M 19.4 28 60 M M 1 31 60
14 24 19 22 2 43 0 T M M 14.9 22 70 M M 7 1 25 50
15 30 19 25 4 40 0 T M M 12.7 21 60 M M 8 12 25 50
16 28 23 26 5 39 0 T M M 10.9 18 60 M M 10 18 20 60
17 27 22 25 3 40 0 T M M 6.8 13 330 M M 10 128 13 340
18 25 23 24 2 41 0 T M M 14.8 21 60 M M 10 1 M M
19 26 20 23 0 42 0 T M M 17.3 23 70 M M 10 1 26 70
20 25 14 20 -4 45 0 T M M 13.2 17 90 M M 8 12 20 100
21 28 19 24 0 41 0 T M M 16.4 24 80 M M 10 12 27 80
22 33 23 28 3 37 0 0.00 M M 17.2 22 90 M M 2 25 90
23 34 30 32 7 33 0 T M M 15.4 20 80 M M 6 23 70
24 34 29 32 6 33 0 0.00 M M 11.6 16 80 M M 5 18 70
25 32 28 30 4 35 0 0.00 M M 8.1 15 80 M M 8 12 18 80
26 35 29 32 5 33 0 0.01 M M 3.4 8 320 M M 10 128 10 330
27 33 29 31 4 34 0 0.00 M M 4.2 8 100 M M 8 12 9 100
28 35 27 31 3 34 0 0.00 M M 4.3 8 140 M M 4 1 M M
29 36 28 32 4 33 0 0.00 M M 9.6 14 110 M M 2 12 17 120
30 37 29 33 4 32 0 0.00 M M 16.8 23 80 M M 0 26 70
31 34 29 32 3 33 0 0.00 M M 22.0 29 80 M M 7 1 33 80
================================================================================
SM 855 538 1311 0 0.05 M 376.4 M 194
================================================================================
AV 27.6 17.4 12.1 FASTST M M 6 MAX(MPH)
MISC ----> # 36 70 # 42 70
================================================================================
NOTES:
# LAST OF SEVERAL OCCURRENCES
COLUMN 17 PEAK WIND IN M.P.H.
PRELIMINARY LOCAL CLIMATOLOGICAL DATA (WS FORM: F-6) , PAGE 2
STATION: UTQIAGVIK (BARROW) AK
MONTH: MAY
YEAR: 2020
LATITUDE: 71 17 N
LONGITUDE: 156 47 W
[TEMPERATURE DATA] [PRECIPITATION DATA] SYMBOLS USED IN COLUMN 16
AVERAGE MONTHLY: 22.5 TOTAL FOR MONTH: 0.05 1 = FOG OR MIST
DPTR FM NORMAL: 1.4 DPTR FM NORMAL: -0.13 2 = FOG REDUCING VISIBILITY
HIGHEST: 37 ON 30,10 GRTST 24HR 0.03 ON 2- 2 TO 1/4 MILE OR LESS
LOWEST: -6 ON 3 3 = THUNDER
SNOW, ICE PELLETS, HAIL 4 = ICE PELLETS
TOTAL MONTH: M 5 = HAIL
GRTST 24HR M ON M 6 = FREEZING RAIN OR DRIZZLE
GRTST DEPTH: M ON M 7 = DUSTSTORM OR SANDSTORM:
VSBY 1/2 MILE OR LESS
8 = SMOKE OR HAZE
[NO. OF DAYS WITH] [WEATHER - DAYS WITH] 9 = BLOWING SNOW
X = TORNADO
MAX 32 OR BELOW: 20 0.01 INCH OR MORE: 3
MAX 90 OR ABOVE: 0 0.10 INCH OR MORE: 0
MIN 32 OR BELOW: 31 0.50 INCH OR MORE: 0
MIN 0 OR BELOW: 4 1.00 INCH OR MORE: 0
[HDD (BASE 65) ]
TOTAL THIS MO. 1311 CLEAR (SCALE 0-3) 7
DPTR FM NORMAL -48 PTCLDY (SCALE 4-7) 14
TOTAL FM JUL 1 16726 CLOUDY (SCALE 8-10) 10
DPTR FM NORMAL -1793
[CDD (BASE 65) ]
TOTAL THIS MO. 0
DPTR FM NORMAL 0 [PRESSURE DATA]
TOTAL FM JAN 1 0 HIGHEST SLP 30.53 ON 8
DPTR FM NORMAL 0 LOWEST SLP 29.64 ON 24
[REMARKS]
#FINAL-05-20#