000
CXUS53 KGRR 011509
CLMBTL
CLIMATE REPORT
NATIONAL WEATHER SERVICE GRAND RAPIDS, MICHIGAN
1109 AM EDT THU JUN 01 2023
...................................
...THE BATTLE CREEK CLIMATE SUMMARY FOR THE MONTH OF MAY 2023...
CLIMATE NORMAL PERIOD: 1991 TO 2020
CLIMATE RECORD PERIOD: 1895 TO 2023
WEATHER OBSERVED NORMAL DEPART LAST YEAR`S
VALUE DATE(S) VALUE FROM VALUE DATE(S)
NORMAL
................................................................
TEMPERATURE (F)
RECORD
HIGH 95 05/27/1911
05/29/1895
LOW 18 05/27/2021
HIGHEST 90 05/30 MM MM 89 05/31
05/31
LOWEST 35 05/04 MM MM 37 05/08
AVG. MAXIMUM 72.3 70.1 2.2 72.5
AVG. MINIMUM 46.7 48.7 -2.0 52.4
MEAN 59.5 59.4 0.1 62.5
DAYS MAX >= 90 2 0.3 1.7 0
DAYS MAX <= 32 0 0.0 0.0 0
DAYS MIN <= 32 0 0.8 -0.8 0
DAYS MIN <= 0 0 0.0 0.0 0
PRECIPITATION (INCHES)
RECORD
MAXIMUM 8.86 2004
MINIMUM 0.66 2021
TOTALS 1.79 3.72 -1.93 3.76
DAILY AVG. 0.06 0.12 -0.06 0.12
DAYS >= .01 6 13.0 -7.0 12
DAYS >= .10 4 8.0 -4.0 9
DAYS >= .50 1 3.1 -2.1 1
DAYS >= 1.00 0 0.8 -0.8 1
GREATEST
24 HR. TOTAL 0.64 05/07 TO 05/07
DEGREE DAYS
HEATING TOTAL 194 218 -24 161
SINCE 7/1 5619 6371 -752 MM
COOLING TOTAL 34 44 -10 89
SINCE 1/1 47 49 -2 MM
................................................................
WIND (MPH)
AVERAGE WIND SPEED 7.0
RESULTANT WIND SPEED/DIRECTION 1/040
HIGHEST WIND SPEED/DIRECTION 29/320 DATE 05/02
HIGHEST GUST SPEED/DIRECTION 42/290 DATE 05/02
SKY COVER
POSSIBLE SUNSHINE (PERCENT) MM
AVERAGE SKY COVER 0.26
NUMBER OF DAYS FAIR 20
NUMBER OF DAYS PC 7
NUMBER OF DAYS CLOUDY 4
AVERAGE RH (PERCENT) 57
WEATHER CONDITIONS. NUMBER OF DAYS WITH
THUNDERSTORM 2 MIXED PRECIP 0
HEAVY RAIN 2 RAIN 2
LIGHT RAIN 8 FREEZING RAIN 0
LT FREEZING RAIN 0 HAIL 0
HEAVY SNOW 0 SNOW 0
LIGHT SNOW 0 SLEET 0
FOG 4 FOG W/VIS <= 1/4 MILE 0
HAZE 2
- INDICATES NEGATIVE NUMBERS.
R INDICATES RECORD WAS SET OR TIED.
MM INDICATES DATA IS MISSING.
T INDICATES TRACE AMOUNT.
$$