000
CXUS55 KMSO 011000
CF6BTM
PRELIMINARY LOCAL CLIMATOLOGICAL DATA (WS FORM: F-6)
STATION: BUTTE MT
MONTH: OCTOBER
YEAR: 2020
LATITUDE: 45 57 N
LONGITUDE: 112 30 W
TEMPERATURE IN F: :PCPN: SNOW: WIND :SUNSHINE: SKY :PK WND
================================================================================
1 2 3 4 5 6A 6B 7 8 9 10 11 12 13 14 15 16 17 18
12Z AVG MX 2MIN
DY MAX MIN AVG DEP HDD CDD WTR SNW DPTH SPD SPD DIR MIN PSBL S-S WX SPD DR
================================================================================
1 72 30 51 5 14 0 0.00 M M 3.1 10 280 M M 0 15 290
2 75 40 58 12 7 0 0.00 M M 3.6 16 320 M M 3 20 320
3 74 32 53 8 12 0 0.00 M M 2.7 9 270 M M 0 14 270
4 77 31 54 9 11 0 0.00 M M 7.0 22 260 M M 0 33 230
5 72 33 53 9 12 0 0.00 M M 4.9 15 310 M M 0 19 320
6 77 32 55 11 10 0 0.00 M M 5.8 18 300 M M 0 24 330
7 77 32 55 11 10 0 0.00 M M 3.3 13 180 M M 0 16 180
8 73 32 53 9 12 0 0.00 M M 5.2 20 230 M M 0 30 240
9 71 32 52 9 13 0 0.00 M M 4.2 14 260 M M 0 19 220
10 72 28 50 7 15 0 0.05 M M 7.8 31 310 M M 3 8 43 300
11 48 34 41 -1 24 0 T M M 9.9 26 280 M M 7 34 250
12 53 33 43 1 22 0 T M M 9.3 31 280 M M 5 45 290
13 56 29 43 1 22 0 0.05 M M 8.5 33 280 M M 5 49 280
14 48 33 41 -1 24 0 T M M 12.8 30 300 M M 6 18 39 300
15 41 27 34 -7 31 0 0.24 M M 5.5 21 310 M M 6 12 24 320
16 57 25 41 0 24 0 T M M 7.4 24 260 M M 9 42 250
17 47 30 39 -1 26 0 0.04 M M 6.0 16 320 M M 9 22 310
18 43 28 36 -4 29 0 0.21 M M 2.6 8 170 M M 10 1 11 180
19 53 39 46 6 19 0 T M M 6.9 22 250 M M 8 31 250
20 48 36 42 2 23 0 0.01 M M 8.0 18 300 M M 6 25 290
21 40 21 31 -8 34 0 0.01 M M 9.1 29 30 M M 9 1 39 30
22 28 16 22 -17 43 0 T M M 8.2 18 330 M M 6 25 320
23 33 9 21 -17 44 0 0.13 M M 4.6 10 170 M M 5 1 12 180
24 27 6 17 -21 48 0 0.10 M M 8.3 23 20 M M 10 18 30 20
25 14 -15 0 -38 65 0 T M M 2.7 10 300 M M 4 8 12 300
26 22 -18 2 -35 63 0 0.00 M M 3.9 12 330 M M 6 13 330
27 42 14 28 -9 37 0 0.00 M M 3.0 8 180 M M 3 10 110
28 48 17 33 -4 32 0 0.00 M M 2.1 9 140 M M 4 10 150
29 60 26 43 7 22 0 0.00 M M 3.5 12 290 M M 0 15 280
30 65 23 44 8 21 0 0.00 M M 9.3 32 260 M M 2 47 280
31 51 26 39 4 26 0 0.00 M M 4.6 20 330 M M 1 26 330
================================================================================
SM 1664 761 795 0 0.84 M 183.8 M 127
================================================================================
AV 53.7 24.5 5.9 FASTST M M 4 MAX(MPH)
MISC ----> 33 280 49 280
================================================================================
NOTES:
# LAST OF SEVERAL OCCURRENCES
COLUMN 17 PEAK WIND IN M.P.H.
PRELIMINARY LOCAL CLIMATOLOGICAL DATA (WS FORM: F-6) , PAGE 2
STATION: BUTTE MT
MONTH: OCTOBER
YEAR: 2020
LATITUDE: 45 57 N
LONGITUDE: 112 30 W
[TEMPERATURE DATA] [PRECIPITATION DATA] SYMBOLS USED IN COLUMN 16
AVERAGE MONTHLY: 39.1 TOTAL FOR MONTH: 0.84 1 = FOG OR MIST
DPTR FM NORMAL: -1.7 DPTR FM NORMAL: 0.06 2 = FOG REDUCING VISIBILITY
HIGHEST: 77 ON 7, 6 GRTST 24HR 0.24 ON 14-15 TO 1/4 MILE OR LESS
LOWEST: -18 ON 26 3 = THUNDER
SNOW, ICE PELLETS, HAIL 4 = ICE PELLETS
TOTAL MONTH: M 5 = HAIL
GRTST 24HR M ON M 6 = FREEZING RAIN OR DRIZZLE
GRTST DEPTH: M ON M 7 = DUSTSTORM OR SANDSTORM:
VSBY 1/2 MILE OR LESS
8 = SMOKE OR HAZE
[NO. OF DAYS WITH] [WEATHER - DAYS WITH] 9 = BLOWING SNOW
X = TORNADO
MAX 32 OR BELOW: 4 0.01 INCH OR MORE: 9
MAX 90 OR ABOVE: 0 0.10 INCH OR MORE: 4
MIN 32 OR BELOW: 24 0.50 INCH OR MORE: 0
MIN 0 OR BELOW: 2 1.00 INCH OR MORE: 0
[HDD (BASE 65) ]
TOTAL THIS MO. 795 CLEAR (SCALE 0-3) 13
DPTR FM NORMAL 45 PTCLDY (SCALE 4-7) 13
TOTAL FM JUL 1 1272 CLOUDY (SCALE 8-10) 5
DPTR FM NORMAL -98
[CDD (BASE 65) ]
TOTAL THIS MO. 0
DPTR FM NORMAL 0 [PRESSURE DATA]
TOTAL FM JAN 1 87 HIGHEST SLP 30.74 ON 25
DPTR FM NORMAL 6 LOWEST SLP 29.46 ON 10
[REMARKS]
#FINAL-10-20#