000
CXUS56 KLOX 011155
CF6BUR
PRELIMINARY LOCAL CLIMATOLOGICAL DATA (WS FORM: F-6)
STATION: HOLLYWOOD/BURBANK AIRPORT CA
MONTH: MARCH
YEAR: 2021
LATITUDE: 34 12 N
LONGITUDE: 118 22 W
TEMPERATURE IN F: :PCPN: SNOW: WIND :SUNSHINE: SKY :PK WND
================================================================================
1 2 3 4 5 6A 6B 7 8 9 10 11 12 13 14 15 16 17 18
12Z AVG MX 2MIN
DY MAX MIN AVG DEP HDD CDD WTR SNW DPTH SPD SPD DIR MIN PSBL S-S WX SPD DR
================================================================================
1 75 45 60 3 5 0 0.00 M M 3.6 13 190 M M 0 8 17 130
2 75 44 60 3 5 0 0.00 M M 4.8 16 180 M M 0 22 170
3 56 42 49 -8 16 0 0.05 M M 6.8 26 110 M M 4 1 36 110
4 67 41 54 -3 11 0 0.00 M M 3.5 10 190 M M 0 15 190
5 78 44 61 3 4 0 0.00 M M 3.5 14 220 M M 0 16 220
6 69 46 58 0 7 0 0.00 M M 6.2 14 190 M M 0 18 190
7 63 50 57 -1 8 0 0.00 M M 5.3 14 200 M M 7 17 200
8 65 49 57 -1 8 0 T M M 6.4 15 210 M M 6 18 210
9 63 43 53 -5 12 0 0.00 M M 4.6 18 260 M M 2 23 260
10 54 43 49 -9 16 0 0.66 M M 6.4 21 170 M M 8 13 26 200
11 53 41 47 -11 18 0 0.01 M M 4.4 14 330 M M 5 1 17 330
12 58 39 49 -9 16 0 T M M 3.8 17 110 M M 1 22 110
13 63 40 52 -6 13 0 0.00 M M 4.8 15 160 M M 1 18 150
14 63 51 57 -1 8 0 0.00 M M 4.6 14 200 M M 7 18 170
15 55 44 50 -8 15 0 0.21 M M 9.4 16 270 M M 7 1 23 310
16 59 41 50 -8 15 0 0.00 M M 5.3 10 210 M M 0 18 150
17 67 41 54 -4 11 0 0.00 M M 3.0 13 140 M M 0 18 140
18 70 49 60 2 5 0 0.00 M M 2.7 10 180 M M 0 M M
19 72 48 60 2 5 0 0.00 M M 4.0 10 180 M M 1 8 17 180
20 68 54 61 2 4 0 0.00 M M 7.7 15 350 M M 5 18 20 280
21 70 45 58 -1 7 0 0.00 M M 7.3 22 330 M M 0 28 330
22 68 47 58 -1 7 0 0.00 M M 6.9 14 200 M M 0 19 170
23 70 47 59 0 6 0 0.00 M M 12.2 32 10 M M 1 42 20
24 76 55 66 7 0 1 0.00 M M 9.7 25 20 M M 0 44 20
25 59 50 55 -4 10 0 0.00 M M 10.1 16 160 M M 6 28 160
26 66 49 58 -1 7 0 0.00 M M 5.5 17 160 M M 4 20 150
27 77 45 61 2 4 0 0.00 M M 3.5 10 170 M M 0 M M
28 87 50 69 10 0 4 0.00 M M 4.5 15 200 M M 0 19 240
29 82 53 68 9 0 3 0.00 M M 5.8 14 150 M M 0 20 130
30 81 52 67 8 0 2 0.00 M M 5.0 12 110 M M 2 18 19 100
31 86 52 69 9 0 4 0.00 M M 4.1 14 190 M M 0 17 200
================================================================================
SM 2115 1440 243 14 0.93 M 175.4 M 67
================================================================================
AV 68.2 46.5 5.7 FASTST M M 2 MAX(MPH)
MISC ----> 32 10 44 20
================================================================================
NOTES:
# LAST OF SEVERAL OCCURRENCES
COLUMN 17 PEAK WIND IN M.P.H.
PRELIMINARY LOCAL CLIMATOLOGICAL DATA (WS FORM: F-6) , PAGE 2
STATION: HOLLYWOOD/BURBANK AIRPORT CA
MONTH: MARCH
YEAR: 2021
LATITUDE: 34 12 N
LONGITUDE: 118 22 W
[TEMPERATURE DATA] [PRECIPITATION DATA] SYMBOLS USED IN COLUMN 16
AVERAGE MONTHLY: 57.3 TOTAL FOR MONTH: 0.93 1 = FOG OR MIST
DPTR FM NORMAL: -1.0 DPTR FM NORMAL: -2.04 2 = FOG REDUCING VISIBILITY
HIGHEST: 87 ON 28 GRTST 24HR 0.67 ON 10-11 TO 1/4 MILE OR LESS
LOWEST: 39 ON 12 3 = THUNDER
SNOW, ICE PELLETS, HAIL 4 = ICE PELLETS
TOTAL MONTH: M 5 = HAIL
GRTST 24HR M ON M 6 = FREEZING RAIN OR DRIZZLE
GRTST DEPTH: M ON M 7 = DUSTSTORM OR SANDSTORM:
VSBY 1/2 MILE OR LESS
8 = SMOKE OR HAZE
[NO. OF DAYS WITH] [WEATHER - DAYS WITH] 9 = BLOWING SNOW
X = TORNADO
MAX 32 OR BELOW: 0 0.01 INCH OR MORE: 4
MAX 90 OR ABOVE: 0 0.10 INCH OR MORE: 2
MIN 32 OR BELOW: 0 0.50 INCH OR MORE: 1
MIN 0 OR BELOW: 0 1.00 INCH OR MORE: 0
[HDD (BASE 65) ]
TOTAL THIS MO. 243 CLEAR (SCALE 0-3) 21
DPTR FM NORMAL 25 PTCLDY (SCALE 4-7) 9
TOTAL FM JUL 1 1053 CLOUDY (SCALE 8-10) 1
DPTR FM NORMAL -305
[CDD (BASE 65) ]
TOTAL THIS MO. 14
DPTR FM NORMAL 4 [PRESSURE DATA]
TOTAL FM JAN 1 43 HIGHEST SLP 30.25 ON 13
DPTR FM NORMAL 27 LOWEST SLP 29.74 ON 23
[REMARKS]
#FINAL-03-21#