000
CXUS53 KLMK 010710
CF6BWG
PRELIMINARY LOCAL CLIMATOLOGICAL DATA (WS FORM: F-6)
STATION: BOWLING GREEN KY
MONTH: SEPTEMBER
YEAR: 2021
LATITUDE: 36 58 N
LONGITUDE: 86 26 W
TEMPERATURE IN F: :PCPN: SNOW: WIND :SUNSHINE: SKY :PK WND
================================================================================
1 2 3 4 5 6A 6B 7 8 9 10 11 12 13 14 15 16 17 18
12Z AVG MX 2MIN
DY MAX MIN AVG DEP HDD CDD WTR SNW DPTH SPD SPD DIR MIN PSBL S-S WX SPD DR
================================================================================
1 84 67 76 0 0 11 0.00 0.0 0 5.1 13 30 M M 6 20 40
2 82 61 72 -4 0 7 0.00 0.0 0 4.9 14 60 M M 1 22 60
3 83 58 71 -5 0 6 0.00 0.0 0 2.7 10 220 M M 0 14 210
4 86 59 73 -2 0 8 0.00 0.0 0 5.6 17 220 M M 0 1 24 210
5 79 63 71 -4 0 6 0.17 0.0 0 3.7 10 230 M M 5 1 14 240
6 84 57 71 -4 0 6 0.00 0.0 0 2.3 12 50 M M 0 1 16 70
7 85 57 71 -3 0 6 0.00 0.0 0 3.5 12 220 M M 0 1 19 220
8 79 59 69 -5 0 4 0.76 0.0 0 2.9 13 230 M M 4 123 18 310
9 81 56 69 -5 0 4 0.00 0.0 0 2.4 12 320 M M 1 1 20 10
10 81 55 68 -5 0 3 0.00 0.0 0 1.1 8 80 M M 1 1 10 60
11 85 56 71 -2 0 6 0.00 0.0 0 6.2 16 190 M M 0 1 21 230
12 86 63 75 2 0 10 0.00 0.0 0 5.5 15 200 M M 0 20 220
13 89 64 77 5 0 12 0.00 0.0 0 3.3 12 190 M M 1 1 16 170
14 88 68 78 6 0 13 0.00 0.0 0 4.4 17 230 M M 2 26 220
15 77 67 72 0 0 7 2.59 0.0 0 4.1 14 180 M M 7 123 16 190
16 85 67 76 4 0 11 0.00 0.0 0 3.5 9 120 M M 5 12 14 60
17 80 66 73 2 0 8 T 0.0 0 2.4 10 170 M M 5 1 14 160
18 78 69 74 3 0 9 0.52 0.0 0 2.6 12 100 M M 4 13 15 100
19 75 68 72 2 0 7 0.24 0.0 0 4.4 9 140 M M 8 12 14 130
20 76 67 72 2 0 7 0.56 0.0 0 5.1 18 140 M M 7 1 27 140
21 83 66 75 5 0 10 0.72 0.0 0 2.3 12 180 M M 8 13 19 180
22 69 53 61 -8 4 0 0.38 0.0 0 8.2 21 280 M M 9 1 31 270
23 71 48 60 -9 5 0 0.00 0.0 0 4.7 15 270 M M 0 1 24 280
24 76 47 62 -7 3 0 0.00 0.0 0 2.4 10 180 M M 0 14 230
25 74 50 62 -6 3 0 0.05 0.0 0 1.3 12 160 M M 2 1 14 140
26 78 47 63 -5 2 0 0.00 0.0 0 2.7 10 190 M M 3 12 19 150
27 84 53 69 2 0 4 0.00 0.0 0 5.7 15 200 M M 0 22 190
28 86 56 71 4 0 6 0.00 0.0 0 4.0 13 220 M M 0 1 19 200
29 86 59 73 6 0 8 0.00 0.0 0 1.1 7 150 M M 0 1 13 110
30 86 62 74 8 0 9 0.00 0.0 M 2.1 9 40 M M 0 1 12 40
================================================================================
SM 2436 1788 17 188 5.99 0.0 110.2 M 79
================================================================================
AV 81.2 59.6 3.7 FASTST M M 3 MAX(MPH)
MISC ----> 21 280 31 270
================================================================================
NOTES:
# LAST OF SEVERAL OCCURRENCES
COLUMN 17 PEAK WIND IN M.P.H.
PRELIMINARY LOCAL CLIMATOLOGICAL DATA (WS FORM: F-6) , PAGE 2
STATION: BOWLING GREEN KY
MONTH: SEPTEMBER
YEAR: 2021
LATITUDE: 36 58 N
LONGITUDE: 86 26 W
[TEMPERATURE DATA] [PRECIPITATION DATA] SYMBOLS USED IN COLUMN 16
AVERAGE MONTHLY: 70.4 TOTAL FOR MONTH: 5.99 1 = FOG OR MIST
DPTR FM NORMAL: -1.0 DPTR FM NORMAL: 2.35 2 = FOG REDUCING VISIBILITY
HIGHEST: 89 ON 13 GRTST 24HR 2.59 ON 15-15 TO 1/4 MILE OR LESS
LOWEST: 47 ON 26,24 3 = THUNDER
SNOW, ICE PELLETS, HAIL 4 = ICE PELLETS
TOTAL MONTH: 0.0 INCH 5 = HAIL
GRTST 24HR 0.0 6 = FREEZING RAIN OR DRIZZLE
GRTST DEPTH: 0 7 = DUSTSTORM OR SANDSTORM:
VSBY 1/2 MILE OR LESS
8 = SMOKE OR HAZE
[NO. OF DAYS WITH] [WEATHER - DAYS WITH] 9 = BLOWING SNOW
X = TORNADO
MAX 32 OR BELOW: 0 0.01 INCH OR MORE: 9
MAX 90 OR ABOVE: 0 0.10 INCH OR MORE: 8
MIN 32 OR BELOW: 0 0.50 INCH OR MORE: 5
MIN 0 OR BELOW: 0 1.00 INCH OR MORE: 1
[HDD (BASE 65) ]
TOTAL THIS MO. 17 CLEAR (SCALE 0-3) 19
DPTR FM NORMAL -7 PTCLDY (SCALE 4-7) 9
TOTAL FM JUL 1 17 CLOUDY (SCALE 8-10) 2
DPTR FM NORMAL -4
[CDD (BASE 65) ]
TOTAL THIS MO. 188
DPTR FM NORMAL -29 [PRESSURE DATA]
TOTAL FM JAN 1 1597 HIGHEST SLP M ON M
DPTR FM NORMAL -29 LOWEST SLP 29.66 ON 1
[REMARKS]
#FINAL-09-21#