445
CXUS53 KLMK 190147
CF6BWG
PRELIMINARY LOCAL CLIMATOLOGICAL DATA (WS FORM: F-6)
STATION: BOWLING GREEN KY
MONTH: SEPTEMBER
YEAR: 2020
LATITUDE: 36 58 N
LONGITUDE: 86 26 W
TEMPERATURE IN F: :PCPN: SNOW: WIND :SUNSHINE: SKY :PK WND
================================================================================
1 2 3 4 5 6A 6B 7 8 9 10 11 12 13 14 15 16 17 18
12Z AVG MX 2MIN
DY MAX MIN AVG DEP HDD CDD WTR SNW DPTH SPD SPD DIR MIN PSBL S-S WX SPD DR
================================================================================
1 85 70 78 3 0 13 T 0.0 0 5.8 14 190 M M 3 18 20 180
2 87 74 81 6 0 16 0.81 0.0 0 7.1 17 280 M M 7 13 27 270
3 85 73 79 4 0 14 0.11 0.0 0 7.7 17 260 M M 5 13 24 260
4 80 60 70 -4 0 5 0.00 0.0 0 3.9 10 290 M M 4 1 21 320
5 84 57 71 -3 0 6 0.00 0.0 0 1.8 8 130 M M 0 12 60
6 86 58 72 -2 0 7 0.00 0.0 0 2.4 12 130 M M 0 14 130
7 88 61 75 2 0 10 0.00 0.0 0 5.4 15 190 M M 0 23 180
8 88 64 76 3 0 11 0.00 0.0 0 3.2 12 190 M M 0 16 210
9 90 65 78 5 0 13 0.00 0.0 0 1.1 12 260 M M 1 1 15 260
10 90 67 79 7 0 14 0.00 0.0 0 1.8 9 40 M M 1 1 14 10
11 90 69 80 8 0 15 0.00 0.0 0 5.5 14 40 M M 1 18 18 30
12 88 70 79 7 0 14 0.56 0.0 0 4.0 14 290 M M 5 13 20 280
13 81 70 76 5 0 11 0.03 0.0 0 1.8 7 100 M M 7 1 8 120
14 82 66 74 3 0 9 0.00 0.0 0 7.3 16 70 M M 2 1 22 40
15 81 61 71 1 0 6 0.00 0.0 0 6.7 14 60 M M 0 19 50
16 85 63 74 4 0 9 0.00 0.0 0 1.8 8 60 M M 2 12 40
17 83 65 74 4 0 9 0.00 0.0 0 4.4 15 40 M M 2 8 19 50
18 74 56 65 -4 0 0 0.00 0.0 0 7.9 17 40 M M 0 24 10
19 74 49 62 -7 3 0 0.00 0.0 0 6.3 14 60 M M 0 20 40
20 77 51 64 -4 1 0 0.00 0.0 0 5.8 16 60 M M 1 27 50
21 76 50 63 -5 2 0 0.00 0.0 0 3.2 12 200 M M 0 16 190
22 72 49 61 -7 4 0 0.00 0.0 0 2.0 10 240 M M 0 1 15 240
23 69 60 65 -2 0 0 0.06 0.0 0 1.0 7 100 M M 8 1 9 70
24 67 61 64 -3 1 0 0.03 0.0 0 5.2 10 80 M M 10 18 14 120
25 76 62 69 3 0 4 0.00 0.0 0 2.1 7 50 M M 8 1 10 10
26 77 59 68 2 0 3 0.00 0.0 0 3.8 13 210 M M 6 12 17 220
27 81 58 70 4 0 5 0.00 0.0 0 4.3 12 220 M M 3 1 20 220
28 70 51 61 -4 4 0 0.27 0.0 0 4.4 16 180 M M 5 1 22 280
29 68 48 58 -7 7 0 0.00 0.0 0 3.5 15 280 M M 2 18 22 280
30 80 49 65 1 0 0 0.00 0.0 0 10.6 26 220 M M 0 37 210
================================================================================
SM 2414 1816 22 194 1.87 0.0 131.8 M 83
================================================================================
AV 80.5 60.5 4.4 FASTST M M 3 MAX(MPH)
MISC ----> 26 220 37 210
================================================================================
NOTES:
# LAST OF SEVERAL OCCURRENCES
COLUMN 17 PEAK WIND IN M.P.H.
PRELIMINARY LOCAL CLIMATOLOGICAL DATA (WS FORM: F-6) , PAGE 2
STATION: BOWLING GREEN KY
MONTH: SEPTEMBER
YEAR: 2020
LATITUDE: 36 58 N
LONGITUDE: 86 26 W
[TEMPERATURE DATA] [PRECIPITATION DATA] SYMBOLS USED IN COLUMN 16
AVERAGE MONTHLY: 70.5 TOTAL FOR MONTH: 1.87 1 = FOG OR MIST
DPTR FM NORMAL: 0.4 DPTR FM NORMAL: -2.06 2 = FOG REDUCING VISIBILITY
HIGHEST: 90 ON 11,10 GRTST 24HR 0.84 ON 2- 3 TO 1/4 MILE OR LESS
LOWEST: 48 ON 29 3 = THUNDER
SNOW, ICE PELLETS, HAIL 4 = ICE PELLETS
TOTAL MONTH: 0.0 INCH 5 = HAIL
GRTST 24HR 0.0 6 = FREEZING RAIN OR DRIZZLE
GRTST DEPTH: 0 7 = DUSTSTORM OR SANDSTORM:
VSBY 1/2 MILE OR LESS
8 = SMOKE OR HAZE
[NO. OF DAYS WITH] [WEATHER - DAYS WITH] 9 = BLOWING SNOW
X = TORNADO
MAX 32 OR BELOW: 0 0.01 INCH OR MORE: 7
MAX 90 OR ABOVE: 3 0.10 INCH OR MORE: 4
MIN 32 OR BELOW: 0 0.50 INCH OR MORE: 2
MIN 0 OR BELOW: 0 1.00 INCH OR MORE: 0
[HDD (BASE 65) ]
TOTAL THIS MO. 22 CLEAR (SCALE 0-3) 20
DPTR FM NORMAL -13 PTCLDY (SCALE 4-7) 9
TOTAL FM JUL 1 22 CLOUDY (SCALE 8-10) 1
DPTR FM NORMAL -11
[CDD (BASE 65) ]
TOTAL THIS MO. 194
DPTR FM NORMAL 8 [PRESSURE DATA]
TOTAL FM JAN 1 1595 HIGHEST SLP 30.40 ON 21
DPTR FM NORMAL 140 LOWEST SLP 29.75 ON 28
[REMARKS]
#FINAL-09-20#