000
CXUS51 KLWX 010815
CF6BWI
PRELIMINARY LOCAL CLIMATOLOGICAL DATA (WS FORM: F-6)
STATION: BALTIMORE MD
MONTH: JUNE
YEAR: 2023
LATITUDE: 39 10 N
LONGITUDE: 76 40 W
TEMPERATURE IN F: :PCPN: SNOW: WIND :SUNSHINE: SKY :PK WND
================================================================================
1 2 3 4 5 6A 6B 7 8 9 10 11 12 13 14 15 16 17 18
12Z AVG MX 2MIN
DY MAX MIN AVG DEP HDD CDD WTR SNW DPTH SPD SPD DIR MIN PSBL S-S WX SPD DR
================================================================================
1 87 54 71 2 0 6 0.00 0.0 0 3.0 13 120 M M 2 8 17 120
2 97 59 78 9 0 13 0.00 0.0 0 4.0 14 60 M M 1 18 21 30
3 85 62 74 4 0 9 0.00 0.0 0 10.3 21 110 M M 7 8 27 110
4 80 59 70 0 0 5 0.00 0.0 0 8.1 17 40 M M 5 8 23 50
5 82 56 69 -1 0 4 0.00 0.0 0 5.4 17 330 M M 4 25 340
6 83 56 70 -1 0 5 T 0.0 0 8.2 18 270 M M 3 8 26 290
7 81 55 68 -3 0 3 0.00 0.0 0 5.4 15 290 M M 6 8 22 340
8 80 56 68 -3 0 3 0.00 0.0 0 6.3 16 110 M M 6 8 28 330
9 77 53 65 -7 0 0 0.01 0.0 0 6.6 24 290 M M 5 33 290
10 87 51 69 -3 0 4 0.00 0.0 0 6.5 18 270 M M 2 24 290
11 89 58 74 2 0 9 0.00 0.0 0 5.3 15 150 M M 7 8 23 190
12 81 60 71 -2 0 6 0.13 0.0 0 8.2 22 290 M M 8 138 34 220
13 83 57 70 -3 0 5 0.00 0.0 0 6.5 22 280 M M 4 32 280
14 84 60 72 -1 0 7 0.02 0.0 0 8.5 25 290 M M 5 40 240
15 84 53 69 -5 0 4 0.00 0.0 0 4.4 15 280 M M 2 23 300
16 83 59 71 -3 0 6 0.02 0.0 0 4.8 26 310 M M 6 8 37 330
17 85 59 72 -2 0 7 0.00 0.0 0 9.3 22 280 M M 3 8 30 320
18 88 58 73 -1 0 8 0.00 0.0 0 4.6 13 250 M M 1 8 23 350
19 90 58 74 -1 0 9 0.00 0.0 0 6.5 18 80 M M 6 8 26 100
20 80 70 75 0 0 10 T 0.0 0 13.0 18 80 M M 10 18 26 50
21 70 60 65 -10 0 0 0.34 0.0 0 15.9 26 60 M M 10 1 36 70
22 67 60 64 -12 1 0 0.07 0.0 0 12.2 18 70 M M 10 1 24 60
23 76 65 71 -5 0 6 0.98 0.0 0 6.1 15 70 M M 10 13 20 80
24 86 71 79 3 0 14 T 0.0 0 4.5 16 50 M M 8 138 26 20
25 92 67 80 4 0 15 0.00 0.0 0 4.4 15 260 M M 5 21 290
26 90 73 82 6 0 17 T 0.0 0 5.7 14 350 M M 7 38 23 240
27 88 68 78 1 0 13 1.77 0.0 0 3.8 18 220 M M 8 13 27 220
28 83 66 75 -2 0 10 0.00 0.0 0 7.6 17 310 M M 6 8 27 310
29 86 61 74 -3 0 9 0.00 0.0 0 3.8 12 110 M M 6 18 21 10
30 86 63 75 -2 0 10 0.97 0.0 0 4.9 23 260 M M 5 138 35 260
================================================================================
SM 2510 1807 1 217 4.31 0.0 203.8 M 168
================================================================================
AV 83.7 60.2 6.8 FASTST M M 6 MAX(MPH)
MISC ----> # 26 310 40 240
================================================================================
NOTES:
# LAST OF SEVERAL OCCURRENCES
COLUMN 17 PEAK WIND IN M.P.H.
PRELIMINARY LOCAL CLIMATOLOGICAL DATA (WS FORM: F-6) , PAGE 2
STATION: BALTIMORE MD
MONTH: JUNE
YEAR: 2023
LATITUDE: 39 10 N
LONGITUDE: 76 40 W
[TEMPERATURE DATA] [PRECIPITATION DATA] SYMBOLS USED IN COLUMN 16
AVERAGE MONTHLY: 72.0 TOTAL FOR MONTH: 4.31 1 = FOG OR MIST
DPTR FM NORMAL: -1.6 DPTR FM NORMAL: 0.33 2 = FOG REDUCING VISIBILITY
HIGHEST: 97 ON 2 GRTST 24HR 1.77 ON 27-27 TO 1/4 MILE OR LESS
LOWEST: 51 ON 10 3 = THUNDER
SNOW, ICE PELLETS, HAIL 4 = ICE PELLETS
TOTAL MONTH: 0.0 INCH 5 = HAIL
GRTST 24HR 0.0 6 = FREEZING RAIN OR DRIZZLE
GRTST DEPTH: 0 7 = DUSTSTORM OR SANDSTORM:
VSBY 1/2 MILE OR LESS
8 = SMOKE OR HAZE
[NO. OF DAYS WITH] [WEATHER - DAYS WITH] 9 = BLOWING SNOW
X = TORNADO
MAX 32 OR BELOW: 0 0.01 INCH OR MORE: 9
MAX 90 OR ABOVE: 4 0.10 INCH OR MORE: 5
MIN 32 OR BELOW: 0 0.50 INCH OR MORE: 3
MIN 0 OR BELOW: 0 1.00 INCH OR MORE: 1
[HDD (BASE 65) ]
TOTAL THIS MO. 1 CLEAR (SCALE 0-3) 7
DPTR FM NORMAL -10 PTCLDY (SCALE 4-7) 19
TOTAL FM JUL 1 3655 CLOUDY (SCALE 8-10) 4
DPTR FM NORMAL -827
[CDD (BASE 65) ]
TOTAL THIS MO. 217
DPTR FM NORMAL -49 [PRESSURE DATA]
TOTAL FM JAN 1 306 HIGHEST SLP 30.16 ON 21
DPTR FM NORMAL -71 LOWEST SLP 29.53 ON 14
[REMARKS]
#FINAL-06-23#