000
CXUS55 KRIW 011010
CF6BYG
PRELIMINARY LOCAL CLIMATOLOGICAL DATA (WS FORM: F-6)
STATION: BUFFALO WY
MONTH: MARCH
YEAR: 2022
LATITUDE: 44 22 N
LONGITUDE: 106 43 W
TEMPERATURE IN F: :PCPN: SNOW: WIND :SUNSHINE: SKY :PK WND
================================================================================
1 2 3 4 5 6A 6B 7 8 9 10 11 12 13 14 15 16 17 18
12Z AVG MX 2MIN
DY MAX MIN AVG DEP HDD CDD WTR SNW DPTH SPD SPD DIR MIN PSBL S-S WX SPD DR
================================================================================
1 61 40 51 20 14 0 0.00 M M 5.4 14 290 M M 3 18 310
2 61 37 49 18 16 0 0.00 M M 5.6 10 170 M M 2 14 300
3 63 33 48 17 17 0 0.00 M M 5.3 17 250 M M 0 21 240
4 60 24 42 10 23 0 0.11 M M 12.2 22 350 M M 8 12 27 350
5 24 13 19 -13 46 0 T M M 20.2 33 350 M M 8 189 44 350
6 21 10 16 -16 49 0 T M M 13.2 28 350 M M 5 18 36 350
7 35 8 22 -11 43 0 0.00 M M 5.5 17 150 M M 0 22 150
8 29 9 19 -14 46 0 T M M 17.4 32 340 M M 10 18 42 330
9 11 -2 5 -29 60 0 T M M 9.8 21 350 M M 6 18 27 340
10 23 -4 10 -24 55 0 0.00 M M 8.5 29 350 M M 1 40 340
11 29 6 18 -16 47 0 T M M 6.7 17 180 M M 5 22 180
12 56 20 38 3 27 0 0.00 M M 8.3 25 310 M M 3 36 310
13 50 33 42 7 23 0 T M M 9.2 32 340 M M 4 46 350
14 55 29 42 6 23 0 0.00 M M 7.4 17 140 M M 1 22 140
15 65 31 48 12 17 0 0.00 M M 6.2 22 320 M M 3 33 330
16 43 32 38 2 27 0 T M M 11.2 22 320 M M 8 33 310
17 45 27 36 0 29 0 0.00 M M 8.3 17 330 M M 1 24 350
18 51 27 39 2 26 0 0.00 M M 7.0 18 360 M M 2 28 20
19 59 30 45 8 20 0 0.00 M M 5.8 15 190 M M 0 20 220
20 58 29 44 7 21 0 0.02 M M 17.3 35 330 M M 7 12 50 340
21 37 25 31 -7 34 0 T M M 12.5 25 320 M M 7 34 320
22 46 32 39 1 26 0 T M M 21.1 37 320 M M 6 52 340
23 57 28 43 5 22 0 0.00 M M 5.4 13 250 M M 0 14 250
24 60 33 47 9 18 0 0.00 M M 15.9 35 350 M M 3 46 350
25 53 28 41 2 24 0 0.00 M M 6.6 21 160 M M 4 29 140
26 59 32 46 7 19 0 0.00 M M 4.9 15 350 M M 1 20 340
27 66 31 49 10 16 0 0.00 M M 6.2 15 170 M M 0 18 170
28 78 43 61 22 4 0 0.00 M M 9.2 24 250 M M 1 30 230
29 60 27 44 4 21 0 T M M 29.4 43 340 M M 8 1 58 340
30 52 23 38 -2 27 0 0.00 M M 15.1 33 350 M M 0 43 330
31 52 31 42 2 23 0 0.01 M M 11.9 22 330 M M 5 1 31 340
================================================================================
SM 1519 765 863 0 0.14 M 328.7 M 112
================================================================================
AV 49.0 24.7 10.6 FASTST M M 4 MAX(MPH)
MISC ----> 43 340 58 340
================================================================================
NOTES:
# LAST OF SEVERAL OCCURRENCES
COLUMN 17 PEAK WIND IN M.P.H.
PRELIMINARY LOCAL CLIMATOLOGICAL DATA (WS FORM: F-6) , PAGE 2
STATION: BUFFALO WY
MONTH: MARCH
YEAR: 2022
LATITUDE: 44 22 N
LONGITUDE: 106 43 W
[TEMPERATURE DATA] [PRECIPITATION DATA] SYMBOLS USED IN COLUMN 16
AVERAGE MONTHLY: 36.8 TOTAL FOR MONTH: 0.14 1 = FOG OR MIST
DPTR FM NORMAL: 0.9 DPTR FM NORMAL: -0.59 2 = FOG REDUCING VISIBILITY
HIGHEST: 78 ON 28 GRTST 24HR 0.11 ON 4- 4 TO 1/4 MILE OR LESS
LOWEST: -4 ON 10 3 = THUNDER
SNOW, ICE PELLETS, HAIL 4 = ICE PELLETS
TOTAL MONTH: M 5 = HAIL
GRTST 24HR M ON M 6 = FREEZING RAIN OR DRIZZLE
GRTST DEPTH: M ON M 7 = DUSTSTORM OR SANDSTORM:
VSBY 1/2 MILE OR LESS
8 = SMOKE OR HAZE
[NO. OF DAYS WITH] [WEATHER - DAYS WITH] 9 = BLOWING SNOW
X = TORNADO
MAX 32 OR BELOW: 6 0.01 INCH OR MORE: 3
MAX 90 OR ABOVE: 0 0.10 INCH OR MORE: 1
MIN 32 OR BELOW: 25 0.50 INCH OR MORE: 0
MIN 0 OR BELOW: 2 1.00 INCH OR MORE: 0
[HDD (BASE 65) ]
TOTAL THIS MO. 863 CLEAR (SCALE 0-3) 15
DPTR FM NORMAL -41 PTCLDY (SCALE 4-7) 14
TOTAL FM JUL 1 5453 CLOUDY (SCALE 8-10) 2
DPTR FM NORMAL -606
[CDD (BASE 65) ]
TOTAL THIS MO. 0
DPTR FM NORMAL 0 [PRESSURE DATA]
TOTAL FM JAN 1 0 HIGHEST SLP 30.42 ON 7
DPTR FM NORMAL 0 LOWEST SLP 29.37 ON 29
[REMARKS]
#FINAL-03-22#