000
CXUS55 KPIH 011442
CF6BYI
PRELIMINARY LOCAL CLIMATOLOGICAL DATA (WS FORM: F-6)
STATION: BURLEY
MONTH: DECEMBER
YEAR: 2022
LATITUDE: 42 32 N
LONGITUDE: 113 46 W
TEMPERATURE IN F: :PCPN: SNOW: WIND :SUNSHINE: SKY :PK WND
================================================================================
1 2 3 4 5 6A 6B 7 8 9 10 11 12 13 14 15 16 17 18
12Z AVG MX 2MIN
DY MAX MIN AVG DEP HDD CDD WTR SNW DPTH SPD SPD DIR MIN PSBL S-S WX SPD DR
================================================================================
1 46 26 36 4 29 0 0.01 M M 19.9 30 200 M M 10 1 44 200
2 27 7 17 -15 48 0 T M M 9.5 22 240 M M 3 1 30 250
3 27 7 17 -14 48 0 0.00 M M 12.1 21 60 M M 0 28 70
4 43 19 31 0 34 0 0.08 M M 11.4 21 70 M M 7 1 28 80
5 38 22 30 -1 35 0 T M M 5.4 14 220 M M 3 17 220
6 38 23 31 1 34 0 T M M 3.9 10 220 M M 9 13 210
7 28 15 22 -8 43 0 0.00 M M 5.0 13 80 M M 5 128 19 50
8 37 16 27 -3 38 0 0.00 M M 7.2 18 190 M M 3 1 24 200
9 35 23 29 -1 36 0 T M M 10.7 29 250 M M 5 1 43 240
10 41 27 34 4 31 0 T M M 5.6 18 230 M M 10 27 220
11 47 32 40 11 25 0 0.06 M M 6.0 17 70 M M 9 1 22 340
12 35 25 30 1 35 0 0.03 M M 5.4 14 200 M M 9 1 19 250
13 29 28 29 0 36 0 T M M 9.0 17 250 M M 10 1 23 290
14 30 25 28 -1 37 0 0.01 M M 9.1 17 260 M M 10 1 27 260
15 26 22 24 -5 41 0 0.01 M M 6.3 15 260 M M 10 126 21 290
16 25 11 18 -11 47 0 0.00 M M 3.5 10 200 M M 9 1 13 190
17 21 -3 9 -19 56 0 0.00 M M 3.6 10 80 M M 3 13 70
18 18 -5 7 -21 58 0 0.00 M M 1.6 8 210 M M 3 1 10 20
19 30 -3 14 -14 51 0 0.00 M M 3.9 16 220 M M 2 1 19 230
20 34 13 24 -4 41 0 0.00 M M 4.8 20 210 M M 4 8 25 200
21 40 19 30 2 35 0 T M M 17.4 35 250 M M 7 1 56 250
22 20 0 10 -18 55 0 0.00 M M 13.0 22 70 M M 4 31 70
23 22 4 13 -15 52 0 0.03 M M 11.9 21 60 M M 10 168 28 60
24 31 21 26 -2 39 0 T M M 4.6 10 60 M M 7 126 15 70
25 43 28 36 8 29 0 T M M 3.5 13 230 M M 8 16 230
26 51 31 41 13 24 0 0.00 M M 11.5 28 210 M M 1 38 210
27 50 36 43 15 22 0 0.25 M M 20.3 32 200 M M 8 1 46 250
28 38 29 34 6 31 0 T M M 13.6 25 260 M M 2 1 35 260
29 38 26 32 4 33 0 0.00 M M 11.5 20 200 M M 4 28 200
30 38 31 35 7 30 0 0.13 M M 9.0 28 200 M M 10 1 41 200
31 40 33 37 9 28 0 0.15 M M 8.2 22 250 M M 6 1 33 250
================================================================================
SM 1066 588 1181 0 0.76 M 268.4 M 191
================================================================================
AV 34.4 19.0 8.7 FASTST M M 6 MAX(MPH)
MISC ----> 35 250 56 250
================================================================================
NOTES:
# LAST OF SEVERAL OCCURRENCES
COLUMN 17 PEAK WIND IN M.P.H.
PRELIMINARY LOCAL CLIMATOLOGICAL DATA (WS FORM: F-6) , PAGE 2
STATION: BURLEY
MONTH: DECEMBER
YEAR: 2022
LATITUDE: 42 32 N
LONGITUDE: 113 46 W
[TEMPERATURE DATA] [PRECIPITATION DATA] SYMBOLS USED IN COLUMN 16
AVERAGE MONTHLY: 26.7 TOTAL FOR MONTH: 0.76 1 = FOG OR MIST
DPTR FM NORMAL: -2.5 DPTR FM NORMAL: -0.30 2 = FOG REDUCING VISIBILITY
HIGHEST: 51 ON 26 GRTST 24HR 0.28 ON 30-31 TO 1/4 MILE OR LESS
LOWEST: -5 ON 18 3 = THUNDER
SNOW, ICE PELLETS, HAIL 4 = ICE PELLETS
TOTAL MONTH: M 5 = HAIL
GRTST 24HR M ON M 6 = FREEZING RAIN OR DRIZZLE
GRTST DEPTH: M ON M 7 = DUSTSTORM OR SANDSTORM:
VSBY 1/2 MILE OR LESS
8 = SMOKE OR HAZE
[NO. OF DAYS WITH] [WEATHER - DAYS WITH] 9 = BLOWING SNOW
X = TORNADO
MAX 32 OR BELOW: 13 0.01 INCH OR MORE: 10
MAX 90 OR ABOVE: 0 0.10 INCH OR MORE: 3
MIN 32 OR BELOW: 29 0.50 INCH OR MORE: 0
MIN 0 OR BELOW: 4 1.00 INCH OR MORE: 0
[HDD (BASE 65) ]
TOTAL THIS MO. 1181 CLEAR (SCALE 0-3) 5
DPTR FM NORMAL 70 PTCLDY (SCALE 4-7) 14
TOTAL FM JUL 1 2714 CLOUDY (SCALE 8-10) 12
DPTR FM NORMAL 94
[CDD (BASE 65) ]
TOTAL THIS MO. 0
DPTR FM NORMAL 0 [PRESSURE DATA]
TOTAL FM JAN 1 650 HIGHEST SLP 30.63 ON 24
DPTR FM NORMAL 158 LOWEST SLP 29.44 ON 27
[REMARKS]
3RD: LOW OF 7 TIES PREVIOUS RECORD SET IN 2011.
#FINAL-12-22#