000
CXUS54 KHGX 011510
CF6BYY
PRELIMINARY LOCAL CLIMATOLOGICAL DATA (WS FORM: F-6)
STATION: Bay City
MONTH: NOVEMBER
YEAR: 2023
LATITUDE: 28 58 N
LONGITUDE: 95 52 W
TEMPERATURE IN F: :PCPN: SNOW: WIND :SUNSHINE: SKY :PK WND
================================================================================
1 2 3 4 5 6A 6B 7 8 9 10 11 12 13 14 15 16 17 18
12Z AVG MX 2MIN
DY MAX MIN AVG DEP HDD CDD WTR SNW DPTH SPD SPD DIR MIN PSBL S-S WX SPD DR
================================================================================
1 65 34 50 M 15 0 0.00 0.0 0 4.7 12 30 M M 0 18 20
2 71 31 51 M 14 0 M M M 6.1 10 140 M M 2 M M
3 76 49 63 M 2 0 M M M 5.9 9 150 M M 4 M M
4 78 55 67 M 0 2 M 0.0 M 7.5 16 130 M M 4 1 18 120
5 82 59 71 M 0 6 M 0.0 M 6.0 12 180 M M 3 1 M M
6 80 57 69 M 0 4 0.00 0.0 0 5.6 14 220 M M 2 1 18 220
7 78 57 68 M 0 3 T 0.0 0 5.8 14 180 M M 6 12 23 200
8 82 64 73 M 0 8 0.00 0.0 0 7.4 15 180 M M 2 22 190
9 82 62 72 M 0 7 0.43 0.0 0 4.8 14 190 M M 8 M M
10 67 54 61 M 4 0 0.37 0.0 0 9.1 15 10 M M 10 1 20 10
11 57 53 55 M 10 0 T 0.0 0 7.5 12 360 M M 10 1 M M
12 60 56 58 M 7 0 0.39 0.0 0 7.4 12 40 M M 10 1 M M
13 59 57 58 M 7 0 1.13 0.0 0 11.5 16 60 M M 10 22 50
14 69 54 62 M 3 0 M 0.0 0 6.2 10 20 M M 8 16 30
15 72 50 61 M 4 0 0.00 M 0 5.9 12 10 M M 2 1 17 330
16 61 55 58 M 7 0 M 0.0 0 2.7 7 80 M M 10 M M
17 76 49 63 M 2 0 0.00 0.0 0 2.9 10 240 M M 2 1 M M
18 75 55 65 M 0 0 0.00 0.0 0 4.7 10 70 M M 7 18 M M
19 73 50 62 M 3 0 M 0.0 0 5.7 14 130 M M 9 1 20 130
20 78 63 71 M 0 6 0.04 0.0 0 8.0 16 240 M M 6 1 25 210
21 62 44 53 M 12 0 M M 0 12.8 21 360 M M 1 29 350
22 55 38 47 M 18 0 M 0.0 0 5.1 10 330 M M 0 M M
23 60 40 50 M 15 0 0.01 M M 1.2 6 70 M M 8 M M
24 68 47 58 M 7 0 M M M 7.6 14 70 M M 6 17 60
25 65 47 56 M 9 0 M M M 9.1 15 90 M M 8 20 80
26 61 43 52 M 13 0 0.04 M M 12.9 18 10 M M 8 28 10
27 57 42 50 M 15 0 M 0.0 0 7.8 12 40 M M 9 17 50
28 65 39 52 M 13 0 M 0.0 0 5.1 12 80 M M 5 M M
29 65 38 52 M 13 0 M 0.0 0 7.0 14 110 M M 9 24 130
30 70 63 67 M 0 2 1.06 0.0 0 11.7 17 220 M M 9 1 30 160
================================================================================
SM 2069 1505 193 38 3.47 0.0 205.7 M 178
================================================================================
AV 69.0 50.2 6.9 FASTST M M 6 MAX(MPH)
MISC ----> 21 360 30 160
================================================================================
NOTES:
# LAST OF SEVERAL OCCURRENCES
COLUMN 17 PEAK WIND IN M.P.H.
PRELIMINARY LOCAL CLIMATOLOGICAL DATA (WS FORM: F-6) , PAGE 2
STATION: Bay City
MONTH: NOVEMBER
YEAR: 2023
LATITUDE: 28 58 N
LONGITUDE: 95 52 W
[TEMPERATURE DATA] [PRECIPITATION DATA] SYMBOLS USED IN COLUMN 16
AVERAGE MONTHLY: 59.6 TOTAL FOR MONTH: 3.47 1 = FOG OR MIST
DPTR FM NORMAL: 0.0 DPTR FM NORMAL: M 2 = FOG REDUCING VISIBILITY
HIGHEST: 82 ON 9, 8 GRTST 24HR 1.13 ON 13-13 TO 1/4 MILE OR LESS
LOWEST: 31 ON 2 3 = THUNDER
SNOW, ICE PELLETS, HAIL 4 = ICE PELLETS
TOTAL MONTH: 0.0 INCH 5 = HAIL
GRTST 24HR 0.0 6 = FREEZING RAIN OR DRIZZLE
GRTST DEPTH: 0 7 = DUSTSTORM OR SANDSTORM:
VSBY 1/2 MILE OR LESS
8 = SMOKE OR HAZE
[NO. OF DAYS WITH] [WEATHER - DAYS WITH] 9 = BLOWING SNOW
X = TORNADO
MAX 32 OR BELOW: 0 0.01 INCH OR MORE: 8
MAX 90 OR ABOVE: 0 0.10 INCH OR MORE: 5
MIN 32 OR BELOW: 1 0.50 INCH OR MORE: 2
MIN 0 OR BELOW: 0 1.00 INCH OR MORE: 2
[HDD (BASE 65) ]
TOTAL THIS MO. 193 CLEAR (SCALE 0-3) 9
DPTR FM NORMAL M PTCLDY (SCALE 4-7) 12
TOTAL FM JUL 1 249 CLOUDY (SCALE 8-10) 9
DPTR FM NORMAL M
[CDD (BASE 65) ]
TOTAL THIS MO. 38
DPTR FM NORMAL M [PRESSURE DATA]
TOTAL FM JAN 1 3601 HIGHEST SLP M ON M
DPTR FM NORMAL M LOWEST SLP M ON M
[REMARKS]
#FINAL-11-23#