000
CXUS56 KTFX 012138
CF6BZN
PRELIMINARY LOCAL CLIMATOLOGICAL DATA (WS FORM: F-6)
STATION: BOZEMAN/GALLATIN FIELD MT
MONTH: JUNE
YEAR: 2020
LATITUDE: 45 46 N
LONGITUDE: 111 9 W
TEMPERATURE IN F: :PCPN: SNOW: WIND :SUNSHINE: SKY :PK WND
================================================================================
1 2 3 4 5 6A 6B 7 8 9 10 11 12 13 14 15 16 17 18
12Z AVG MX 2MIN
DY MAX MIN AVG DEP HDD CDD WTR SNW DPTH SPD SPD DIR MIN PSBL S-S WX SPD DR
================================================================================
1 77 46 62 4 3 0 0.10 0.0 0 5.8 28 270 M M 3 1 34 290
2 78 47 63 5 2 0 0.01 0.0 0 4.3 12 290 M M 2 15 20
3 80 49 65 7 0 0 0.00 0.0 0 6.1 17 360 M M 2 20 350
4 78 53 66 8 0 1 T 0.0 0 6.7 18 290 M M 3 24 290
5 85 41 63 4 2 0 0.00 0.0 0 7.5 39 160 M M 1 38 48 150
6 76 49 63 4 2 0 0.43 0.0 0 5.6 45 290 M M 4 138 57 300
7 67 45 56 -3 9 0 0.03 0.0 0 9.6 29 210 M M 4 37 210
8 49 38 44 -15 21 0 0.52 0.0 0 6.1 18 200 M M 9 1 25 200
9 60 33 47 -13 18 0 0.02 0.0 0 6.3 15 280 M M 7 19 290
10 72 45 59 -1 6 0 T 0.0 0 4.2 13 340 M M 6 18 280
11 83 41 62 2 3 0 0.00 0.0 0 5.2 24 230 M M 1 3 32 220
12 91 49 70 10 0 5 0.00 0.0 0 7.5 24 170 M M 0 3 30 180
13 88 50 69 8 0 4 0.00 0.0 0 13.0 37 180 M M 0 49 180
14 58 36 47 -14 18 0 0.27 0.0 0 8.0 31 280 M M 5 1 40 280
15 69 33 51 -10 14 0 T 0.0 0 5.5 21 260 M M 5 30 280
16 54 48 51 -11 14 0 0.49 0.0 0 4.9 15 280 M M 10 1 19 280
17 49 45 47 -15 18 0 0.53 0.0 0 3.9 15 250 M M 10 1 19 260
18 63 43 53 -9 12 0 0.07 0.0 0 2.5 15 350 M M 7 1 17 350
19 72 38 55 -7 10 0 0.00 0.0 0 4.0 14 10 M M 1 17 10
20 73 43 58 -5 7 0 0.05 0.0 0 4.3 15 320 M M 5 19 320
21 74 52 63 0 2 0 0.00 0.0 0 4.9 21 320 M M 6 26 290
22 77 47 62 -1 3 0 0.00 0.0 0 5.8 13 180 M M 2 15 340
23 84 45 65 1 0 0 0.00 0.0 0 4.9 10 160 M M 0 13 40
24 90 51 71 7 0 6 0.10 0.0 0 6.9 41 300 M M 1 3 54 300
25 77 52 65 1 0 0 0.00 0.0 0 3.7 12 150 M M 3 14 140
26 88 48 68 3 0 3 0.00 0.0 0 5.1 12 140 M M 0 14 220
27 85 51 68 3 0 3 0.09 0.0 0 7.0 31 360 M M 2 13 39 360
28 60 48 54 -11 11 0 0.43 0.0 0 5.3 14 350 M M 7 13 15 230
29 57 39 48 -18 17 0 0.14 0.0 0 4.9 13 290 M M 8 1 15 290
30 63 37 50 -16 15 0 0.02 0.0 0 6.4 24 240 M M 4 30 240
================================================================================
SM 2177 1342 207 22 3.30 0.0 175.9 M 118
================================================================================
AV 72.6 44.7 5.9 FASTST M M 4 MAX(MPH)
MISC ----> 45 290 57 300
================================================================================
NOTES:
# LAST OF SEVERAL OCCURRENCES
COLUMN 17 PEAK WIND IN M.P.H.
PRELIMINARY LOCAL CLIMATOLOGICAL DATA (WS FORM: F-6) , PAGE 2
STATION: BOZEMAN/GALLATIN FIELD MT
MONTH: JUNE
YEAR: 2020
LATITUDE: 45 46 N
LONGITUDE: 111 9 W
[TEMPERATURE DATA] [PRECIPITATION DATA] SYMBOLS USED IN COLUMN 16
AVERAGE MONTHLY: 58.7 TOTAL FOR MONTH: 3.30 1 = FOG OR MIST
DPTR FM NORMAL: -2.9 DPTR FM NORMAL: 0.90 2 = FOG REDUCING VISIBILITY
HIGHEST: 91 ON 12 GRTST 24HR 0.55 ON 17-18 TO 1/4 MILE OR LESS
LOWEST: 33 ON 15, 9 3 = THUNDER
SNOW, ICE PELLETS, HAIL 4 = ICE PELLETS
TOTAL MONTH: 0.0 INCH 5 = HAIL
GRTST 24HR 0.0 6 = FREEZING RAIN OR DRIZZLE
GRTST DEPTH: 0 7 = DUSTSTORM OR SANDSTORM:
VSBY 1/2 MILE OR LESS
8 = SMOKE OR HAZE
[NO. OF DAYS WITH] [WEATHER - DAYS WITH] 9 = BLOWING SNOW
X = TORNADO
MAX 32 OR BELOW: 0 0.01 INCH OR MORE: 16
MAX 90 OR ABOVE: 2 0.10 INCH OR MORE: 9
MIN 32 OR BELOW: 0 0.50 INCH OR MORE: 2
MIN 0 OR BELOW: 0 1.00 INCH OR MORE: 0
[HDD (BASE 65) ]
TOTAL THIS MO. 207 CLEAR (SCALE 0-3) 14
DPTR FM NORMAL 66 PTCLDY (SCALE 4-7) 13
TOTAL FM JUL 1 8161 CLOUDY (SCALE 8-10) 3
DPTR FM NORMAL 603
[CDD (BASE 65) ]
TOTAL THIS MO. 22
DPTR FM NORMAL -16 [PRESSURE DATA]
TOTAL FM JAN 1 29 HIGHEST SLP 30.25 ON 18
DPTR FM NORMAL -13 LOWEST SLP 29.30 ON 6
[REMARKS]
#FINAL-06-20#