908
CXUS53 KGJT 011230
CLACAG
CLIMATE REPORT
NATIONAL WEATHER SERVICE GRAND JUNCTION CO
530 AM MST FRI JAN 01 2021
...................................
...THE CRAIG CO CLIMATE SUMMARY FOR THE YEAR OF 2020...
CLIMATE NORMAL PERIOD 1981 TO 2010
CLIMATE RECORD PERIOD 9999 TO 9999
WEATHER OBSERVED NORMAL DEPART LAST YEAR`S
VALUE DATE(S) VALUE FROM VALUE DATE(S)
NORMAL
................................................................
TEMPERATURE (F)
RECORD
HIGH MM MM
LOW MM MM
HIGHEST 98 08/18 MM MM 96 08/06
07/22
LOWEST -27 02/20 MM MM -28 01/02
AVG. MAXIMUM 60.3 57.9 2.4 57.6
AVG. MINIMUM 23.9 25.6 -1.7 24.5
MEAN 42.1 41.7 0.4 41.1
DAYS MAX >= 90 53 18.1 34.9 42
DAYS MAX <= 32 65 54.5 10.5 61
DAYS MIN <= 32 225 218.3 6.7 224
DAYS MIN <= 0 54 38.0 16.0 49
PRECIPITATION (INCHES)
RECORD
MAXIMUM MM MM
MINIMUM MM MM
TOTALS 9.32 16.06 -6.74 15.48
DAILY AVG. 0.02 0.04 -0.02 0.04
DAYS >= .01 85 MM MM 116
DAYS >= .10 43 MM MM 48
DAYS >= .50 0 MM MM 4
DAYS >= 1.00 0 MM MM 1
GREATEST
24 HR. TOTAL 0.37 MM 1.07
STORM TOTAL 0.21 MM
(MM/DD(HH)) MM
SNOWFALL (INCHES)
RECORDS
TOTAL MM MM
24 HR TOTAL MM
SNOW DEPTH MM MM
TOTALS MM MM MM MM
LIQUID EQUIV MM MM MM MM
SINCE 7/1 MM MM MM MM
LIQUID 7/1 MM MM MM MM
SNOWDEPTH AVG. MM MM
DAYS >= TRACE MM MM MM MM
DAYS >= 1.0 MM MM MM MM
GREATEST
SNOW DEPTH MM MM MM
24 HR TOTAL MM MM
STORM TOTAL MM MM
(MM/DD(HH)) MM
DEGREE DAYS
HEATING TOTAL 8531 8634 -103 8857
SINCE 7/1 3423 3555 -132 3556
COOLING TOTAL 268 143 125 246
SINCE 1/1 268 142 126 246
FREEZE DATES
RECORD
EARLIEST MM
LATEST MM
EARLIEST 09/09
LATEST 05/26
................................................................
WIND (MPH)
AVERAGE WIND SPEED 5.4
RESULTANT WIND SPEED/DIRECTION 2/250
HIGHEST WIND SPEED/DIRECTION 45/210 DATE 06/05
HIGHEST GUST SPEED/DIRECTION 65/280 DATE 06/05
SKY COVER
POSSIBLE SUNSHINE (PERCENT) MM
AVERAGE SKY COVER 0.29
NUMBER OF DAYS FAIR 229
NUMBER OF DAYS PC 83
NUMBER OF DAYS CLOUDY 54
AVERAGE RH (PERCENT) 58
WEATHER CONDITIONS. NUMBER OF DAYS WITH
THUNDERSTORM 26 MIXED PRECIP 0
HEAVY RAIN 7 RAIN 19
LIGHT RAIN 70 FREEZING RAIN 0
LT FREEZING RAIN 0 HAIL 0
HEAVY SNOW 7 SNOW 26
LIGHT SNOW 86 SLEET 0
FOG 111 FOG W/VIS <= 1/4 MILE 24
HAZE 44
- INDICATES NEGATIVE NUMBERS.
R INDICATES RECORD WAS SET OR TIED.
MM INDICATES DATA IS MISSING.
T INDICATES TRACE AMOUNT.
$$