000
CXUS55 KBOU 010900
CF6CCU
PRELIMINARY LOCAL CLIMATOLOGICAL DATA (WS FORM: F-6)
STATION: COPPER MTN/RED CLIFF
MONTH: OCTOBER
YEAR: 2023
LATITUDE: 39 28 N
LONGITUDE: 106 9 W
TEMPERATURE IN F: :PCPN: SNOW: WIND :SUNSHINE: SKY :PK WND
================================================================================
1 2 3 4 5 6A 6B 7 8 9 10 11 12 13 14 15 16 17 18
12Z AVG MX 2MIN
DY MAX MIN AVG DEP HDD CDD WTR SNW DPTH SPD SPD DIR MIN PSBL S-S WX SPD DR
================================================================================
1 55 41 48 M 17 0 M M M 17.4 30 140 M M 3 48 140
2 54 34 44 M 21 0 M M M 17.9 32 140 M M 5 47 140
3 34 30 32 M 33 0 M M M 10.9 21 160 M M 6 18 26 160
4 41 30 36 M 29 0 M M M 10.4 20 280 M M 8 26 270
5 48 34 41 M 24 0 M M M 9.8 15 290 M M 4 20 290
6 54 34 44 M 21 0 M M M 8.0 14 300 M M 0 18 280
7 54 37 46 M 19 0 M M M 7.9 16 260 M M 0 25 300
8 55 37 46 M 19 0 M M M 6.8 15 280 M M 0 18 280
9 54 37 46 M 19 0 M M M 7.1 14 280 M M 1 18 280
10 52 37 45 M 20 0 M M M 10.2 18 280 M M 3 30 280
11 46 30 38 M 27 0 M M M 11.1 24 250 M M 6 8 33 250
12 32 25 29 M 36 0 M M M 18.1 32 270 M M 10 18 43 280
13 34 23 29 M 36 0 M M M 6.4 16 290 M M 5 18 25 290
14 37 27 32 M 33 0 M M M 10.4 20 270 M M 2 29 260
15 45 30 38 M 27 0 M M M 9.2 16 280 M M 2 8 17 270
16 54 36 45 M 20 0 M M M 6.2 15 280 M M 1 22 280
17 54 37 46 M 19 0 M M M 12.3 22 270 M M 1 8 31 270
18 48 34 41 M 24 0 M M M 14.8 23 290 M M 1 31 290
19 54 36 45 M 20 0 M M M 10.6 20 280 M M 2 24 280
20 59 37 48 M 17 0 M M M 7.9 13 290 M M 0 20 300
21 59 43 51 M 14 0 M M M 7.3 13 300 M M 1 20 280
22 50 41 46 M 19 0 M M M 9.1 20 240 M M 1 35 270
23 54 37 46 M 19 0 M M M 9.1 18 140 M M 2 8 25 140
24 48 34 41 M 24 0 M M M 7.4 13 250 M M 4 23 200
25 50 34 42 M 23 0 M M M 7.0 14 160 M M 0 18 0
26 46 28 37 M 28 0 M M M 12.7 23 170 M M 4 47 250
27 43 30 37 M 28 0 M M M 13.0 25 230 M M 3 35 230
28 34 25 30 M 35 0 M M M 6.5 15 240 M M 10 23 290
29 23 7 15 M 50 0 M M M 8.6 16 280 M M 8 21 280
30 23 9 16 M 49 0 M M M 8.8 20 260 M M 0 8 25 260
31 30 16 23 M 42 0 M M M 10.3 16 290 M M 1 8 23 290
================================================================================
SM 1424 970 812 0 M M 313.4 M 94
================================================================================
AV 45.9 31.3 10.1 FASTST M M 3 MAX(MPH)
MISC ----> # 32 270 48 140
================================================================================
NOTES:
# LAST OF SEVERAL OCCURRENCES
COLUMN 17 PEAK WIND IN M.P.H.
PRELIMINARY LOCAL CLIMATOLOGICAL DATA (WS FORM: F-6) , PAGE 2
STATION: COPPER MTN/RED CLIFF
MONTH: OCTOBER
YEAR: 2023
LATITUDE: 39 28 N
LONGITUDE: 106 9 W
[TEMPERATURE DATA] [PRECIPITATION DATA] SYMBOLS USED IN COLUMN 16
AVERAGE MONTHLY: 38.6 TOTAL FOR MONTH: M 1 = FOG OR MIST
DPTR FM NORMAL: 0.0 DPTR FM NORMAL: M 2 = FOG REDUCING VISIBILITY
HIGHEST: 59 ON 20,21 GRTST 24HR M ON M TO 1/4 MILE OR LESS
LOWEST: 7 ON 29 3 = THUNDER
SNOW, ICE PELLETS, HAIL 4 = ICE PELLETS
TOTAL MONTH: M 5 = HAIL
GRTST 24HR M ON M 6 = FREEZING RAIN OR DRIZZLE
GRTST DEPTH: M ON M 7 = DUSTSTORM OR SANDSTORM:
VSBY 1/2 MILE OR LESS
8 = SMOKE OR HAZE
[NO. OF DAYS WITH] [WEATHER - DAYS WITH] 9 = BLOWING SNOW
X = TORNADO
MAX 32 OR BELOW: 4 0.01 INCH OR MORE: 0
MAX 90 OR ABOVE: 0 0.10 INCH OR MORE: 0
MIN 32 OR BELOW: 13 0.50 INCH OR MORE: 0
MIN 0 OR BELOW: 0 1.00 INCH OR MORE: 0
[HDD (BASE 65) ]
TOTAL THIS MO. 812 CLEAR (SCALE 0-3) 20
DPTR FM NORMAL M PTCLDY (SCALE 4-7) 9
TOTAL FM JUL 1 1672 CLOUDY (SCALE 8-10) 2
DPTR FM NORMAL M
[CDD (BASE 65) ]
TOTAL THIS MO. 0
DPTR FM NORMAL M [PRESSURE DATA]
TOTAL FM JAN 1 0 HIGHEST SLP M ON M
DPTR FM NORMAL M LOWEST SLP M ON M
[REMARKS]
#FINAL-10-23#