000
CXUS54 KLUB 010730
CF6CDS
PRELIMINARY LOCAL CLIMATOLOGICAL DATA (WS FORM: F-6)
STATION: CHILDRESS
MONTH: SEPTEMBER
YEAR: 2022
LATITUDE: 34 25 N
LONGITUDE: 100 17 W
TEMPERATURE IN F: :PCPN: SNOW: WIND :SUNSHINE: SKY :PK WND
================================================================================
1 2 3 4 5 6A 6B 7 8 9 10 11 12 13 14 15 16 17 18
12Z AVG MX 2MIN
DY MAX MIN AVG DEP HDD CDD WTR SNW DPTH SPD SPD DIR MIN PSBL S-S WX SPD DR
================================================================================
1 89 69 79 0 0 14 T 0.0 0 9.0 26 10 M M 3 1 34 10
2 96 69 83 4 0 18 0.00 0.0 0 8.7 14 210 M M 0 18 150
3 95 70 83 5 0 18 0.00 0.0 0 5.8 14 80 M M 1 22 100
4 95 69 82 4 0 17 0.00 0.0 0 6.9 17 320 M M 1 3 23 340
5 94 67 81 3 0 16 0.00 0.0 0 6.8 13 90 M M 1 19 120
6 94 67 81 3 0 16 0.00 0.0 0 6.7 14 120 M M 0 20 130
7 93 65 79 2 0 14 0.00 0.0 0 6.8 15 110 M M 0 25 130
8 92 65 79 2 0 14 0.00 0.0 0 5.9 12 140 M M 0 18 140
9 93 65 79 2 0 14 0.00 0.0 0 9.5 17 140 M M 0 23 140
10 89 63 76 0 0 11 0.07 0.0 0 9.2 28 360 M M 1 3 34 360
11 79 59 69 -7 0 4 T 0.0 0 8.4 18 10 M M 3 25 20
12 88 59 74 -2 0 9 0.00 0.0 0 8.1 15 200 M M 2 24 210
13 95 63 79 4 0 14 0.00 0.0 0 8.9 18 210 M M 1 25 200
14 92 68 80 5 0 15 0.00 0.0 0 11.9 22 150 M M 1 32 200
15 92 71 82 7 0 17 0.00 0.0 0 13.6 24 180 M M 2 36 170
16 94 65 80 6 0 15 0.00 0.0 0 13.7 23 190 M M 0 36 190
17 96 67 82 8 0 17 0.00 0.0 0 13.7 23 200 M M 0 33 170
18 94 67 81 7 0 16 0.00 0.0 0 11.3 23 210 M M 1 30 220
19 94 70 82 9 0 17 0.00 0.0 0 10.8 21 200 M M 1 30 210
20 95 68 82 9 0 17 0.00 0.0 0 10.8 21 210 M M 1 37 200
21 96 68 82 9 0 17 0.00 0.0 0 9.7 22 220 M M 0 28 200
22 85 61 73 1 0 8 0.00 0.0 0 10.6 23 10 M M 0 30 10
23 95 55 75 3 0 10 0.00 0.0 0 9.5 24 210 M M 0 32 230
24 95 68 82 10 0 17 0.00 0.0 0 9.4 18 210 M M 0 26 210
25 90 63 77 6 0 12 0.00 0.0 0 10.3 23 50 M M 0 39 50
26 86 54 70 -1 0 5 0.00 0.0 0 5.7 13 170 M M 0 17 170
27 94 59 77 7 0 12 0.00 0.0 0 9.9 21 210 M M 0 8 28 220
28 93 63 78 8 0 13 0.00 0.0 0 7.8 14 270 M M 0 17 50
29 93 58 76 6 0 11 0.00 0.0 0 7.8 20 140 M M 0 25 140
30 89 57 73 4 0 8 0.00 0.0 0 8.1 16 140 M M 0 22 140
================================================================================
SM 2765 1932 0 406 0.07 0.0 275.3 M 19
================================================================================
AV 92.2 64.4 9.2 FASTST M M 1 MAX(MPH)
MISC ----> 28 360 39 50
================================================================================
NOTES:
# LAST OF SEVERAL OCCURRENCES
COLUMN 17 PEAK WIND IN M.P.H.
PRELIMINARY LOCAL CLIMATOLOGICAL DATA (WS FORM: F-6) , PAGE 2
STATION: CHILDRESS
MONTH: SEPTEMBER
YEAR: 2022
LATITUDE: 34 25 N
LONGITUDE: 100 17 W
[TEMPERATURE DATA] [PRECIPITATION DATA] SYMBOLS USED IN COLUMN 16
AVERAGE MONTHLY: 78.3 TOTAL FOR MONTH: 0.07 1 = FOG OR MIST
DPTR FM NORMAL: 3.9 DPTR FM NORMAL: -2.31 2 = FOG REDUCING VISIBILITY
HIGHEST: 96 ON 21,17 GRTST 24HR 0.07 ON 10-10 TO 1/4 MILE OR LESS
LOWEST: 54 ON 26 3 = THUNDER
SNOW, ICE PELLETS, HAIL 4 = ICE PELLETS
TOTAL MONTH: 0.0 INCH 5 = HAIL
GRTST 24HR 0.0 6 = FREEZING RAIN OR DRIZZLE
GRTST DEPTH: 0 7 = DUSTSTORM OR SANDSTORM:
VSBY 1/2 MILE OR LESS
8 = SMOKE OR HAZE
[NO. OF DAYS WITH] [WEATHER - DAYS WITH] 9 = BLOWING SNOW
X = TORNADO
MAX 32 OR BELOW: 0 0.01 INCH OR MORE: 1
MAX 90 OR ABOVE: 23 0.10 INCH OR MORE: 0
MIN 32 OR BELOW: 0 0.50 INCH OR MORE: 0
MIN 0 OR BELOW: 0 1.00 INCH OR MORE: 0
[HDD (BASE 65) ]
TOTAL THIS MO. 0 CLEAR (SCALE 0-3) 29
DPTR FM NORMAL -13 PTCLDY (SCALE 4-7) 1
TOTAL FM JUL 1 0 CLOUDY (SCALE 8-10) 0
DPTR FM NORMAL -10
[CDD (BASE 65) ]
TOTAL THIS MO. 406
DPTR FM NORMAL 112 [PRESSURE DATA]
TOTAL FM JAN 1 2791 HIGHEST SLP M ON M
DPTR FM NORMAL 615 LOWEST SLP 29.70 ON 9
[REMARKS]
#FINAL-09-22#