000
CXUS54 KLUB 010755
CF6CDS
PRELIMINARY LOCAL CLIMATOLOGICAL DATA (WS FORM: F-6)
STATION: CHILDRESS
MONTH: MARCH
YEAR: 2020
LATITUDE: 34 25 N
LONGITUDE: 100 17 W
TEMPERATURE IN F: :PCPN: SNOW: WIND :SUNSHINE: SKY :PK WND
================================================================================
1 2 3 4 5 6A 6B 7 8 9 10 11 12 13 14 15 16 17 18
12Z AVG MX 2MIN
DY MAX MIN AVG DEP HDD CDD WTR SNW DPTH SPD SPD DIR MIN PSBL S-S WX SPD DR
================================================================================
1 80 41 61 12 4 0 0.00 0.0 0 11.6 21 300 M M 0 26 270
2 64 41 53 4 12 0 0.00 0.0 0 9.3 20 10 M M 0 24 10
3 62 48 55 5 10 0 0.10 0.0 0 8.9 18 360 M M 2 1 24 350
4 56 39 48 -2 17 0 0.02 0.0 0 6.6 15 50 M M 2 1 19 40
5 67 34 51 1 14 0 0.00 0.0 0 10.9 28 50 M M 0 36 50
6 68 35 52 2 13 0 0.00 0.0 0 8.5 18 170 M M 0 26 190
7 72 36 54 3 11 0 0.00 0.0 0 15.2 28 180 M M 0 35 180
8 58 44 51 0 14 0 0.24 0.0 0 14.8 22 190 M M 7 1 29 180
9 73 51 62 11 3 0 0.04 0.0 0 11.6 28 300 M M 1 31 300
10 81 43 62 10 3 0 0.00 0.0 0 9.2 22 230 M M 0 25 220
11 72 53 63 11 2 0 0.00 0.0 0 7.6 16 10 M M 0 20 350
12 85 54 70 18 0 5 0.00 0.0 0 9.2 17 70 M M 0 26 70
13 61 42 52 -1 13 0 0.39 0.0 0 10.3 21 60 M M 10 13 28 60
14 59 41 50 -3 15 0 0.02 0.0 0 7.7 17 320 M M 10 13 21 60
15 47 41 44 -9 21 0 0.10 0.0 0 7.9 16 50 M M 10 13 21 60
16 62 44 53 -1 12 0 0.00 0.0 0 7.3 18 180 M M 9 12 23 190
17 56 50 53 -1 12 0 0.85 0.0 0 9.3 20 50 M M 10 123 26 50
18 78 46 62 8 3 0 0.12 0.0 0 7.2 22 130 M M 4 1238 27 130
19 72 50 61 7 4 0 0.09 0.0 0 15.9 32 260 M M 1 13 40 250
20 53 38 46 -9 19 0 0.00 0.0 0 16.1 33 350 M M 4 40 350
21 47 34 41 -14 24 0 T 0.0 0 5.4 13 310 M M 5 13 15 140
22 68 41 55 0 10 0 0.00 0.0 0 9.4 18 170 M M 4 12 23 170
23 72 49 61 5 4 0 0.00 0.0 0 7.5 21 130 M M 2 12 24 140
24 77 46 62 6 3 0 0.00 0.0 0 8.4 18 330 M M 0 1 22 320
25 87 46 67 11 0 2 0.00 0.0 0 9.6 23 240 M M 0 31 220
26 96 54 75 19 0 10 0.00 0.0 0 11.9 26 220 M M 0 33 220
27 81 56 69 12 0 4 0.00 0.0 0 9.1 18 180 M M 1 22 180
28 72 47 60 3 5 0 0.00 0.0 0 15.7 32 300 M M 1 42 300
29 71 37 54 -3 11 0 0.00 0.0 0 6.8 18 140 M M 0 23 140
30 57 50 54 -4 11 0 0.03 0.0 0 10.4 21 130 M M 9 13 26 110
31 66 47 57 -1 8 0 0.00 0.0 0 9.1 16 130 M M 3 19 140
================================================================================
SM 2120 1378 278 21 2.00 0.0 308.4 M 95
================================================================================
AV 68.4 44.5 9.9 FASTST M M 3 MAX(MPH)
MISC ----> # 33 350 # 42 300
================================================================================
NOTES:
# LAST OF SEVERAL OCCURRENCES
COLUMN 17 PEAK WIND IN M.P.H.
PRELIMINARY LOCAL CLIMATOLOGICAL DATA (WS FORM: F-6) , PAGE 2
STATION: CHILDRESS
MONTH: MARCH
YEAR: 2020
LATITUDE: 34 25 N
LONGITUDE: 100 17 W
[TEMPERATURE DATA] [PRECIPITATION DATA] SYMBOLS USED IN COLUMN 16
AVERAGE MONTHLY: 56.4 TOTAL FOR MONTH: 2.00 1 = FOG OR MIST
DPTR FM NORMAL: 2.9 DPTR FM NORMAL: 0.47 2 = FOG REDUCING VISIBILITY
HIGHEST: 96 ON 26 GRTST 24HR 0.85 ON 17-17 TO 1/4 MILE OR LESS
LOWEST: 34 ON 21, 5 3 = THUNDER
SNOW, ICE PELLETS, HAIL 4 = ICE PELLETS
TOTAL MONTH: 0.0 INCH 5 = HAIL
GRTST 24HR 0.0 6 = FREEZING RAIN OR DRIZZLE
GRTST DEPTH: 0 7 = DUSTSTORM OR SANDSTORM:
VSBY 1/2 MILE OR LESS
8 = SMOKE OR HAZE
[NO. OF DAYS WITH] [WEATHER - DAYS WITH] 9 = BLOWING SNOW
X = TORNADO
MAX 32 OR BELOW: 0 0.01 INCH OR MORE: 11
MAX 90 OR ABOVE: 1 0.10 INCH OR MORE: 6
MIN 32 OR BELOW: 0 0.50 INCH OR MORE: 1
MIN 0 OR BELOW: 0 1.00 INCH OR MORE: 0
[HDD (BASE 65) ]
TOTAL THIS MO. 278 CLEAR (SCALE 0-3) 19
DPTR FM NORMAL -97 PTCLDY (SCALE 4-7) 6
TOTAL FM JUL 1 2840 CLOUDY (SCALE 8-10) 6
DPTR FM NORMAL -95
[CDD (BASE 65) ]
TOTAL THIS MO. 21
DPTR FM NORMAL 3 [PRESSURE DATA]
TOTAL FM JAN 1 21 HIGHEST SLP M ON M
DPTR FM NORMAL 2 LOWEST SLP 29.53 ON 26
[REMARKS]
#FINAL-03-20#