000
CXUS56 KEKA 020447
CF6CEC
PRELIMINARY LOCAL CLIMATOLOGICAL DATA (WS FORM: F-6)
STATION: CRESCENT CITY CA
MONTH: JANUARY
YEAR: 2022
LATITUDE: 41 46 N
LONGITUDE: 124 14 W
TEMPERATURE IN F: :PCPN: SNOW: WIND :SUNSHINE: SKY :PK WND
================================================================================
1 2 3 4 5 6A 6B 7 8 9 10 11 12 13 14 15 16 17 18
12Z AVG MX 2MIN
DY MAX MIN AVG DEP HDD CDD WTR SNW DPTH SPD SPD DIR MIN PSBL S-S WX SPD DR
================================================================================
1 47 31 39 -9 26 0 0.00 M M 5.1 8 90 M M 0 13 60
2 52 35 44 -4 21 0 T M M 18.3 30 160 M M 6 50 160
3 54 47 51 3 14 0 0.76 M M 23.6 48 170 M M 10 18 69 180
4 51 48 50 2 15 0 0.64 M M 16.7 29 150 M M 10 18 40 160
5 53 51 52 4 13 0 0.33 M M 12.2 18 180 M M 10 1 25 180
6 53 50 52 4 13 0 0.40 M M 14.3 30 170 M M 10 2 42 170
7 52 42 47 -2 18 0 0.40 M M 10.2 35 180 M M 9 18 49 160
8 51 39 45 -4 20 0 0.00 M M 5.4 10 330 M M 3 18 14 340
9 60 41 51 2 14 0 0.00 M M 5.5 13 170 M M 0 8 21 160
10 58 44 51 2 14 0 0.01 M M 5.2 12 150 M M 7 18 16 140
11 57 46 52 3 13 0 0.00 M M 5.7 14 170 M M 5 18 18 180
12 56 41 49 0 16 0 0.03 M M 8.8 22 180 M M 2 18 30 150
13 53 41 47 -2 18 0 0.13 M M 5.7 20 170 M M 9 18 26 180
14 53 37 45 -4 20 0 0.00 M M 5.6 14 340 M M 2 28 20 330
15 58 38 48 -1 17 0 0.00 M M 3.0 12 340 M M 0 18 16 340
16 56 38 47 -2 18 0 0.00 M M 3.0 8 330 M M 2 28 11 320
17 50 37 44 -5 21 0 0.00 M M 3.1 10 330 M M 6 28 16 330
18 53 42 48 -1 17 0 T M M 3.1 9 310 M M 7 18 12 310
19 54 45 50 1 15 0 0.00 M M 2.3 8 320 M M 9 2 10 360
20 56 43 50 1 15 0 0.00 M M 7.6 18 350 M M 7 2 32 340
21 65 42 54 5 11 0 0.00 M M 9.4 23 330 M M 0 18 35 330
22 73 45 59 10 6 0 0.00 M M 9.3 17 40 M M 0 8 23 40
23 72 43 58 9 7 0 0.00 M M 5.1 10 180 M M 0 8 13 60
24 56 40 48 -2 17 0 0.00 M M 4.3 9 320 M M 3 28 12 90
25 52 40 46 -4 19 0 0.00 M M 4.5 12 150 M M 6 28 17 160
26 51 41 46 -4 19 0 0.00 M M 5.1 13 170 M M 6 28 19 170
27 53 34 44 -6 21 0 0.00 M M 3.6 10 320 M M 3 28 13 330
28 61 36 49 -1 16 0 0.00 M M 3.8 10 340 M M 0 18 15 340
29 57 37 47 -3 18 0 0.00 M M 3.5 10 310 M M 0 18 15 100
30 53 36 45 -5 20 0 0.24 M M 7.1 17 330 M M 7 18 24 330
31 51 39 45 -5 20 0 0.00 M M 13.0 24 340 M M 1 18 39 340
================================================================================
SM 1721 1269 512 0 2.94 M 233.1 M 140
================================================================================
AV 55.5 40.9 7.5 FASTST M M 5 MAX(MPH)
MISC ----> 48 170 69 180
================================================================================
NOTES:
# LAST OF SEVERAL OCCURRENCES
COLUMN 17 PEAK WIND IN M.P.H.
PRELIMINARY LOCAL CLIMATOLOGICAL DATA (WS FORM: F-6) , PAGE 2
STATION: CRESCENT CITY CA
MONTH: JANUARY
YEAR: 2022
LATITUDE: 41 46 N
LONGITUDE: 124 14 W
[TEMPERATURE DATA] [PRECIPITATION DATA] SYMBOLS USED IN COLUMN 16
AVERAGE MONTHLY: 48.2 TOTAL FOR MONTH: 2.94 1 = FOG OR MIST
DPTR FM NORMAL: -0.8 DPTR FM NORMAL: -6.46 2 = FOG REDUCING VISIBILITY
HIGHEST: 73 ON 22 GRTST 24HR 0.86 ON 3- 4 TO 1/4 MILE OR LESS
LOWEST: 31 ON 1 3 = THUNDER
SNOW, ICE PELLETS, HAIL 4 = ICE PELLETS
TOTAL MONTH: M 5 = HAIL
GRTST 24HR M ON M 6 = FREEZING RAIN OR DRIZZLE
GRTST DEPTH: M ON M 7 = DUSTSTORM OR SANDSTORM:
VSBY 1/2 MILE OR LESS
8 = SMOKE OR HAZE
[NO. OF DAYS WITH] [WEATHER - DAYS WITH] 9 = BLOWING SNOW
X = TORNADO
MAX 32 OR BELOW: 0 0.01 INCH OR MORE: 9
MAX 90 OR ABOVE: 0 0.10 INCH OR MORE: 7
MIN 32 OR BELOW: 1 0.50 INCH OR MORE: 2
MIN 0 OR BELOW: 0 1.00 INCH OR MORE: 0
[HDD (BASE 65) ]
TOTAL THIS MO. 512 CLEAR (SCALE 0-3) 15
DPTR FM NORMAL 18 PTCLDY (SCALE 4-7) 9
TOTAL FM JUL 1 2512 CLOUDY (SCALE 8-10) 7
DPTR FM NORMAL 91
[CDD (BASE 65) ]
TOTAL THIS MO. 0
DPTR FM NORMAL 0 [PRESSURE DATA]
TOTAL FM JAN 1 0 HIGHEST SLP 30.46 ON 20
DPTR FM NORMAL 0 LOWEST SLP 29.70 ON 7
[REMARKS]
#FINAL-01-22#