000
CXUS55 KGJT 010910
CF6CEZ
PRELIMINARY LOCAL CLIMATOLOGICAL DATA (WS FORM: F-6)
STATION: CORTEZ CO
MONTH: MAY
YEAR: 2022
LATITUDE: 37 17 N
LONGITUDE: 108 38 W
TEMPERATURE IN F: :PCPN: SNOW: WIND :SUNSHINE: SKY :PK WND
================================================================================
1 2 3 4 5 6A 6B 7 8 9 10 11 12 13 14 15 16 17 18
12Z AVG MX 2MIN
DY MAX MIN AVG DEP HDD CDD WTR SNW DPTH SPD SPD DIR MIN PSBL S-S WX SPD DR
================================================================================
1 78 28 53 2 12 0 T M M 14.0 36 210 M M 2 8 49 220
2 69 32 51 -1 14 0 0.00 M M 5.3 16 280 M M 1 25 270
3 73 36 55 3 10 0 T M M 13.5 35 190 M M 1 8 56 230
4 58 23 41 -11 24 0 0.00 M M 8.8 26 290 M M 3 35 290
5 72 25 49 -3 16 0 0.00 M M 7.0 20 270 M M 0 30 250
6 82 33 58 5 7 0 0.00 M M 7.8 23 290 M M 0 29 290
7 85 43 64 11 1 0 0.00 M M 16.1 37 220 M M 0 8 52 210
8 79 52 66 13 0 1 0.00 M M 21.3 39 210 M M 3 8 51 200
9 75 48 62 8 3 0 0.00 M M 16.2 32 210 M M 0 47 210
10 81 41 61 7 4 0 0.00 M M 13.8 31 210 M M 0 41 220
11 79 42 61 7 4 0 0.00 M M 15.7 35 210 M M 0 49 220
12 65 33 49 -6 16 0 0.00 M M 8.1 23 210 M M 0 36 210
13 74 27 51 -4 14 0 0.00 M M 6.6 20 290 M M 0 26 290
14 82 30 56 1 9 0 0.00 M M 6.7 16 260 M M 0 23 270
15 87 34 61 5 4 0 0.00 M M 6.2 16 290 M M 0 23 270
16 86 38 62 6 3 0 0.00 M M 8.2 28 130 M M 0 36 130
17 86 38 62 6 3 0 0.00 M M 6.9 18 280 M M 0 28 310
18 86 42 64 7 1 0 0.00 M M 7.3 23 280 M M 0 47 260
19 86 38 62 5 3 0 0.00 M M 11.2 28 230 M M 0 49 240
20 73 50 62 5 3 0 0.00 M M 13.4 28 200 M M 4 37 170
21 69 46 58 0 7 0 0.00 M M 6.7 22 210 M M 8 30 240
22 75 37 56 -2 9 0 0.00 M M 6.7 24 200 M M 3 31 220
23 64 39 52 -6 13 0 T M M 6.5 29 310 M M 3 45 300
24 70 30 50 -8 15 0 0.00 M M 11.3 30 310 M M 0 42 320
25 79 32 56 -3 9 0 0.00 M M 10.8 23 320 M M 0 36 10
26 87 36 62 3 3 0 0.00 M M 6.4 16 290 M M 0 23 290
27 88 39 64 5 1 0 0.00 M M 8.2 25 210 M M 0 43 230
28 85 51 68 8 0 3 0.00 M M 14.7 30 200 M M 0 40 200
29 79 39 59 -1 6 0 T M M 14.5 30 260 M M 3 8 48 260
30 68 29 49 -11 16 0 0.00 M M 7.2 24 210 M M 1 34 210
31 73 30 52 -9 13 0 0.00 M M 5.8 18 310 M M 0 25 320
================================================================================
SM 2393 1141 243 4 T M 312.9 M 32
================================================================================
AV 77.2 36.8 10.1 FASTST M M 1 MAX(MPH)
MISC ----> 39 210 56 230
================================================================================
NOTES:
# LAST OF SEVERAL OCCURRENCES
COLUMN 17 PEAK WIND IN M.P.H.
PRELIMINARY LOCAL CLIMATOLOGICAL DATA (WS FORM: F-6) , PAGE 2
STATION: CORTEZ CO
MONTH: MAY
YEAR: 2022
LATITUDE: 37 17 N
LONGITUDE: 108 38 W
[TEMPERATURE DATA] [PRECIPITATION DATA] SYMBOLS USED IN COLUMN 16
AVERAGE MONTHLY: 57.0 TOTAL FOR MONTH: T 1 = FOG OR MIST
DPTR FM NORMAL: 1.1 DPTR FM NORMAL: -0.74 2 = FOG REDUCING VISIBILITY
HIGHEST: 88 ON 27 GRTST 24HR T ON 1- 1 TO 1/4 MILE OR LESS
LOWEST: 23 ON 4 3 = THUNDER
SNOW, ICE PELLETS, HAIL 4 = ICE PELLETS
TOTAL MONTH: M 5 = HAIL
GRTST 24HR M ON M 6 = FREEZING RAIN OR DRIZZLE
GRTST DEPTH: M ON M 7 = DUSTSTORM OR SANDSTORM:
VSBY 1/2 MILE OR LESS
8 = SMOKE OR HAZE
[NO. OF DAYS WITH] [WEATHER - DAYS WITH] 9 = BLOWING SNOW
X = TORNADO
MAX 32 OR BELOW: 0 0.01 INCH OR MORE: 0
MAX 90 OR ABOVE: 0 0.10 INCH OR MORE: 0
MIN 32 OR BELOW: 10 0.50 INCH OR MORE: 0
MIN 0 OR BELOW: 0 1.00 INCH OR MORE: 0
[HDD (BASE 65) ]
TOTAL THIS MO. 243 CLEAR (SCALE 0-3) 28
DPTR FM NORMAL -46 PTCLDY (SCALE 4-7) 3
TOTAL FM JUL 1 5870 CLOUDY (SCALE 8-10) 0
DPTR FM NORMAL -376
[CDD (BASE 65) ]
TOTAL THIS MO. 4
DPTR FM NORMAL -3 [PRESSURE DATA]
TOTAL FM JAN 1 4 HIGHEST SLP M ON M
DPTR FM NORMAL -3 LOWEST SLP 29.30 ON 29
[REMARKS]
#FINAL-05-22#