000
CXUS53 KGJT 011433
CLACEZ
CLIMATE REPORT
NATIONAL WEATHER SERVICE GRAND JUNCTION CO
642 AM MST WED JAN 1 2020
...................................
...THE CORTEZ CO CLIMATE SUMMARY FOR THE YEAR OF 2019...
CLIMATE NORMAL PERIOD 1981 TO 2010
CLIMATE RECORD PERIOD 9999 TO 9999
WEATHER OBSERVED NORMAL DEPART LAST YEAR`S
VALUE DATE(S) VALUE FROM VALUE DATE(S)
NORMAL
................................................................
TEMPERATURE (F)
RECORD
HIGH MM MM
LOW MM MM
HIGHEST 97 07/16 MM MM 98 07/23
07/19
06/27
LOWEST -14 01/02 MM MM -4 12/04
AVG. MAXIMUM 64.6 65.0 -0.4 67.7
AVG. MINIMUM 31.8 32.1 -0.3 32.6
MEAN 48.2 48.5 -0.3 50.1
DAYS MAX >= 90 62 31.3 30.7 56
DAYS MAX <= 32 16 8.3 7.7 9
DAYS MIN <= 32 192 189.2 2.8 182
DAYS MIN <= 0 7 3.9 3.1 4
PRECIPITATION (INCHES)
RECORD
MAXIMUM MM MM
MINIMUM MM MM
TOTALS 12.71 13.60 -0.89 9.81
DAILY AVG. 0.04 0.04 0.00 0.03
DAYS >= .01 77 MM MM 59
DAYS >= .10 37 MM MM 27
DAYS >= .50 6 MM MM 2
DAYS >= 1.00 0 MM MM 2
GREATEST
24 HR. TOTAL 0.85 MM
SNOWFALL (INCHES)
RECORDS
TOTAL MM MM
24 HR TOTAL MM
SNOW DEPTH MM MM
TOTALS MM MM MM MM
LIQUID EQUIV MM MM MM MM
SINCE 7/1 MM MM MM MM
LIQUID 7/1 MM MM MM MM
SNOWDEPTH AVG. MM MM MM MM
DAYS >= TRACE MM MM MM MM
DAYS >= 1.0 MM MM MM MM
GREATEST
SNOW DEPTH MM MM MM
24 HR TOTAL MM MM
STORM TOTAL MM MM
DEGREE_DAYS
HEATING TOTAL 6556 6440 116 5923
SINCE 7/1 2682 2658 24 2620
COOLING TOTAL 547 427 120 624
SINCE 1/1 547 426 121 624
FREEZE DATES
RECORD
EARLIEST MM
LATEST MM
EARLIEST MM
LATEST MM
.................................................................
WIND (MPH)
AVERAGE WIND SPEED 6.5
RESULTANT WIND SPEED/DIRECTION 1/141
HIGHEST WIND SPEED/DIRECTION 44/210 DATE 03/08
HIGHEST GUST SPEED/DIRECTION 61/240 DATE 05/26
SKY COVER
POSSIBLE SUNSHINE (PERCENT) MM
AVERAGE SKY COVER 0.20
NUMBER OF DAYS FAIR 273
NUMBER OF DAYS PC 54
NUMBER OF DAYS CLOUDY 38
AVERAGE RH (PERCENT) 53
WEATHER CONDITIONS. NUMBER OF DAYS WITH
THUNDERSTORM 45 MIXED PRECIP 0
HEAVY RAIN 16 RAIN 32
LIGHT RAIN 91 FREEZING RAIN 0
LT FREEZING RAIN 0 HAIL 0
HEAVY SNOW 6 SNOW 18
LIGHT SNOW 42 SLEET 0
FOG 68 FOG W/VIS <= 1/4 MILE 6
HAZE 35
- INDICATES NEGATIVE NUMBERS.
R INDICATES RECORD WAS SET OR TIED.
MM INDICATES DATA IS MISSING.
T INDICATES TRACE AMOUNT.
$$