000
CXUS53 KPAH 010700
CF6CGI
PRELIMINARY LOCAL CLIMATOLOGICAL DATA (WS FORM: F-6)
STATION: CAPE GIRARDEAU MO
MONTH: OCTOBER
YEAR: 2022
LATITUDE: 37 13 N
LONGITUDE: 89 35 W
TEMPERATURE IN F: :PCPN: SNOW: WIND :SUNSHINE: SKY :PK WND
================================================================================
1 2 3 4 5 6A 6B 7 8 9 10 11 12 13 14 15 16 17 18
12Z AVG MX 2MIN
DY MAX MIN AVG DEP HDD CDD WTR SNW DPTH SPD SPD DIR MIN PSBL S-S WX SPD DR
================================================================================
1 78 38 58 -6 7 0 0.00 M M 7.2 17 360 M M 0 1 25 10
2 82 42 62 -2 3 0 0.00 M M 5.4 18 350 M M 0 26 330
3 77 41 59 -5 6 0 0.00 M M 4.6 14 50 M M 0 1 23 30
4 79 35 57 -6 8 0 0.00 M M 2.7 10 50 M M 1 12 16 20
5 80 34 57 -6 8 0 0.00 M M 1.7 10 260 M M 0 128 16 220
6 83 47 65 3 0 0 0.00 M M 4.6 16 310 M M 1 18 23 310
7 72 49 61 -1 4 0 0.00 M M 9.3 18 330 M M 2 28 10
8 66 34 50 -12 15 0 0.00 M M 2.8 12 350 M M 0 1 16 330
9 74 31 53 -8 12 0 0.00 M M 3.9 14 240 M M 0 12 20 300
10 82 41 62 1 3 0 0.00 M M 4.6 12 170 M M 3 17 260
11 83 57 70 9 0 5 0.00 M M 9.4 21 180 M M 3 78 33 190
12 74 49 62 2 3 0 0.13 M M 8.5 16 170 M M 4 138 24 170
13 72 36 54 -6 11 0 0.00 M M 10.3 28 270 M M 0 38 260
14 78 30 54 -5 11 0 0.00 M M 8.0 24 240 M M 1 38 240
15 72 49 61 2 4 0 0.00 M M 5.0 13 320 M M 0 17 40
16 73 43 58 -1 7 0 0.00 M M 3.3 14 10 M M 3 17 330
17 55 29 42 -16 23 0 0.00 M M 11.3 23 350 M M 0 8 31 350
18 55 25 40 -18 25 0 0.00 M M 9.8 23 340 M M 0 8 30 330
19 59 24 42 -16 23 0 0.00 M M 5.6 17 250 M M 0 8 23 220
20 70 22 46 -11 19 0 0.00 M M 6.2 18 240 M M 0 25 190
21 79 41 60 3 5 0 0.00 M M 8.5 16 170 M M 0 8 31 170
22 78 59 69 13 0 4 0.00 M M 13.9 26 180 M M 2 8 36 180
23 82 64 73 17 0 8 0.00 M M 15.1 26 180 M M 3 8 37 180
24 80 63 72 16 0 7 0.00 M M 14.0 23 180 M M 3 30 180
25 72 46 59 4 6 0 0.67 M M 15.7 29 210 M M 10 138 42 210
26 65 40 53 -2 12 0 0.00 M M 8.5 17 350 M M 3 23 20
27 68 30 49 -5 16 0 0.00 M M 5.3 15 90 M M 0 12 21 70
28 70 33 52 -2 13 0 0.00 M M 4.8 14 40 M M 0 1 19 50
29 76 42 59 5 6 0 0.22 M M 6.7 20 110 M M 3 1 28 80
30 73 57 65 12 0 0 0.21 M M 9.8 18 190 M M 8 1 24 190
31 67 49 58 5 7 0 T M M 6.2 16 280 M M 9 1 22 290
================================================================================
SM 2274 1280 257 24 1.23 M 232.7 M 59
================================================================================
AV 73.4 41.3 7.5 FASTST M M 2 MAX(MPH)
MISC ----> 29 210 42 210
================================================================================
NOTES:
# LAST OF SEVERAL OCCURRENCES
COLUMN 17 PEAK WIND IN M.P.H.
PRELIMINARY LOCAL CLIMATOLOGICAL DATA (WS FORM: F-6) , PAGE 2
STATION: CAPE GIRARDEAU MO
MONTH: OCTOBER
YEAR: 2022
LATITUDE: 37 13 N
LONGITUDE: 89 35 W
[TEMPERATURE DATA] [PRECIPITATION DATA] SYMBOLS USED IN COLUMN 16
AVERAGE MONTHLY: 57.3 TOTAL FOR MONTH: 1.23 1 = FOG OR MIST
DPTR FM NORMAL: -1.3 DPTR FM NORMAL: -2.34 2 = FOG REDUCING VISIBILITY
HIGHEST: 83 ON 11, 6 GRTST 24HR 0.67 ON 25-25 TO 1/4 MILE OR LESS
LOWEST: 22 ON 20 3 = THUNDER
SNOW, ICE PELLETS, HAIL 4 = ICE PELLETS
TOTAL MONTH: M 5 = HAIL
GRTST 24HR M ON M 6 = FREEZING RAIN OR DRIZZLE
GRTST DEPTH: M ON M 7 = DUSTSTORM OR SANDSTORM:
VSBY 1/2 MILE OR LESS
8 = SMOKE OR HAZE
[NO. OF DAYS WITH] [WEATHER - DAYS WITH] 9 = BLOWING SNOW
X = TORNADO
MAX 32 OR BELOW: 0 0.01 INCH OR MORE: 4
MAX 90 OR ABOVE: 0 0.10 INCH OR MORE: 4
MIN 32 OR BELOW: 7 0.50 INCH OR MORE: 1
MIN 0 OR BELOW: 0 1.00 INCH OR MORE: 0
[HDD (BASE 65) ]
TOTAL THIS MO. 257 CLEAR (SCALE 0-3) 25
DPTR FM NORMAL 19 PTCLDY (SCALE 4-7) 4
TOTAL FM JUL 1 297 CLOUDY (SCALE 8-10) 2
DPTR FM NORMAL 21
[CDD (BASE 65) ]
TOTAL THIS MO. 24
DPTR FM NORMAL -15 [PRESSURE DATA]
TOTAL FM JAN 1 1696 HIGHEST SLP M ON M
DPTR FM NORMAL 133 LOWEST SLP 29.52 ON 25
[REMARKS]
#FINAL-10-22#