000
CXUS54 KMRX 011130
CF6CHA
PRELIMINARY LOCAL CLIMATOLOGICAL DATA (WS FORM: F-6)
STATION: CHATTANOOGA AIRPORT
MONTH: DECEMBER
YEAR: 2022
LATITUDE: 35 1 N
LONGITUDE: 85 12 W
TEMPERATURE IN F: :PCPN: SNOW: WIND :SUNSHINE: SKY :PK WND
================================================================================
1 2 3 4 5 6A 6B 7 8 9 10 11 12 13 14 15 16 17 18
12Z AVG MX 2MIN
DY MAX MIN AVG DEP HDD CDD WTR SNW DPTH SPD SPD DIR MIN PSBL S-S WX SPD DR
================================================================================
1 51 33 42 -5 23 0 0.00 0.0 0 6.4 17 20 M M 3 23 10
2 60 31 46 -1 19 0 T 0.0 0 4.4 13 160 M M 6 19 140
3 63 44 54 8 11 0 0.30 0.0 0 4.7 17 350 M M 8 1 23 350
4 51 33 42 -4 23 0 0.02 0.0 0 2.0 8 360 M M 6 1 12 20
5 49 38 44 -2 21 0 1.61 0.0 0 3.0 8 190 M M 9 1 11 190
6 59 49 54 8 11 0 1.07 0.0 0 3.1 8 170 M M 10 1 10 170
7 70 57 64 18 1 0 0.54 0.0 0 3.0 10 190 M M 10 12 14 220
8 73 57 65 19 0 0 0.10 0.0 0 4.2 15 230 M M 9 12 20 220
9 61 56 59 14 6 0 0.14 0.0 0 2.0 9 360 M M 10 12 12 350
10 64 49 57 12 8 0 T 0.0 0 3.8 14 160 M M 9 128 21 150
11 55 53 54 9 11 0 0.04 0.0 0 2.9 10 170 M M 10 1 14 170
12 58 40 49 4 16 0 0.00 0.0 0 5.8 15 10 M M 6 1 19 20
13 57 40 49 4 16 0 0.00 0.0 0 5.4 14 170 M M 9 1 23 160
14 52 47 50 6 15 0 1.80 0.0 0 6.5 17 170 M M 10 13 26 170
15 55 42 49 5 16 0 0.31 0.0 0 7.2 18 220 M M 5 1 25 220
16 50 32 41 -3 24 0 0.00 0.0 0 5.9 17 220 M M 3 24 220
17 49 38 44 0 21 0 0.00 0.0 0 8.7 21 220 M M 4 28 240
18 46 29 38 -6 27 0 0.00 0.0 0 5.0 13 280 M M 1 17 270
19 45 27 36 -8 29 0 0.00 0.0 0 3.4 12 30 M M 6 14 10
20 47 39 43 -1 22 0 T 0.0 0 1.7 8 360 M M 10 11 360
21 51 31 41 -2 24 0 T 0.0 0 0.9 8 10 M M 7 10 30
22 50 43 47 4 18 0 0.13 0.0 0 6.8 22 230 M M 10 18 32 250
23 49 7 28 -15 37 0 T T 0 12.8 28 290 M M 5 8 43 280
24 27 8 18 -25 47 0 0.00 0.0 0 8.6 17 280 M M 2 24 270
25 34 16 25 -18 40 0 0.00 0.0 0 4.4 15 290 M M 1 21 260
26 34 17 26 -17 39 0 0.01 0.1 0 1.8 6 200 M M 7 1 6 200
27 50 27 39 -4 26 0 0.00 0.0 0 0.6 8 230 M M 5 12 240
28 57 23 40 -2 25 0 0.00 0.0 0 2.8 15 180 M M 1 21 180
29 69 32 51 9 14 0 0.00 0.0 0 3.2 14 170 M M 5 20 160
30 66 36 51 9 14 0 T 0.0 0 4.6 18 170 M M 6 28 180
31 67 49 58 16 7 0 0.03 0.0 0 4.2 14 160 M M 9 12 25 160
================================================================================
SM 1669 1123 611 0 6.10 0.1 139.8 M 202
================================================================================
AV 53.8 36.2 4.5 FASTST M M 7 MAX(MPH)
MISC ----> 28 290 43 280
================================================================================
NOTES:
# LAST OF SEVERAL OCCURRENCES
COLUMN 17 PEAK WIND IN M.P.H.
PRELIMINARY LOCAL CLIMATOLOGICAL DATA (WS FORM: F-6) , PAGE 2
STATION: CHATTANOOGA AIRPORT
MONTH: DECEMBER
YEAR: 2022
LATITUDE: 35 1 N
LONGITUDE: 85 12 W
[TEMPERATURE DATA] [PRECIPITATION DATA] SYMBOLS USED IN COLUMN 16
AVERAGE MONTHLY: 45.0 TOTAL FOR MONTH: 6.10 1 = FOG OR MIST
DPTR FM NORMAL: 0.7 DPTR FM NORMAL: 0.85 2 = FOG REDUCING VISIBILITY
HIGHEST: 73 ON 8 GRTST 24HR 2.57 ON 5- 6 TO 1/4 MILE OR LESS
LOWEST: 7 ON 23 3 = THUNDER
SNOW, ICE PELLETS, HAIL 4 = ICE PELLETS
TOTAL MONTH: 0.1 INCH 5 = HAIL
GRTST 24HR 0.1 ON 26-26 6 = FREEZING RAIN OR DRIZZLE
GRTST DEPTH: 0 7 = DUSTSTORM OR SANDSTORM:
VSBY 1/2 MILE OR LESS
8 = SMOKE OR HAZE
[NO. OF DAYS WITH] [WEATHER - DAYS WITH] 9 = BLOWING SNOW
X = TORNADO
MAX 32 OR BELOW: 1 0.01 INCH OR MORE: 13
MAX 90 OR ABOVE: 0 0.10 INCH OR MORE: 9
MIN 32 OR BELOW: 12 0.50 INCH OR MORE: 4
MIN 0 OR BELOW: 0 1.00 INCH OR MORE: 3
[HDD (BASE 65) ]
TOTAL THIS MO. 611 CLEAR (SCALE 0-3) 5
DPTR FM NORMAL -33 PTCLDY (SCALE 4-7) 13
TOTAL FM JUL 1 1158 CLOUDY (SCALE 8-10) 13
DPTR FM NORMAL -49
[CDD (BASE 65) ]
TOTAL THIS MO. 0
DPTR FM NORMAL -1 [PRESSURE DATA]
TOTAL FM JAN 1 2084 HIGHEST SLP 30.53 ON 1
DPTR FM NORMAL 164 LOWEST SLP 29.67 ON 22
[REMARKS]
#FINAL-12-22#