000
CXUS54 KMRX 021749
CF6CHA
PRELIMINARY LOCAL CLIMATOLOGICAL DATA (WS FORM: F-6)
STATION: CHATTANOOGA AIRPORT
MONTH: NOVEMBER
YEAR: 2020
LATITUDE: 35 1 N
LONGITUDE: 85 12 W
TEMPERATURE IN F: :PCPN: SNOW: WIND :SUNSHINE: SKY :PK WND
================================================================================
1 2 3 4 5 6A 6B 7 8 9 10 11 12 13 14 15 16 17 18
12Z AVG MX 2MIN
DY MAX MIN AVG DEP HDD CDD WTR SNW DPTH SPD SPD DIR MIN PSBL S-S WX SPD DR
================================================================================
1 71 47 59 3 6 0 0.00 0.0 0 10.3 25 330 M M 5 35 320
2 57 38 48 -8 17 0 0.00 0.0 0 6.1 22 350 M M 1 31 350
3 66 35 51 -5 14 0 0.00 0.0 0 0.6 6 110 M M 1 11 100
4 72 40 56 1 9 0 0.00 0.0 0 0.6 8 170 M M 1 1 12 120
5 69 42 56 1 9 0 0.00 0.0 0 0.2 7 220 M M 5 1 9 210
6 75 45 60 5 5 0 0.00 0.0 0 2.3 10 10 M M 3 1 13 10
7 75 48 62 8 3 0 0.00 0.0 0 3.4 13 10 M M 4 1 17 340
8 80 52 66 12 0 1 0.00 0.0 0 2.7 12 120 M M 4 1 16 130
9 82 56 69 15 0 4 0.00 0.0 0 2.8 16 130 M M 3 22 120
10 76 58 67 14 0 2 0.04 0.0 0 2.9 13 150 M M 7 1 18 140
11 76 66 71 18 0 6 2.49 0.0 0 4.2 14 360 M M 10 1 17 350
12 69 54 62 10 3 0 0.00 0.0 0 5.8 14 10 M M 8 1 20 350
13 72 46 59 7 6 0 0.00 0.0 0 2.0 10 320 M M 3 1 14 240
14 71 40 56 4 9 0 0.00 0.0 0 2.8 12 130 M M 3 1 15 170
15 68 45 57 6 8 0 0.02 0.0 0 8.1 20 220 M M 4 18 26 210
16 64 38 51 0 14 0 0.00 0.0 0 3.0 12 360 M M 0 15 10
17 61 36 49 -2 16 0 0.00 0.0 0 7.0 23 330 M M 0 29 340
18 58 34 46 -4 19 0 0.00 0.0 0 4.3 15 10 M M 0 23 30
19 63 32 48 -2 17 0 0.00 0.0 0 3.9 16 160 M M 1 23 140
20 70 35 53 3 12 0 0.00 0.0 0 0.8 8 160 M M 0 11 140
21 72 42 57 8 8 0 0.00 0.0 0 0.7 7 350 M M 5 1 9 330
22 70 46 58 9 7 0 T 0.0 0 5.0 20 330 M M 6 1 28 280
23 57 41 49 0 16 0 0.00 0.0 0 9.1 20 350 M M 3 25 350
24 62 34 48 0 17 0 0.00 0.0 0 4.6 16 160 M M 5 25 160
25 62 47 55 7 10 0 0.29 0.0 0 7.6 28 130 M M 8 1 40 130
26 71 46 59 11 6 0 0.00 0.0 0 2.2 10 170 M M 4 12 14 170
27 66 39 53 6 12 0 0.09 0.0 0 1.0 10 330 M M 5 1 13 290
28 64 44 54 7 11 0 T 0.0 0 3.5 13 30 M M 5 1 19 10
29 55 43 49 2 16 0 0.51 0.0 0 2.3 7 30 M M 7 1 10 50
30 51 35 43 -3 22 0 0.23 T T 11.5 20 340 M M 10 1 28 280
================================================================================
SM 2025 1304 292 13 3.67 T 121.3 M 121
================================================================================
AV 67.5 43.5 4.0 FASTST M M 4 MAX(MPH)
MISC ----> 28 130 40 130
================================================================================
NOTES:
# LAST OF SEVERAL OCCURRENCES
COLUMN 17 PEAK WIND IN M.P.H.
PRELIMINARY LOCAL CLIMATOLOGICAL DATA (WS FORM: F-6) , PAGE 2
STATION: CHATTANOOGA AIRPORT
MONTH: NOVEMBER
YEAR: 2020
LATITUDE: 35 1 N
LONGITUDE: 85 12 W
[TEMPERATURE DATA] [PRECIPITATION DATA] SYMBOLS USED IN COLUMN 16
AVERAGE MONTHLY: 55.5 TOTAL FOR MONTH: 3.67 1 = FOG OR MIST
DPTR FM NORMAL: 4.3 DPTR FM NORMAL: -1.33 2 = FOG REDUCING VISIBILITY
HIGHEST: 82 ON 9 GRTST 24HR 2.52 ON 10-11 TO 1/4 MILE OR LESS
LOWEST: 32 ON 19 3 = THUNDER
SNOW, ICE PELLETS, HAIL 4 = ICE PELLETS
TOTAL MONTH: T 5 = HAIL
GRTST 24HR T ON 30-30 6 = FREEZING RAIN OR DRIZZLE
GRTST DEPTH: T 7 = DUSTSTORM OR SANDSTORM:
VSBY 1/2 MILE OR LESS
8 = SMOKE OR HAZE
[NO. OF DAYS WITH] [WEATHER - DAYS WITH] 9 = BLOWING SNOW
X = TORNADO
MAX 32 OR BELOW: 0 0.01 INCH OR MORE: 7
MAX 90 OR ABOVE: 0 0.10 INCH OR MORE: 4
MIN 32 OR BELOW: 1 0.50 INCH OR MORE: 2
MIN 0 OR BELOW: 0 1.00 INCH OR MORE: 1
[HDD (BASE 65) ]
TOTAL THIS MO. 292 CLEAR (SCALE 0-3) 11
DPTR FM NORMAL -125 PTCLDY (SCALE 4-7) 17
TOTAL FM JUL 1 360 CLOUDY (SCALE 8-10) 2
DPTR FM NORMAL -227
[CDD (BASE 65) ]
TOTAL THIS MO. 13
DPTR FM NORMAL 9 [PRESSURE DATA]
TOTAL FM JAN 1 2107 HIGHEST SLP 30.63 ON 18
DPTR FM NORMAL 366 LOWEST SLP 29.64 ON 30
[REMARKS]
#FINAL-11-20#