000
CXUS52 KCHS 011436
CF6CHS
PRELIMINARY LOCAL CLIMATOLOGICAL DATA (WS FORM: F-6)
STATION: NORTH CHARLESTON SC
MONTH: MAY
YEAR: 2023
LATITUDE: 32 54 N
LONGITUDE: 80 2 W
TEMPERATURE IN F: :PCPN: SNOW: WIND :SUNSHINE: SKY :PK WND
================================================================================
1 2 3 4 5 6A 6B 7 8 9 10 11 12 13 14 15 16 17 18
12Z AVG MX 2MIN
DY MAX MIN AVG DEP HDD CDD WTR SNW DPTH SPD SPD DIR MIN PSBL S-S WX SPD DR
================================================================================
1 78 52 65 -5 0 0 0.00 0.0 0 11.3 29 240 M M 2 36 240
2 79 53 66 -4 0 1 0.00 0.0 0 12.0 26 250 M M 1 36 270
3 77 53 65 -5 0 0 0.00 0.0 0 11.4 24 260 M M 0 34 270
4 77 48 63 -7 2 0 0.00 0.0 0 5.7 16 180 M M 2 20 160
5 78 53 66 -5 0 1 T 0.0 0 5.1 15 130 M M 8 20 130
6 80 61 71 0 0 6 T 0.0 0 6.5 17 140 M M 7 20 140
7 81 56 69 -2 0 4 T 0.0 0 8.9 21 200 M M 3 1 25 200
8 89 66 78 6 0 13 0.00 0.0 0 10.5 21 200 M M 6 3 26 210
9 94 68 81 9 0 16 0.37 0.0 0 9.5 28 10 M M 5 13 35 30
10 83 66 75 3 0 10 0.00 0.0 0 8.0 16 20 M M 6 3 22 50
11 82 64 73 1 0 8 0.00 0.0 0 10.2 21 120 M M 6 26 130
12 83 64 74 2 0 9 0.00 0.0 0 7.7 18 110 M M 4 23 160
13 83 63 73 0 0 8 0.00 0.0 0 7.0 16 130 M M 4 21 140
14 87 67 77 4 0 12 0.01 0.0 0 5.1 16 170 M M 6 1 19 180
15 84 68 76 3 0 11 0.00 0.0 0 9.6 18 110 M M 6 22 120
16 89 63 76 3 0 11 T 0.0 0 6.9 20 190 M M 4 23 190
17 92 70 81 7 0 16 0.39 0.0 0 7.5 26 360 M M 7 13 38 320
18 75 67 71 -3 0 6 0.02 0.0 0 11.7 20 60 M M 10 35 50
19 78 65 72 -2 0 7 T 0.0 0 9.1 16 360 M M 8 20 350
20 78 65 72 -2 0 7 0.00 0.0 0 5.2 12 240 M M 8 14 320
21 82 65 74 0 0 9 0.08 0.0 0 3.5 13 50 M M 7 1 17 50
22 83 68 76 1 0 11 0.00 0.0 0 9.8 17 110 M M 7 22 50
23 83 63 73 -2 0 8 0.00 0.0 0 10.5 20 100 M M 7 26 90
24 82 61 72 -3 0 7 0.00 0.0 0 7.9 17 30 M M 4 8 21 20
25 82 60 71 -4 0 6 T 0.0 0 10.6 23 50 M M 7 8 30 30
26 68 58 63 -13 2 0 0.74 0.0 0 16.0 23 10 M M 10 1 31 10
27 66 55 61 -15 4 0 1.35 0.0 0 19.6 30 20 M M 10 1 41 20
28 71 63 67 -9 0 2 0.02 0.0 0 10.0 17 350 M M 10 1 21 350
29 81 60 71 -5 0 6 0.00 0.0 0 6.6 14 140 M M 6 19 130
30 87 61 74 -2 0 9 0.00 0.0 0 5.6 15 120 M M 5 1 18 100
31 83 66 75 -2 0 10 0.00 0.0 0 7.5 14 130 M M 6 17 60
================================================================================
SM 2515 1912 8 214 2.98 0.0 276.5 M 182
================================================================================
AV 81.1 61.7 8.9 FASTST M M 6 MAX(MPH)
MISC ----> 30 20 41 20
================================================================================
NOTES:
# LAST OF SEVERAL OCCURRENCES
COLUMN 17 PEAK WIND IN M.P.H.
PRELIMINARY LOCAL CLIMATOLOGICAL DATA (WS FORM: F-6) , PAGE 2
STATION: NORTH CHARLESTON SC
MONTH: MAY
YEAR: 2023
LATITUDE: 32 54 N
LONGITUDE: 80 2 W
[TEMPERATURE DATA] [PRECIPITATION DATA] SYMBOLS USED IN COLUMN 16
AVERAGE MONTHLY: 71.4 TOTAL FOR MONTH: 2.98 1 = FOG OR MIST
DPTR FM NORMAL: -1.9 DPTR FM NORMAL: -0.34 2 = FOG REDUCING VISIBILITY
HIGHEST: 94 ON 9 GRTST 24HR 1.87 ON 26-27 TO 1/4 MILE OR LESS
LOWEST: 48 ON 4 3 = THUNDER
SNOW, ICE PELLETS, HAIL 4 = ICE PELLETS
TOTAL MONTH: 0.0 INCH 5 = HAIL
GRTST 24HR 0.0 6 = FREEZING RAIN OR DRIZZLE
GRTST DEPTH: 0 7 = DUSTSTORM OR SANDSTORM:
VSBY 1/2 MILE OR LESS
8 = SMOKE OR HAZE
[NO. OF DAYS WITH] [WEATHER - DAYS WITH] 9 = BLOWING SNOW
X = TORNADO
MAX 32 OR BELOW: 0 0.01 INCH OR MORE: 8
MAX 90 OR ABOVE: 2 0.10 INCH OR MORE: 4
MIN 32 OR BELOW: 0 0.50 INCH OR MORE: 2
MIN 0 OR BELOW: 0 1.00 INCH OR MORE: 1
[HDD (BASE 65) ]
TOTAL THIS MO. 8 CLEAR (SCALE 0-3) 4
DPTR FM NORMAL -1 PTCLDY (SCALE 4-7) 22
TOTAL FM JUL 1 1280 CLOUDY (SCALE 8-10) 5
DPTR FM NORMAL -562
[CDD (BASE 65) ]
TOTAL THIS MO. 214
DPTR FM NORMAL -52 [PRESSURE DATA]
TOTAL FM JAN 1 514 HIGHEST SLP 30.27 ON 6
DPTR FM NORMAL 107 LOWEST SLP 29.60 ON 2
[REMARKS]
#FINAL-05-23#