000
CXUS52 KCHS 010815
CF6CHS
PRELIMINARY LOCAL CLIMATOLOGICAL DATA (WS FORM: F-6)
STATION: NORTH CHARLESTON SC
MONTH: OCTOBER
YEAR: 2023
LATITUDE: 32 54 N
LONGITUDE: 80 2 W
TEMPERATURE IN F: :PCPN: SNOW: WIND :SUNSHINE: SKY :PK WND
================================================================================
1 2 3 4 5 6A 6B 7 8 9 10 11 12 13 14 15 16 17 18
12Z AVG MX 2MIN
DY MAX MIN AVG DEP HDD CDD WTR SNW DPTH SPD SPD DIR MIN PSBL S-S WX SPD DR
================================================================================
1 82 63 73 0 0 8 0.00 0.0 0 8.3 16 20 M M 3 21 30
2 84 62 73 0 0 8 0.00 0.0 0 5.2 13 50 M M 1 16 50
3 86 60 73 1 0 8 0.00 0.0 0 7.1 15 30 M M 2 1 18 40
4 84 64 74 2 0 9 0.00 0.0 0 8.6 17 40 M M 0 21 40
5 87 66 77 5 0 12 0.00 0.0 0 7.3 14 70 M M 3 17 110
6 85 66 76 5 0 11 0.00 0.0 0 6.2 17 340 M M 5 20 340
7 83 63 73 2 0 8 0.00 0.0 0 7.7 16 10 M M 6 22 10
8 73 51 62 -9 3 0 0.00 0.0 0 6.3 16 30 M M 1 21 30
9 76 47 62 -8 3 0 0.00 0.0 0 4.6 15 170 M M 0 18 190
10 80 56 68 -2 0 3 0.00 0.0 0 5.9 12 230 M M 5 15 250
11 75 62 69 -1 0 4 0.05 0.0 0 3.8 12 360 M M 8 1 13 360
12 66 62 64 -5 1 0 1.18 0.0 0 13.0 21 20 M M 10 1 27 30
13 73 62 68 -1 0 3 0.25 0.0 0 7.3 13 40 M M 10 1 16 20
14 75 67 71 3 0 6 0.26 0.0 0 9.2 16 250 M M 7 1 22 250
15 74 58 66 -2 0 1 0.00 0.0 0 8.1 15 10 M M 5 20 330
16 70 54 62 -6 3 0 T 0.0 0 9.9 20 330 M M 7 25 350
17 71 46 59 -9 6 0 0.00 0.0 0 6.2 14 340 M M 4 19 360
18 74 48 61 -6 4 0 0.00 0.0 0 2.5 9 50 M M 1 14 60
19 76 50 63 -4 2 0 0.00 0.0 0 3.9 10 130 M M 3 13 140
20 79 55 67 1 0 2 0.71 0.0 0 6.6 24 280 M M 4 123 30 270
21 75 53 64 -2 1 0 0.00 0.0 0 7.6 15 290 M M 0 21 250
22 81 56 69 3 0 4 0.00 0.0 0 7.4 14 300 M M 4 20 290
23 75 50 63 -2 2 0 0.00 0.0 0 6.3 13 20 M M 2 18 40
24 78 48 63 -2 2 0 0.00 0.0 0 6.4 12 50 M M 2 19 50
25 83 57 70 5 0 5 T 0.0 0 7.2 15 90 M M 3 19 110
26 82 62 72 8 0 7 0.00 0.0 0 7.1 15 120 M M 5 19 100
27 85 63 74 10 0 9 0.00 0.0 0 4.1 13 140 M M 4 1 18 150
28 84 59 72 8 0 7 0.00 0.0 0 3.2 13 180 M M 2 1 15 180
29 85 59 72 9 0 7 0.00 0.0 0 4.2 14 200 M M 2 12 17 210
30 85 60 73 10 0 8 0.00 0.0 0 4.7 12 260 M M 3 128 14 260
31 69 57 63 0 2 0 T 0.0 0 7.7 18 330 M M 8 12 23 330
================================================================================
SM 2435 1786 29 130 2.45 0.0 203.6 M 120
================================================================================
AV 78.5 57.6 6.6 FASTST M M 4 MAX(MPH)
MISC ----> 24 280 30 270
================================================================================
NOTES:
# LAST OF SEVERAL OCCURRENCES
COLUMN 17 PEAK WIND IN M.P.H.
PRELIMINARY LOCAL CLIMATOLOGICAL DATA (WS FORM: F-6) , PAGE 2
STATION: NORTH CHARLESTON SC
MONTH: OCTOBER
YEAR: 2023
LATITUDE: 32 54 N
LONGITUDE: 80 2 W
[TEMPERATURE DATA] [PRECIPITATION DATA] SYMBOLS USED IN COLUMN 16
AVERAGE MONTHLY: 68.1 TOTAL FOR MONTH: 2.45 1 = FOG OR MIST
DPTR FM NORMAL: 0.3 DPTR FM NORMAL: -1.88 2 = FOG REDUCING VISIBILITY
HIGHEST: 87 ON 5 GRTST 24HR 1.23 ON 11-12 TO 1/4 MILE OR LESS
LOWEST: 46 ON 17 3 = THUNDER
SNOW, ICE PELLETS, HAIL 4 = ICE PELLETS
TOTAL MONTH: 0.0 INCH 5 = HAIL
GRTST 24HR 0.0 6 = FREEZING RAIN OR DRIZZLE
GRTST DEPTH: 0 7 = DUSTSTORM OR SANDSTORM:
VSBY 1/2 MILE OR LESS
8 = SMOKE OR HAZE
[NO. OF DAYS WITH] [WEATHER - DAYS WITH] 9 = BLOWING SNOW
X = TORNADO
MAX 32 OR BELOW: 0 0.01 INCH OR MORE: 5
MAX 90 OR ABOVE: 0 0.10 INCH OR MORE: 4
MIN 32 OR BELOW: 0 0.50 INCH OR MORE: 2
MIN 0 OR BELOW: 0 1.00 INCH OR MORE: 1
[HDD (BASE 65) ]
TOTAL THIS MO. 29 CLEAR (SCALE 0-3) 16
DPTR FM NORMAL -27 PTCLDY (SCALE 4-7) 13
TOTAL FM JUL 1 29 CLOUDY (SCALE 8-10) 2
DPTR FM NORMAL -30
[CDD (BASE 65) ]
TOTAL THIS MO. 130
DPTR FM NORMAL -13 [PRESSURE DATA]
TOTAL FM JAN 1 2614 HIGHEST SLP 30.36 ON 24
DPTR FM NORMAL 221 LOWEST SLP 29.61 ON 20
[REMARKS]
#FINAL-10-23#