000
CXUS52 KCHS 011415
CF6CHS
PRELIMINARY LOCAL CLIMATOLOGICAL DATA (WS FORM: F-6)
STATION: NORTH CHARLESTON SC
MONTH: SEPTEMBER
YEAR: 2023
LATITUDE: 32 54 N
LONGITUDE: 80 2 W
TEMPERATURE IN F: :PCPN: SNOW: WIND :SUNSHINE: SKY :PK WND
================================================================================
1 2 3 4 5 6A 6B 7 8 9 10 11 12 13 14 15 16 17 18
12Z AVG MX 2MIN
DY MAX MIN AVG DEP HDD CDD WTR SNW DPTH SPD SPD DIR MIN PSBL S-S WX SPD DR
================================================================================
1 86 68 77 -3 0 12 0.00 0.0 0 8.0 16 20 M M 4 21 40
2 87 68 78 -2 0 13 0.00 0.0 0 6.1 14 50 M M 5 18 20
3 88 64 76 -3 0 11 0.00 0.0 0 3.3 12 140 M M 0 1 15 20
4 92 68 80 1 0 15 0.00 0.0 0 4.5 12 200 M M 0 14 230
5 94 70 82 3 0 17 0.00 0.0 0 6.2 12 250 M M 4 15 260
6 95 73 84 5 0 19 0.00 0.0 0 6.4 13 290 M M 3 16 280
7 96 75 86 7 0 21 0.00 0.0 0 6.2 13 180 M M 5 15 180
8 92 72 82 3 0 17 0.00 0.0 0 3.8 12 160 M M 5 14 120
9 86 71 79 1 0 14 2.19 0.0 0 5.6 22 120 M M 5 138 28 130
10 88 71 80 2 0 15 0.43 0.0 0 4.3 20 10 M M 5 13 23 360
11 93 71 82 4 0 17 0.99 0.0 0 3.4 25 320 M M 4 13 35 320
12 91 71 81 3 0 16 0.00 0.0 0 3.7 16 140 M M 3 1 20 140
13 91 72 82 4 0 17 0.87 0.0 0 4.2 17 140 M M 5 13 20 150
14 90 72 81 4 0 16 0.57 0.0 0 5.8 23 60 M M 5 13 32 50
15 82 65 74 -3 0 9 0.00 0.0 0 7.3 17 40 M M 6 21 40
16 84 61 73 -4 0 8 0.00 0.0 0 3.3 10 140 M M 2 14 30
17 85 65 75 -2 0 10 2.75 0.0 0 5.7 25 250 M M 7 13 32 260
18 84 66 75 -1 0 10 0.00 0.0 0 6.3 14 330 M M 4 1 18 350
19 86 63 75 -1 0 10 0.00 0.0 0 3.4 12 130 M M 3 15 140
20 84 62 73 -3 0 8 0.01 0.0 0 7.8 16 100 M M 6 18 23 100
21 83 70 77 1 0 12 0.05 0.0 0 10.1 21 40 M M 8 13 26 40
22 80 67 74 -2 0 9 0.00 0.0 0 15.6 25 340 M M 7 37 10
23 79 66 73 -2 0 8 T 0.0 0 8.7 21 330 M M 9 28 320
24 89 65 77 2 0 12 0.00 0.0 0 6.8 15 210 M M 2 21 210
25 89 68 79 4 0 14 0.00 0.0 0 6.1 16 260 M M 3 1 19 280
26 83 67 75 1 0 10 0.04 0.0 0 3.5 14 120 M M 7 18 19 120
27 79 66 73 -1 0 8 0.07 0.0 0 11.4 18 30 M M 8 1 23 30
28 76 64 70 -4 0 5 0.00 0.0 0 9.5 17 30 M M 10 21 20
29 83 67 75 1 0 10 0.00 0.0 0 7.0 14 20 M M 7 17 20
30 84 64 74 1 0 9 0.00 0.0 0 7.4 15 50 M M 6 19 20
================================================================================
SM 2599 2032 0 372 7.97 0.0 191.4 M 148
================================================================================
AV 86.6 67.7 6.4 FASTST M M 5 MAX(MPH)
MISC ----> # 25 320 37 10
================================================================================
NOTES:
# LAST OF SEVERAL OCCURRENCES
COLUMN 17 PEAK WIND IN M.P.H.
PRELIMINARY LOCAL CLIMATOLOGICAL DATA (WS FORM: F-6) , PAGE 2
STATION: NORTH CHARLESTON SC
MONTH: SEPTEMBER
YEAR: 2023
LATITUDE: 32 54 N
LONGITUDE: 80 2 W
[TEMPERATURE DATA] [PRECIPITATION DATA] SYMBOLS USED IN COLUMN 16
AVERAGE MONTHLY: 77.2 TOTAL FOR MONTH: 7.97 1 = FOG OR MIST
DPTR FM NORMAL: 0.3 DPTR FM NORMAL: 1.96 2 = FOG REDUCING VISIBILITY
HIGHEST: 96 ON 7 GRTST 24HR 2.75 ON 17-17 TO 1/4 MILE OR LESS
LOWEST: 61 ON 16 3 = THUNDER
SNOW, ICE PELLETS, HAIL 4 = ICE PELLETS
TOTAL MONTH: 0.0 INCH 5 = HAIL
GRTST 24HR 0.0 6 = FREEZING RAIN OR DRIZZLE
GRTST DEPTH: 0 7 = DUSTSTORM OR SANDSTORM:
VSBY 1/2 MILE OR LESS
8 = SMOKE OR HAZE
[NO. OF DAYS WITH] [WEATHER - DAYS WITH] 9 = BLOWING SNOW
X = TORNADO
MAX 32 OR BELOW: 0 0.01 INCH OR MORE: 10
MAX 90 OR ABOVE: 9 0.10 INCH OR MORE: 6
MIN 32 OR BELOW: 0 0.50 INCH OR MORE: 5
MIN 0 OR BELOW: 0 1.00 INCH OR MORE: 2
[HDD (BASE 65) ]
TOTAL THIS MO. 0 CLEAR (SCALE 0-3) 6
DPTR FM NORMAL -2 PTCLDY (SCALE 4-7) 22
TOTAL FM JUL 1 0 CLOUDY (SCALE 8-10) 2
DPTR FM NORMAL 0
[CDD (BASE 65) ]
TOTAL THIS MO. 372
DPTR FM NORMAL 15 [PRESSURE DATA]
TOTAL FM JAN 1 2484 HIGHEST SLP 30.22 ON 2
DPTR FM NORMAL 234 LOWEST SLP 29.79 ON 23
[REMARKS]
#FINAL-09-23#