000
CXUS55 KDVN 011000
CF6CID
PRELIMINARY LOCAL CLIMATOLOGICAL DATA (WS FORM: F-6)
STATION: CEDAR RAPIDS IA
MONTH: JULY
YEAR: 2021
LATITUDE: 41 52 N
LONGITUDE: 91 42 W
TEMPERATURE IN F: :PCPN: SNOW: WIND :SUNSHINE: SKY :PK WND
================================================================================
1 2 3 4 5 6A 6B 7 8 9 10 11 12 13 14 15 16 17 18
12Z AVG MX 2MIN
DY MAX MIN AVG DEP HDD CDD WTR SNW DPTH SPD SPD DIR MIN PSBL S-S WX SPD DR
================================================================================
1 85 64 75 3 0 10 0.00 M M 6.9 15 30 M M 1 1 21 40
2 82 62 72 -1 0 7 0.00 M M 4.8 13 80 M M 2 16 80
3 83 57 70 -3 0 5 0.00 M M 2.4 9 230 M M 0 1 16 270
4 86 63 75 2 0 10 0.00 M M 7.4 14 200 M M 0 23 210
5 89 68 79 6 0 14 0.00 M M 9.6 18 230 M M 0 8 25 230
6 88 69 79 6 0 14 0.00 M M 7.8 15 200 M M 1 20 200
7 81 65 73 0 0 8 T M M 7.9 22 320 M M 6 1 26 320
8 76 60 68 -5 0 3 0.00 M M 6.6 14 360 M M 7 17 10
9 75 61 68 -5 0 3 0.27 M M 8.4 17 90 M M 6 13 23 100
10 70 62 66 -7 0 1 0.10 M M 11.0 18 120 M M 9 13 25 110
11 72 63 68 -5 0 3 0.05 M M 10.8 22 70 M M 9 1 30 20
12 74 63 69 -4 0 4 T M M 7.9 14 60 M M 9 8 18 60
13 81 62 72 -1 0 7 T M M 5.0 14 240 M M 6 1 19 250
14 83 64 74 1 0 9 0.25 M M 9.0 38 240 M M 3 13 53 240
15 79 63 71 -2 0 6 0.12 M M 5.8 13 10 M M 6 13 17 10
16 80 60 70 -3 0 5 0.00 M M 5.8 13 100 M M 2 128 20 90
17 83 59 71 -2 0 6 0.00 M M 4.1 13 80 M M 2 128 18 100
18 83 60 72 -1 0 7 0.00 M M 7.1 14 90 M M 1 1 19 80
19 85 61 73 0 0 8 0.00 M M 2.6 9 70 M M 3 1 13 60
20 86 59 73 0 0 8 0.00 M M 6.2 14 320 M M 1 1 19 330
21 88 63 76 3 0 11 0.00 M M 5.1 13 110 M M 1 18 16 280
22 87 64 76 3 0 11 0.00 M M 6.4 14 230 M M 2 128 19 220
23 88 68 78 5 0 13 0.00 M M 7.9 16 200 M M 1 18 22 200
24 92 70 81 8 0 16 0.00 M M 9.4 16 340 M M 1 18 22 260
25 88 63 76 3 0 11 0.00 M M 5.9 13 350 M M 0 18 350
26 89 58 74 1 0 9 0.00 M M 4.0 13 200 M M 0 12 18 190
27 89 61 75 2 0 10 0.00 M M 6.7 18 220 M M 0 8 27 240
28 90 72 81 9 0 16 0.00 M M 7.0 14 230 M M 1 13 19 220
29 91 70 81 9 0 16 0.00 M M 9.9 20 20 M M 4 38 26 30
30 74 64 69 -3 0 4 T M M 8.7 15 110 M M 6 18 22 70
31 81 63 72 0 0 7 0.00 M M 5.8 14 290 M M 4 18 20 270
================================================================================
SM 2578 1961 0 262 0.79 M 213.9 M 94
================================================================================
AV 83.2 63.3 6.9 FASTST M M 3 MAX(MPH)
MISC ----> 38 240 53 240
================================================================================
NOTES:
# LAST OF SEVERAL OCCURRENCES
COLUMN 17 PEAK WIND IN M.P.H.
PRELIMINARY LOCAL CLIMATOLOGICAL DATA (WS FORM: F-6) , PAGE 2
STATION: CEDAR RAPIDS IA
MONTH: JULY
YEAR: 2021
LATITUDE: 41 52 N
LONGITUDE: 91 42 W
[TEMPERATURE DATA] [PRECIPITATION DATA] SYMBOLS USED IN COLUMN 16
AVERAGE MONTHLY: 73.2 TOTAL FOR MONTH: 0.79 1 = FOG OR MIST
DPTR FM NORMAL: 0.4 DPTR FM NORMAL: -3.62 2 = FOG REDUCING VISIBILITY
HIGHEST: 92 ON 24 GRTST 24HR 0.37 ON 9-10 TO 1/4 MILE OR LESS
LOWEST: 57 ON 3 3 = THUNDER
SNOW, ICE PELLETS, HAIL 4 = ICE PELLETS
TOTAL MONTH: M 5 = HAIL
GRTST 24HR M ON M 6 = FREEZING RAIN OR DRIZZLE
GRTST DEPTH: M ON M 7 = DUSTSTORM OR SANDSTORM:
VSBY 1/2 MILE OR LESS
8 = SMOKE OR HAZE
[NO. OF DAYS WITH] [WEATHER - DAYS WITH] 9 = BLOWING SNOW
X = TORNADO
MAX 32 OR BELOW: 0 0.01 INCH OR MORE: 5
MAX 90 OR ABOVE: 3 0.10 INCH OR MORE: 4
MIN 32 OR BELOW: 0 0.50 INCH OR MORE: 0
MIN 0 OR BELOW: 0 1.00 INCH OR MORE: 0
[HDD (BASE 65) ]
TOTAL THIS MO. 0 CLEAR (SCALE 0-3) 19
DPTR FM NORMAL -5 PTCLDY (SCALE 4-7) 9
TOTAL FM JUL 1 0 CLOUDY (SCALE 8-10) 3
DPTR FM NORMAL 0
[CDD (BASE 65) ]
TOTAL THIS MO. 262
DPTR FM NORMAL 17 [PRESSURE DATA]
TOTAL FM JAN 1 589 HIGHEST SLP 30.22 ON 18
DPTR FM NORMAL 113 LOWEST SLP 29.83 ON 14
[REMARKS]
#FINAL-07-21#