227
CXUS55 KDVN 011142
CF6CID
PRELIMINARY LOCAL CLIMATOLOGICAL DATA (WS FORM: F-6)
STATION: CEDAR RAPIDS IA
MONTH: AUGUST
YEAR: 2020
LATITUDE: 41 52 N
LONGITUDE: 91 42 W
TEMPERATURE IN F: :PCPN: SNOW: WIND :SUNSHINE: SKY :PK WND
================================================================================
1 2 3 4 5 6A 6B 7 8 9 10 11 12 13 14 15 16 17 18
12Z AVG MX 2MIN
DY MAX MIN AVG DEP HDD CDD WTR SNW DPTH SPD SPD DIR MIN PSBL S-S WX SPD DR
================================================================================
1 82 60 71 -1 0 6 0.00 M M 4.9 14 330 M M 4 18 330
2 79 60 70 -2 0 5 0.00 M M 9.3 18 10 M M 4 24 10
3 73 55 64 -8 1 0 0.00 M M 10.1 21 10 M M 5 27 10
4 75 50 63 -9 2 0 0.00 M M 4.7 10 30 M M 3 15 20
5 75 49 62 -10 3 0 0.00 M M 3.8 14 190 M M 3 18 190
6 78 57 68 -4 0 3 0.02 M M 6.8 14 160 M M 6 1 22 160
7 82 62 72 0 0 7 0.00 M M 10.5 20 160 M M 2 28 160
8 87 66 77 5 0 12 0.00 M M 8.8 17 180 M M 1 23 150
9 86 69 78 6 0 13 0.00 M M 7.2 16 180 M M 3 1 23 190
10 84 M M M M M 0.40 M M 7.6 M M M M 1 1238 M M
11 82 57 70 -2 0 5 0.00 M M 1.6 6 90 M M 0 M M
12 88 59 74 2 0 9 0.00 M M 6.4 12 120 M M 2 M M
13 85 66 76 4 0 11 0.00 M M 7.0 13 100 M M 1 17 100
14 85 64 75 3 0 10 0.00 M M 6.2 12 110 M M 0 1 16 120
15 81 59 70 -1 0 5 T M M 9.6 21 330 M M 2 26 340
16 86 53 70 -1 0 5 0.00 M M 6.5 20 280 M M 1 1 25 290
17 84 57 71 0 0 6 0.00 M M 9.2 22 340 M M 1 30 340
18 79 53 66 -5 0 1 0.00 M M 6.4 15 360 M M 1 20 10
19 80 50 65 -6 0 0 0.00 M M 4.4 10 160 M M 0 1 15 150
20 82 55 69 -2 0 4 0.00 M M 6.5 14 190 M M 0 20 200
21 83 53 68 -3 0 3 0.00 M M 5.8 14 170 M M 0 19 200
22 84 59 72 2 0 7 T M M 7.6 21 170 M M 2 1 30 190
23 92 64 78 8 0 13 0.00 M M 4.4 12 330 M M 1 1 18 320
24 94 64 79 9 0 14 0.00 M M 4.9 14 240 M M 0 18 21 220
25 92 63 78 8 0 13 0.00 M M 5.9 13 230 M M 0 1 18 200
26 94 65 80 10 0 15 0.00 M M 8.3 17 210 M M 0 1 28 190
27 92 68 80 10 0 15 0.00 M M 6.9 15 180 M M 1 22 180
28 92 67 80 11 0 15 0.00 M M 7.9 18 280 M M 1 23 270
29 78 57 68 -1 0 3 0.00 M M 9.1 18 330 M M 0 25 330
30 80 52 66 -3 0 1 0.00 M M 8.2 18 140 M M 0 25 110
31 78 55 67 -2 0 2 0.03 M M 8.2 16 330 M M 4 1 21 330
================================================================================
SM 2592 1768 6 203 0.45 M 214.7 M 49
================================================================================
AV 83.6 58.9 6.9 FASTST M M 2 MAX(MPH)
MISC ----> 22 340 # 30 340
================================================================================
NOTES:
# LAST OF SEVERAL OCCURRENCES
COLUMN 17 PEAK WIND IN M.P.H.
PRELIMINARY LOCAL CLIMATOLOGICAL DATA (WS FORM: F-6) , PAGE 2
STATION: CEDAR RAPIDS IA
MONTH: AUGUST
YEAR: 2020
LATITUDE: 41 52 N
LONGITUDE: 91 42 W
[TEMPERATURE DATA] [PRECIPITATION DATA] SYMBOLS USED IN COLUMN 16
AVERAGE MONTHLY: 71.3 TOTAL FOR MONTH: 0.45 1 = FOG OR MIST
DPTR FM NORMAL: 0.3 DPTR FM NORMAL: -4.03 2 = FOG REDUCING VISIBILITY
HIGHEST: 94 ON 26,24 GRTST 24HR 0.40 ON 10-10 TO 1/4 MILE OR LESS
LOWEST: 49 ON 5 3 = THUNDER
SNOW, ICE PELLETS, HAIL 4 = ICE PELLETS
TOTAL MONTH: M 5 = HAIL
GRTST 24HR M ON M 6 = FREEZING RAIN OR DRIZZLE
GRTST DEPTH: M ON M 7 = DUSTSTORM OR SANDSTORM:
VSBY 1/2 MILE OR LESS
8 = SMOKE OR HAZE
[NO. OF DAYS WITH] [WEATHER - DAYS WITH] 9 = BLOWING SNOW
X = TORNADO
MAX 32 OR BELOW: 0 0.01 INCH OR MORE: 3
MAX 90 OR ABOVE: 6 0.10 INCH OR MORE: 1
MIN 32 OR BELOW: 0 0.50 INCH OR MORE: 0
MIN 0 OR BELOW: 0 1.00 INCH OR MORE: 0
[HDD (BASE 65) ]
TOTAL THIS MO. 6 CLEAR (SCALE 0-3) 25
DPTR FM NORMAL -9 PTCLDY (SCALE 4-7) 6
TOTAL FM JUL 1 6 CLOUDY (SCALE 8-10) 0
DPTR FM NORMAL -10
[CDD (BASE 65) ]
TOTAL THIS MO. 203
DPTR FM NORMAL 2 [PRESSURE DATA]
TOTAL FM JAN 1 746 HIGHEST SLP 30.12 ON 19
DPTR FM NORMAL 78 LOWEST SLP 29.63 ON 28
[REMARKS]
#FINAL-08-20#
===================================================================
NOTE: POWER OUTAGE ON 8/10 RESULTED IN MISSING MIN TEMPERATURE AND
WIND DATA OBSERVED ON 8/10, WIND DATA ON 8/11 AND 8/12. MAX/MIN
TEMPERATURES FROM 8/11 AND 8/12 WERE FOUND FROM AUGMENTED OBS FROM
THE FAA.
PEAK WIND ON 8/10 LIKELY OCCURED AFTER POWER OUTAGE AND THE LAST
PEAK WIND/OBSERVED GUST RECORDED WAS 68 MPH.
===================================================================