000
CXUS54 KHGX 011510
CF6CLL
PRELIMINARY LOCAL CLIMATOLOGICAL DATA (WS FORM: F-6)
STATION: COLLEGE STATION
MONTH: JANUARY
YEAR: 2024
LATITUDE: 30 34 N
LONGITUDE: 96 22 W
TEMPERATURE IN F: :PCPN: SNOW: WIND :SUNSHINE: SKY :PK WND
================================================================================
1 2 3 4 5 6A 6B 7 8 9 10 11 12 13 14 15 16 17 18
12Z AVG MX 2MIN
DY MAX MIN AVG DEP HDD CDD WTR SNW DPTH SPD SPD DIR MIN PSBL S-S WX SPD DR
================================================================================
1 57 44 51 0 14 0 0.00 0.0 0 8.8 15 350 M M 5 1 21 360
2 60 38 49 -2 16 0 1.24 0.0 0 9.3 25 280 M M 5 13 32 280
3 51 41 46 -5 19 0 T 0.0 0 7.5 12 20 M M 7 1 M M
4 62 32 47 -4 18 0 0.01 0.0 0 8.3 20 120 M M 5 12 29 130
5 59 44 52 1 13 0 0.62 0.0 0 6.8 21 290 M M 6 1 30 280
6 58 39 49 -2 16 0 0.00 0.0 0 4.5 13 350 M M 0 19 330
7 63 33 48 -3 17 0 0.00 0.0 0 8.6 21 160 M M 2 26 140
8 76 50 63 12 2 0 0.21 0.0 0 12.7 33 320 M M 8 13 51 330
9 56 34 45 -6 20 0 0.00 0.0 0 13.0 30 300 M M 0 40 300
10 68 32 50 -1 15 0 0.00 0.0 0 8.6 28 210 M M 0 38 230
11 76 50 63 12 2 0 0.00 0.0 0 13.5 29 170 M M 6 12 37 170
12 69 33 51 0 14 0 0.00 0.0 0 14.1 31 300 M M 3 47 270
13 64 30 47 -4 18 0 0.00 0.0 0 8.1 23 170 M M 0 29 190
14 39 21 30 -21 35 0 T T 0 14.8 20 350 M M 10 16 26 360
15 23 20 22 -29 43 0 T T 0 15.8 23 350 M M 9 16 31 350
16 32 17 25 -26 40 0 0.00 0.0 0 13.0 23 350 M M 0 34 340
17 47 16 32 -19 33 0 0.00 0.0 0 8.7 23 170 M M 2 30 170
18 72 42 57 6 8 0 0.00 0.0 0 9.8 24 230 M M 5 1 32 220
19 54 31 43 -9 22 0 0.00 0.0 0 15.6 24 340 M M 0 36 360
20 46 25 36 -16 29 0 0.00 0.0 0 9.1 16 360 M M 2 20 30
21 43 38 41 -11 24 0 0.03 0.0 0 9.6 15 110 M M 10 21 110
22 59 42 51 -1 14 0 2.50 0.0 0 8.0 21 120 M M 10 13 28 120
23 69 58 64 12 1 0 0.96 0.0 0 7.6 18 160 M M 10 13 22 170
24 61 54 58 6 7 0 1.65 0.0 0 5.1 14 260 M M 10 13 17 270
25 56 52 54 2 11 0 0.35 0.0 0 6.9 14 80 M M 10 12 19 290
26 60 51 56 4 9 0 0.21 0.0 0 6.2 13 30 M M 10 12 16 350
27 58 44 51 -1 14 0 T 0.0 0 10.6 22 310 M M 7 1 31 310
28 63 37 50 -2 15 0 0.00 0.0 0 5.3 13 340 M M 0 17 340
29 71 38 55 3 10 0 0.00 0.0 0 4.3 13 260 M M 0 22 220
30 75 43 59 6 6 0 0.00 0.0 0 4.5 14 220 M M 0 19 260
31 77 44 61 8 4 0 0.00 0.0 0 2.4 12 210 M M 0 14 210
================================================================================
SM 1824 1173 509 0 7.78 T 281.1 M 142
================================================================================
AV 58.8 37.8 9.1 FASTST M M 5 MAX(MPH)
MISC ----> 33 320 51 330
================================================================================
NOTES:
# LAST OF SEVERAL OCCURRENCES
COLUMN 17 PEAK WIND IN M.P.H.
PRELIMINARY LOCAL CLIMATOLOGICAL DATA (WS FORM: F-6) , PAGE 2
STATION: COLLEGE STATION
MONTH: JANUARY
YEAR: 2024
LATITUDE: 30 34 N
LONGITUDE: 96 22 W
[TEMPERATURE DATA] [PRECIPITATION DATA] SYMBOLS USED IN COLUMN 16
AVERAGE MONTHLY: 48.3 TOTAL FOR MONTH: 7.78 1 = FOG OR MIST
DPTR FM NORMAL: -3.2 DPTR FM NORMAL: 4.35 2 = FOG REDUCING VISIBILITY
HIGHEST: 77 ON 31 GRTST 24HR 2.50 ON 22-22 TO 1/4 MILE OR LESS
LOWEST: 16 ON 17 3 = THUNDER
SNOW, ICE PELLETS, HAIL 4 = ICE PELLETS
TOTAL MONTH: T 5 = HAIL
GRTST 24HR T ON 14-14 6 = FREEZING RAIN OR DRIZZLE
GRTST DEPTH: 0 7 = DUSTSTORM OR SANDSTORM:
VSBY 1/2 MILE OR LESS
8 = SMOKE OR HAZE
[NO. OF DAYS WITH] [WEATHER - DAYS WITH] 9 = BLOWING SNOW
X = TORNADO
MAX 32 OR BELOW: 2 0.01 INCH OR MORE: 10
MAX 90 OR ABOVE: 0 0.10 INCH OR MORE: 8
MIN 32 OR BELOW: 9 0.50 INCH OR MORE: 5
MIN 0 OR BELOW: 0 1.00 INCH OR MORE: 3
[HDD (BASE 65) ]
TOTAL THIS MO. 509 CLEAR (SCALE 0-3) 14
DPTR FM NORMAL 79 PTCLDY (SCALE 4-7) 8
TOTAL FM JUL 1 995 CLOUDY (SCALE 8-10) 9
DPTR FM NORMAL -49
[CDD (BASE 65) ]
TOTAL THIS MO. 0
DPTR FM NORMAL -11 [PRESSURE DATA]
TOTAL FM JAN 1 0 HIGHEST SLP 30.61 ON 20
DPTR FM NORMAL -11 LOWEST SLP 29.48 ON 12
[REMARKS]
#FINAL-01-24#