000
CXUS52 KGSP 010817
CF6CLT
PRELIMINARY LOCAL CLIMATOLOGICAL DATA (WS FORM: F-6)
STATION: CHARLOTTE NC
MONTH: MAY
YEAR: 2021
LATITUDE: 35 12 N
LONGITUDE: 80 57 W
TEMPERATURE IN F: :PCPN: SNOW: WIND :SUNSHINE: SKY :PK WND
================================================================================
1 2 3 4 5 6A 6B 7 8 9 10 11 12 13 14 15 16 17 18
12Z AVG MX 2MIN
DY MAX MIN AVG DEP HDD CDD WTR SNW DPTH SPD SPD DIR MIN PSBL S-S WX SPD DR
================================================================================
1 76 46 61 -4 4 0 0.00 0.0 0 5.5 15 20 M M 2 8 24 10
2 80 53 67 1 0 2 0.00 0.0 0 6.3 17 200 M M 7 22 190
3 76 65 71 5 0 6 0.46 0.0 0 12.1 20 220 M M 9 13 26 210
4 83 64 74 8 0 9 0.37 0.0 0 7.7 22 310 M M 8 138 34 310
5 84 63 74 8 0 9 T 0.0 0 10.4 18 170 M M 6 23 210
6 72 51 62 -5 3 0 0.00 0.0 0 6.3 15 190 M M 5 21 50
7 68 45 57 -10 8 0 0.10 0.0 0 7.9 21 310 M M 5 13 31 310
8 76 46 61 -6 4 0 0.00 0.0 0 5.4 16 280 M M 4 23 280
9 82 57 70 3 0 5 0.07 0.0 0 9.0 26 200 M M 8 3 34 190
10 81 63 72 4 0 7 0.35 0.0 0 7.8 21 170 M M 8 13 24 170
11 73 58 66 -2 0 1 0.00 0.0 0 7.9 16 60 M M 8 8 23 90
12 66 41 54 -14 11 0 0.29 0.0 0 8.9 22 50 M M 9 1 30 50
13 71 39 55 -13 10 0 0.00 0.0 0 7.0 16 30 M M 3 29 30
14 74 41 58 -10 7 0 T 0.0 0 4.0 13 360 M M 4 20 30
15 77 43 60 -9 5 0 0.00 0.0 0 3.5 8 120 M M 4 1 16 100
16 80 56 68 -1 0 3 0.00 0.0 0 4.8 14 60 M M 7 20 20
17 80 58 69 0 0 4 0.00 0.0 0 5.8 14 80 M M 7 24 90
18 75 61 68 -2 0 3 0.00 0.0 0 4.6 12 80 M M 9 18 18 90
19 83 59 71 1 0 6 0.00 0.0 0 5.5 13 140 M M 7 8 23 100
20 84 56 70 0 0 5 0.00 0.0 0 4.2 15 130 M M 5 1 20 310
21 84 56 70 0 0 5 0.00 0.0 0 7.0 16 40 M M 3 1 26 80
22 86 52 69 -1 0 4 0.00 0.0 0 2.7 10 210 M M 7 18 13 210
23 91 60 76 5 0 11 0.00 0.0 0 4.9 16 10 M M 5 18 23 40
24 93 63 78 7 0 13 0.00 0.0 0 5.1 13 100 M M 5 8 16 110
25 89 71 80 9 0 15 0.00 0.0 0 6.7 24 190 M M 6 18 30 190
26 93 68 81 9 0 16 0.02 0.0 0 6.3 18 210 M M 4 1 24 240
27 92 63 78 6 0 13 0.00 0.0 0 4.5 14 210 M M 4 18 18 210
28 91 69 80 8 0 15 0.14 0.0 0 10.0 26 250 M M 6 1 39 250
29 86 61 74 2 0 9 0.01 0.0 0 9.6 23 30 M M 8 31 30
30 74 54 64 -9 1 0 0.00 0.0 0 8.8 21 30 M M 7 27 30
31 78 52 65 -8 0 0 0.00 0.0 0 4.1 12 130 M M 6 18 120
================================================================================
SM 2498 1734 53 161 1.81 0.0 204.3 M 186
================================================================================
AV 80.6 55.9 6.6 FASTST M M 6 MAX(MPH)
MISC ----> # 26 200 39 250
================================================================================
NOTES:
# LAST OF SEVERAL OCCURRENCES
COLUMN 17 PEAK WIND IN M.P.H.
PRELIMINARY LOCAL CLIMATOLOGICAL DATA (WS FORM: F-6) , PAGE 2
STATION: CHARLOTTE NC
MONTH: MAY
YEAR: 2021
LATITUDE: 35 12 N
LONGITUDE: 80 57 W
[TEMPERATURE DATA] [PRECIPITATION DATA] SYMBOLS USED IN COLUMN 16
AVERAGE MONTHLY: 68.3 TOTAL FOR MONTH: 1.81 1 = FOG OR MIST
DPTR FM NORMAL: -0.7 DPTR FM NORMAL: -1.55 2 = FOG REDUCING VISIBILITY
HIGHEST: 93 ON 26,24 GRTST 24HR 0.46 ON 3- 3 TO 1/4 MILE OR LESS
LOWEST: 39 ON 13 3 = THUNDER
SNOW, ICE PELLETS, HAIL 4 = ICE PELLETS
TOTAL MONTH: 0.0 INCH 5 = HAIL
GRTST 24HR 0.0 6 = FREEZING RAIN OR DRIZZLE
GRTST DEPTH: 0 7 = DUSTSTORM OR SANDSTORM:
VSBY 1/2 MILE OR LESS
8 = SMOKE OR HAZE
[NO. OF DAYS WITH] [WEATHER - DAYS WITH] 9 = BLOWING SNOW
X = TORNADO
MAX 32 OR BELOW: 0 0.01 INCH OR MORE: 9
MAX 90 OR ABOVE: 5 0.10 INCH OR MORE: 6
MIN 32 OR BELOW: 0 0.50 INCH OR MORE: 0
MIN 0 OR BELOW: 0 1.00 INCH OR MORE: 0
[HDD (BASE 65) ]
TOTAL THIS MO. 53 CLEAR (SCALE 0-3) 3
DPTR FM NORMAL 14 PTCLDY (SCALE 4-7) 24
TOTAL FM JUL 1 2805 CLOUDY (SCALE 8-10) 4
DPTR FM NORMAL -252
[CDD (BASE 65) ]
TOTAL THIS MO. 161
DPTR FM NORMAL -4 [PRESSURE DATA]
TOTAL FM JAN 1 219 HIGHEST SLP 30.48 ON 21
DPTR FM NORMAL -5 LOWEST SLP 29.70 ON 29
[REMARKS]
#FINAL-05-21#