000
CXUS52 KGSP 010941
CF6CLT
PRELIMINARY LOCAL CLIMATOLOGICAL DATA (WS FORM: F-6)
STATION: CHARLOTTE NC
MONTH: NOVEMBER
YEAR: 2020
LATITUDE: 35 12 N
LONGITUDE: 80 57 W
TEMPERATURE IN F: :PCPN: SNOW: WIND :SUNSHINE: SKY :PK WND
================================================================================
1 2 3 4 5 6A 6B 7 8 9 10 11 12 13 14 15 16 17 18
12Z AVG MX 2MIN
DY MAX MIN AVG DEP HDD CDD WTR SNW DPTH SPD SPD DIR MIN PSBL S-S WX SPD DR
================================================================================
1 65 49 57 2 8 0 0.40 0.0 0 6.9 24 310 M M 7 1 34 320
2 57 33 45 -10 20 0 0.00 0.0 0 5.4 21 340 M M 1 29 330
3 67 31 49 -6 16 0 0.00 0.0 0 2.5 10 350 M M 2 12 350
4 69 36 53 -1 12 0 0.00 0.0 0 2.1 9 140 M M 0 15 100
5 72 36 54 0 11 0 0.00 0.0 0 2.4 7 20 M M 4 1 10 30
6 76 50 63 9 2 0 0.00 0.0 0 5.2 10 60 M M 5 1 18 80
7 79 55 67 13 0 2 0.00 0.0 0 5.5 10 40 M M 5 19 80
8 79 55 67 14 0 2 0.00 0.0 0 7.4 14 80 M M 5 1 23 70
9 76 58 67 14 0 2 T 0.0 0 8.1 14 80 M M 5 8 24 40
10 76 64 70 17 0 5 T 0.0 0 6.6 13 100 M M 9 19 80
11 82 70 76 24 0 11 0.38 0.0 0 9.8 16 190 M M 10 1 22 180
12 73 64 69 17 0 4 4.62 0.0 0 8.1 16 80 M M 10 13 23 80
13 73 56 65 13 0 0 T 0.0 0 5.0 12 360 M M 7 1 18 10
14 66 48 57 6 8 0 0.00 0.0 0 6.6 10 130 M M 5 8 19 100
15 72 53 63 12 2 0 0.00 0.0 0 9.1 20 210 M M 8 128 28 220
16 65 37 51 0 14 0 0.00 0.0 0 4.6 12 320 M M 0 8 16 320
17 64 35 50 0 15 0 0.00 0.0 0 5.7 21 290 M M 0 27 330
18 55 28 42 -8 23 0 0.00 0.0 0 5.6 18 10 M M 0 24 350
19 58 30 44 -6 21 0 0.00 0.0 0 2.2 10 170 M M 0 13 140
20 70 32 51 2 14 0 0.00 0.0 0 3.5 14 200 M M 0 19 200
21 73 41 57 8 8 0 0.00 0.0 0 1.4 7 140 M M 2 1 12 120
22 67 39 53 4 12 0 0.00 0.0 0 4.3 13 160 M M 7 18 16 160
23 64 45 55 7 10 0 0.00 0.0 0 7.1 15 330 M M 2 12 20 30
24 55 32 44 -4 21 0 0.00 0.0 0 5.3 13 40 M M 5 17 100
25 63 43 53 5 12 0 T 0.0 0 4.6 9 350 M M 9 1 13 160
26 71 54 63 15 2 0 0.03 0.0 0 5.3 15 210 M M 7 1 18 200
27 70 53 62 15 3 0 0.00 0.0 0 3.1 8 210 M M 8 12 10 280
28 70 45 58 11 7 0 0.02 0.0 0 2.8 10 140 M M 5 1 15 70
29 61 37 49 3 16 0 0.54 0.0 0 4.9 14 70 M M 7 1 21 70
30 64 42 53 7 12 0 0.68 0.0 0 9.0 24 190 M M 9 1 32 180
================================================================================
SM 2052 1351 269 26 6.67 0.0 160.1 M 144
================================================================================
AV 68.4 45.0 5.3 FASTST M M 5 MAX(MPH)
MISC ----> # 24 310 34 320
================================================================================
NOTES:
# LAST OF SEVERAL OCCURRENCES
COLUMN 17 PEAK WIND IN M.P.H.
PRELIMINARY LOCAL CLIMATOLOGICAL DATA (WS FORM: F-6) , PAGE 2
STATION: CHARLOTTE NC
MONTH: NOVEMBER
YEAR: 2020
LATITUDE: 35 12 N
LONGITUDE: 80 57 W
[TEMPERATURE DATA] [PRECIPITATION DATA] SYMBOLS USED IN COLUMN 16
AVERAGE MONTHLY: 56.7 TOTAL FOR MONTH: 6.67 1 = FOG OR MIST
DPTR FM NORMAL: 5.9 DPTR FM NORMAL: 3.53 2 = FOG REDUCING VISIBILITY
HIGHEST: 82 ON 11 GRTST 24HR 4.62 ON 11-12 TO 1/4 MILE OR LESS
LOWEST: 28 ON 18 3 = THUNDER
SNOW, ICE PELLETS, HAIL 4 = ICE PELLETS
TOTAL MONTH: 0.0 INCH 5 = HAIL
GRTST 24HR 0.0 6 = FREEZING RAIN OR DRIZZLE
GRTST DEPTH: 0 7 = DUSTSTORM OR SANDSTORM:
VSBY 1/2 MILE OR LESS
8 = SMOKE OR HAZE
[NO. OF DAYS WITH] [WEATHER - DAYS WITH] 9 = BLOWING SNOW
X = TORNADO
MAX 32 OR BELOW: 0 0.01 INCH OR MORE: 7
MAX 90 OR ABOVE: 0 0.10 INCH OR MORE: 5
MIN 32 OR BELOW: 5 0.50 INCH OR MORE: 3
MIN 0 OR BELOW: 0 1.00 INCH OR MORE: 1
[HDD (BASE 65) ]
TOTAL THIS MO. 269 CLEAR (SCALE 0-3) 10
DPTR FM NORMAL -161 PTCLDY (SCALE 4-7) 15
TOTAL FM JUL 1 371 CLOUDY (SCALE 8-10) 5
DPTR FM NORMAL -266
[CDD (BASE 65) ]
TOTAL THIS MO. 26
DPTR FM NORMAL 22 [PRESSURE DATA]
TOTAL FM JAN 1 1886 HIGHEST SLP 30.67 ON 19
DPTR FM NORMAL 369 LOWEST SLP 29.46 ON 30
[REMARKS]
#FINAL-11-20#