000
CXUS53 KILX 010900
CF6CMI
PRELIMINARY LOCAL CLIMATOLOGICAL DATA (WS FORM: F-6)
STATION: CHAMPAIGN IL AIRPORT
MONTH: APRIL
YEAR: 2022
LATITUDE: 40 1 N
LONGITUDE: 88 17 W
TEMPERATURE IN F: :PCPN: SNOW: WIND :SUNSHINE: SKY :PK WND
================================================================================
1 2 3 4 5 6A 6B 7 8 9 10 11 12 13 14 15 16 17 18
12Z AVG MX 2MIN
DY MAX MIN AVG DEP HDD CDD WTR SNW DPTH SPD SPD DIR MIN PSBL S-S WX SPD DR
================================================================================
1 45 33 39 -9 26 0 0.00 M M 8.5 20 280 M M 7 25 290
2 52 30 41 -7 24 0 T M M 13.5 33 290 M M 4 41 280
3 59 31 45 -3 20 0 T M M 7.8 17 300 M M 3 1 26 280
4 61 35 48 -1 17 0 0.02 M M 12.1 24 220 M M 5 32 220
5 55 34 45 -4 20 0 0.21 M M 11.5 22 160 M M 6 1 31 160
6 60 42 51 2 14 0 0.39 M M 16.0 28 240 M M 9 1 39 230
7 49 38 44 -6 21 0 0.05 M M 17.7 30 250 M M 9 39 250
8 42 34 38 -12 27 0 0.06 M M 15.7 24 280 M M 10 1 30 300
9 51 33 42 -8 23 0 0.00 M M 10.4 22 320 M M 5 1 27 310
10 68 31 50 -1 15 0 0.00 M M 17.7 32 130 M M 1 42 130
11 64 45 55 4 10 0 T M M 7.7 21 180 M M 7 3 27 190
12 68 42 55 3 10 0 0.00 M M 17.1 26 170 M M 4 38 160
13 67 37 52 0 13 0 0.85 M M 18.6 33 200 M M 7 1 44 200
14 58 34 46 -6 19 0 0.00 M M 17.9 38 250 M M 0 54 250
15 68 38 53 0 12 0 0.01 M M 12.3 33 230 M M 5 46 230
16 56 36 46 -7 19 0 0.00 M M 13.5 25 300 M M 2 33 300
17 51 32 42 -11 23 0 0.14 M M 12.5 22 90 M M 3 1 30 90
18 47 35 41 -13 24 0 0.07 M M 16.6 32 280 M M 10 1 44 290
19 52 30 41 -13 24 0 0.00 M M 9.4 17 270 M M 4 23 270
20 59 43 51 -3 14 0 0.18 M M 17.4 30 180 M M 10 1 41 190
21 73 52 63 8 2 0 0.04 M M 9.2 23 200 M M 5 1 32 200
22 81 50 66 11 0 1 0.08 M M 14.7 26 170 M M 4 13 38 180
23 85 61 73 17 0 8 0.00 M M 21.2 37 180 M M 0 48 170
24 79 59 69 13 0 4 0.56 M M 17.8 36 190 M M 7 13 44 200
25 60 38 49 -7 16 0 T M M 12.5 23 300 M M 7 40 310
26 57 35 46 -11 19 0 0.00 M M 11.7 22 290 M M 1 30 270
27 66 35 51 -6 14 0 0.00 M M 11.0 22 60 M M 2 27 60
28 64 44 54 -3 11 0 0.02 M M 12.3 20 120 M M 7 25 130
29 73 53 63 5 2 0 T M M 15.1 24 120 M M 8 31 120
30 78 54 66 8 0 1 0.53 M M 19.2 37 180 M M 7 13 49 180
================================================================================
SM 1848 1194 439 14 3.21 M 418.6 M 159
================================================================================
AV 61.6 39.8 14.0 FASTST M M 5 MAX(MPH)
MISC ----> 38 250 54 250
================================================================================
NOTES:
# LAST OF SEVERAL OCCURRENCES
COLUMN 17 PEAK WIND IN M.P.H.
PRELIMINARY LOCAL CLIMATOLOGICAL DATA (WS FORM: F-6) , PAGE 2
STATION: CHAMPAIGN IL AIRPORT
MONTH: APRIL
YEAR: 2022
LATITUDE: 40 1 N
LONGITUDE: 88 17 W
[TEMPERATURE DATA] [PRECIPITATION DATA] SYMBOLS USED IN COLUMN 16
AVERAGE MONTHLY: 50.7 TOTAL FOR MONTH: 3.21 1 = FOG OR MIST
DPTR FM NORMAL: -2.1 DPTR FM NORMAL: -0.47 2 = FOG REDUCING VISIBILITY
HIGHEST: 85 ON 23 GRTST 24HR 0.85 ON 13-13 TO 1/4 MILE OR LESS
LOWEST: 30 ON 19, 2 3 = THUNDER
SNOW, ICE PELLETS, HAIL 4 = ICE PELLETS
TOTAL MONTH: M 5 = HAIL
GRTST 24HR M ON M 6 = FREEZING RAIN OR DRIZZLE
GRTST DEPTH: M ON M 7 = DUSTSTORM OR SANDSTORM:
VSBY 1/2 MILE OR LESS
8 = SMOKE OR HAZE
[NO. OF DAYS WITH] [WEATHER - DAYS WITH] 9 = BLOWING SNOW
X = TORNADO
MAX 32 OR BELOW: 0 0.01 INCH OR MORE: 15
MAX 90 OR ABOVE: 0 0.10 INCH OR MORE: 7
MIN 32 OR BELOW: 5 0.50 INCH OR MORE: 3
MIN 0 OR BELOW: 0 1.00 INCH OR MORE: 0
[HDD (BASE 65) ]
TOTAL THIS MO. 439 CLEAR (SCALE 0-3) 7
DPTR FM NORMAL 61 PTCLDY (SCALE 4-7) 18
TOTAL FM JUL 1 5180 CLOUDY (SCALE 8-10) 5
DPTR FM NORMAL -263
[CDD (BASE 65) ]
TOTAL THIS MO. 14
DPTR FM NORMAL 2 [PRESSURE DATA]
TOTAL FM JAN 1 14 HIGHEST SLP 30.40 ON 22
DPTR FM NORMAL 0 LOWEST SLP 29.46 ON 13
[REMARKS]
#FINAL-04-22#