000
CXUS53 KILX 012300
CF6CMI
PRELIMINARY LOCAL CLIMATOLOGICAL DATA (WS FORM: F-6)
STATION: CHAMPAIGN IL AIRPORT
MONTH: MARCH
YEAR: 2020
LATITUDE: 40 1 N
LONGITUDE: 88 17 W
TEMPERATURE IN F: :PCPN: SNOW: WIND :SUNSHINE: SKY :PK WND
================================================================================
1 2 3 4 5 6A 6B 7 8 9 10 11 12 13 14 15 16 17 18
12Z AVG MX 2MIN
DY MAX MIN AVG DEP HDD CDD WTR SNW DPTH SPD SPD DIR MIN PSBL S-S WX SPD DR
================================================================================
1 59 30 45 10 20 0 0.09 M M 16.7 32 190 M M 2 1 42 200
2 51 39 45 10 20 0 0.46 M M 8.9 28 200 M M 7 13 39 200
3 54 30 42 6 23 0 0.00 M M 12.3 32 280 M M 4 1 41 280
4 51 30 41 5 24 0 0.00 M M 9.9 21 330 M M 2 29 340
5 57 27 42 6 23 0 0.00 M M 16.8 31 230 M M 3 40 280
6 43 25 34 -3 31 0 T M M 18.2 32 330 M M 6 1 43 310
7 52 19 36 -1 29 0 0.00 M M 10.4 20 190 M M 0 27 160
8 65 33 49 11 16 0 0.00 M M 18.5 30 190 M M 1 40 190
9 60 45 53 15 12 0 0.61 M M 21.2 33 180 M M 7 1 44 170
10 57 39 48 10 17 0 0.07 M M 10.5 25 290 M M 10 1 33 300
11 43 39 41 2 24 0 0.00 M M 6.6 14 210 M M 10 1 17 220
12 55 40 48 9 17 0 0.12 M M 11.5 30 320 M M 10 12 39 310
13 49 31 40 0 25 0 0.00 M M 11.5 31 320 M M 1 41 310
14 41 31 36 -4 29 0 0.25 M M 13.1 21 30 M M 10 12 29 30
15 43 30 37 -3 28 0 0.00 M M 10.0 16 70 M M 5 22 50
16 41 32 37 -4 28 0 0.03 M M 7.2 14 300 M M 9 1 17 290
17 50 37 44 3 21 0 0.00 M M 7.3 16 300 M M 4 1 22 310
18 47 37 42 0 23 0 0.42 M M 7.0 17 110 M M 8 12 22 120
19 65 42 54 12 11 0 0.51 M M 14.9 29 150 M M 7 12 37 150
20 65 31 48 6 17 0 T M M 17.5 29 320 M M 8 1 38 310
21 33 27 30 -13 35 0 0.00 M M 9.4 17 30 M M 8 23 10
22 33 26 30 -13 35 0 0.08 M M 10.2 20 70 M M 8 126 25 70
23 42 33 38 -5 27 0 0.00 M M 5.3 14 320 M M 10 1 18 340
24 44 35 40 -4 25 0 0.04 M M 9.0 18 50 M M 9 1 23 40
25 58 36 47 3 18 0 0.00 M M 8.3 18 180 M M 6 12 24 200
26 60 39 50 6 15 0 0.02 M M 10.7 18 50 M M 6 18 25 120
27 60 44 52 7 13 0 M M M 12.9 23 60 M M 8 1 29 80
28 69 60 65 20 0 0 0.13 M M 14.6 26 190 M M 6 13 37 190
29 63 45 54 8 11 0 T M M 23.4 37 240 M M 5 52 250
30 61 35 48 2 17 0 0.00 M M 12.7 23 290 M M 0 31 290
31 45 35 40 -6 25 0 0.00 M M 10.2 17 360 M M 7 23 350
================================================================================
SM 1616 1082 659 0 2.83 M 376.7 M 187
================================================================================
AV 52.1 34.9 12.2 FASTST M M 6 MAX(MPH)
MISC ----> # 37 240 # 52 250
================================================================================
NOTES:
# LAST OF SEVERAL OCCURRENCES
COLUMN 17 PEAK WIND IN M.P.H.
PRELIMINARY LOCAL CLIMATOLOGICAL DATA (WS FORM: F-6) , PAGE 2
STATION: CHAMPAIGN IL AIRPORT
MONTH: MARCH
YEAR: 2020
LATITUDE: 40 1 N
LONGITUDE: 88 17 W
[TEMPERATURE DATA] [PRECIPITATION DATA] SYMBOLS USED IN COLUMN 16
AVERAGE MONTHLY: 43.5 TOTAL FOR MONTH: 2.83 1 = FOG OR MIST
DPTR FM NORMAL: 2.9 DPTR FM NORMAL: 0.08 2 = FOG REDUCING VISIBILITY
HIGHEST: 69 ON 28 GRTST 24HR 0.61 ON 9- 9 TO 1/4 MILE OR LESS
LOWEST: 19 ON 7 3 = THUNDER
SNOW, ICE PELLETS, HAIL 4 = ICE PELLETS
TOTAL MONTH: M 5 = HAIL
GRTST 24HR M ON M 6 = FREEZING RAIN OR DRIZZLE
GRTST DEPTH: M ON M 7 = DUSTSTORM OR SANDSTORM:
VSBY 1/2 MILE OR LESS
8 = SMOKE OR HAZE
[NO. OF DAYS WITH] [WEATHER - DAYS WITH] 9 = BLOWING SNOW
X = TORNADO
MAX 32 OR BELOW: 0 0.01 INCH OR MORE: 13
MAX 90 OR ABOVE: 0 0.10 INCH OR MORE: 7
MIN 32 OR BELOW: 13 0.50 INCH OR MORE: 2
MIN 0 OR BELOW: 0 1.00 INCH OR MORE: 0
[HDD (BASE 65) ]
TOTAL THIS MO. 659 CLEAR (SCALE 0-3) 7
DPTR FM NORMAL -97 PTCLDY (SCALE 4-7) 14
TOTAL FM JUL 1 4928 CLOUDY (SCALE 8-10) 10
DPTR FM NORMAL -330
[CDD (BASE 65) ]
TOTAL THIS MO. 0
DPTR FM NORMAL -1 [PRESSURE DATA]
TOTAL FM JAN 1 0 HIGHEST SLP 30.63 ON 15
DPTR FM NORMAL -1 LOWEST SLP 29.53 ON 29
[REMARKS]
#FINAL-03-20#