000
CXUS53 KILX 011615
CLSCMI
CLIMATE REPORT
NATIONAL WEATHER SERVICE LINCOLN IL
1015 AM CST WED DEC 01 2021
...................................
...THE CHAMPAIGN IL AIRPORT CLIMATE SUMMARY FOR THE SEASON, FROM
9/1/2021 TO 11/30/2021...
CLIMATE NORMAL PERIOD 1991 TO 2020
CLIMATE RECORD PERIOD 9999 TO 9999
WEATHER OBSERVED NORMAL DEPART LAST YEAR`S
VALUE DATE(S) VALUE FROM VALUE
NORMAL
..............................................................
TEMPERATURE (F)
RECORD
HIGH MM MM
LOW MM MM
HIGHEST 92 09/19 MM MM 87
09/27
LOWEST 17 11/26 MM MM 18
AVG. MAXIMUM 67.5 66.0 1.5 66.7
AVG. MINIMUM 46.1 43.3 2.8 42.7
MEAN 56.8 54.6 2.2 54.7
DAYS MAX >= 90 5 3.9 1.1 0
DAYS MAX <= 32 1 1.3 -0.3 0
DAYS MIN <= 32 20 20.6 -0.6 22
DAYS MIN <= 0 0 0.0 0.0 0
PRECIPITATION (INCHES)
RECORD
MAXIMUM MM MM
MINIMUM MM MM
TOTALS 10.91 8.98 1.93 6.96
DAILY AVG. 0.12 0.08
DAYS >= .01 30 27.6 2.4 31
DAYS >= .10 20 15.5 4.5 17
DAYS >= .50 6 6.3 -0.3 4
DAYS >= 1.00 2 2.2 -0.2 1
GREATEST
24 HR. TOTAL 2.64 10/24 TO 10/25 1.15
DEGREE DAYS
HEATING TOTAL 982 1097 -115 1019
SINCE 7/1 984 1104 -120 MM
COOLING TOTAL 257 150 107 115
SINCE 1/1 1277 1054 223 MM
FREEZE DATES
RECORD
EARLIEST MM
LATEST MM
EARLIEST 11/01
LATEST 04/22
..............................................................
WIND (MPH)
AVERAGE WIND SPEED 9.5
HIGHEST WIND SPEED/DIRECTION 35/270 DATE 11/12
HIGHEST GUST SPEED/DIRECTION 45/290 DATE 11/14
SKY COVER
POSSIBLE SUNSHINE (PERCENT) MM
AVERAGE SKY COVER 0.35
NUMBER OF DAYS FAIR 52
NUMBER OF DAYS PC 23
NUMBER OF DAYS CLOUDY 16
AVERAGE RH (PERCENT) 71
WEATHER CONDITIONS. NUMBER OF DAYS WITH
THUNDERSTORM 6 MIXED PRECIP 0
HEAVY RAIN 10 RAIN 16
LIGHT RAIN 35 FREEZING RAIN 0
LT FREEZING RAIN 0 HAIL 0
HEAVY SNOW 0 SNOW 0
LIGHT SNOW 2 SLEET 0
FOG 44 FOG W/VIS <= 1/4 MILE 6
HAZE 12
- INDICATES NEGATIVE NUMBERS.
R INDICATES RECORD WAS SET OR TIED.
MM INDICATES DATA IS MISSING.
T INDICATES TRACE AMOUNT.
$$